{"id":52,"date":"2023-06-30T09:17:26","date_gmt":"2023-06-30T12:17:26","guid":{"rendered":"https:\/\/congresos.unlp.edu.ar\/gaps2\/?page_id=52"},"modified":"2023-07-14T03:06:08","modified_gmt":"2023-07-14T06:06:08","slug":"informacion-2","status":"publish","type":"page","link":"https:\/\/congresos.unlp.edu.ar\/gaps2\/informacion-2\/","title":{"rendered":"Informaci\u00f3n"},"content":{"rendered":"<h1>Ciudad de La Plata<\/h1>\n<p><b>La Plata<\/b> \u200b es una ciudad de\u00a0Argentina, capital de la\u00a0provincia de Buenos Aires. Se ubica a 56\u00a0km\u00a0al sudeste de la\u00a0Ciudad de Buenos Aires. Es el principal centro pol\u00edtico, administrativo y educativo de la provincia de Buenos Aires. \u200bEs el centro del aglomerado urbano del\u00a0Gran La Plata, compuesto por las zonas urbanas de los partidos de La Plata,\u00a0Berisso\u00a0y\u00a0Ensenada, y que se constituye como el\u00a0sexto m\u00e1s poblado del pa\u00eds.<sup id=\"cite_ref-6\" class=\"reference separada\"><\/sup>\u200b<\/p>\n<p>Fue fundada por el gobernador\u00a0Dardo Rocha el 19 de noviembre de 1882 y su construcci\u00f3n fue documentada fotogr\u00e1ficamente por Tom\u00e1s Bradley.\u200b Se destaca su trazado urbano, reconocida como una ciudad planificada. En el casco urbano -un cuadrado perfecto- se destacan las diagonales que lo cruzan, adem\u00e1s de sus parques y plazas distribuidas cada seis cuadras.<\/p>\n<div class=\"su-youtube su-u-responsive-media-yes\"><iframe loading=\"lazy\" width=\"600\" height=\"400\" src=\"https:\/\/www.youtube.com\/embed\/2Gf0E7CcxvU?autohide=2&amp;autoplay=0&amp;mute=0&amp;controls=1&amp;fs=1&amp;loop=0&amp;modestbranding=0&amp;rel=1&amp;showinfo=1&amp;theme=dark&amp;wmode=&amp;playsinline=0\" frameborder=\"0\" allowfullscreen allow=\"autoplay; encrypted-media; picture-in-picture\" title=\"\"><\/iframe><\/div>\n<p>En esta oportunidad volvemos al Edificio Sergio Karakachoff, donde realizamos la primera edici\u00f3n de GAPS en el a\u00f1o 2017. El siguiente video sintetiza lo ocurrido en aquel entonces:<\/p>\n<div class=\"su-youtube su-u-responsive-media-yes\"><iframe loading=\"lazy\" width=\"600\" height=\"400\" src=\"https:\/\/www.youtube.com\/embed\/5uwQX13xxbc?autohide=2&amp;autoplay=0&amp;mute=0&amp;controls=1&amp;fs=1&amp;loop=0&amp;modestbranding=0&amp;rel=1&amp;showinfo=1&amp;theme=dark&amp;wmode=&amp;playsinline=0\" frameborder=\"0\" allowfullscreen allow=\"autoplay; encrypted-media; picture-in-picture\" title=\"\"><\/iframe><\/div>\n<h2>Hospedaje<\/h2>\n<h4>APART VIA 51\u00a0|\u00a0Apart Hotel<br \/>\nDirecci\u00f3n:\u00a0AV 51 N 1162<br \/>\nTel\u00e9fono:\u00a0(0221) 453-5730<br \/>\nweb:\u00a0<a href=\"http:\/\/%20www.apartvia51.com.ar\/\">www.apartvia51.com.ar<\/a><br \/>\ncorreo:\u00a0\u00a0apartvia51@gmail.com<\/h4>\n<h4>VENDRAS ALGUNA VEZ \u00a0|\u00a0Bed&amp;Breakfast<br \/>\nDirecci\u00f3n:\u00a02 N 1029 E\/ 53 y 54<br \/>\nTel\u00e9fono:\u00a0(0221) 424-3769<br \/>\nweb:\u00a0www.vendrasalgunavez.com.ar<br \/>\ncorreo:\u00a0\u00a0info@vendrasalgunavez.com.ar<\/h4>\n<h4>FRANKVILLE\u00a0|\u00a0Hostel<br \/>\nDirecci\u00f3n:\u00a046 N 781<br \/>\nTel\u00e9fono:\u00a0(0221) 482-3100<br \/>\nweb:\u00a0<a href=\"http:\/\/www.frankville.com.ar\/\">www.frankville.com.ar<\/a><br \/>\ncorreo:\u00a0\u00a0infro@frankville.com.ar<\/h4>\n<h4>HOSTEL DEL BOSQUE\u00a0|\u00a0Hostel<br \/>\nDirecci\u00f3n:\u00a054 N 460<br \/>\nTel\u00e9fono:\u00a0(0221) 489-0236<br \/>\nweb:\u00a0<a href=\"https:\/\/blogs.ead.unlp.edu.ar\/jornadaspracticasdocentes\/alojamientos\/www.hosteldelbosque.com.ar\">www.hosteldelbosque.com.ar<\/a><br \/>\ncorreo:\u00a0\u00a0info@hosteldelbosque.com.ar<\/h4>\n<h4>HOSTEL UNO\u00a0|\u00a0Hostel<br \/>\nDirecci\u00f3n:\u00a0CALLE 47 N 291<br \/>\nTel\u00e9fono:\u00a0(0221) 427-7013<br \/>\nweb:\u00a0<a href=\"https:\/\/blogs.ead.unlp.edu.ar\/jornadaspracticasdocentes\/alojamientos\/www.hosteluno.com\">www.hosteluno.com<\/a><br \/>\ncorreo:\u00a0\u00a0info@hosteluno.com<\/h4>\n<h4>LA PLATA HOSTEL\u00a0|\u00a0Hostel<br \/>\nDirecci\u00f3n:\u00a050 N 1066<br \/>\nTel\u00e9fono:\u00a0(0221) 457-1424<br \/>\nweb:\u00a0<a href=\"https:\/\/blogs.ead.unlp.edu.ar\/jornadaspracticasdocentes\/alojamientos\/www.laplata-hostel.com.ar\">www.laplata-hostel.com.ar<\/a><br \/>\ncorreo:\u00a0\u00a0info@laplata-hostel.com.ar<\/h4>\n<h4>QUUKO HOSTEL\u00a0|\u00a0Hostel<br \/>\nDirecci\u00f3n:\u00a0Calle 11 n\u00ba 1075 entre 54 y 55<br \/>\nTel\u00e9fono:\u00a0(0221 424 0415\/ 0664)<br \/>\ncorreo: quukohostellaplata@hotmail.com<\/h4>\n<h4>CORREGIDOR\u00a0|\u00a0Hotel<br \/>\nDirecci\u00f3n:\u00a06 N 1026<br \/>\nTel\u00e9fono:\u00a0(0221) 425-6800<br \/>\nweb:\u00a0<a href=\"https:\/\/blogs.ead.unlp.edu.ar\/jornadaspracticasdocentes\/alojamientos\/www.hotelcorregidor.com.ar\">www.hotelcorregidor.com.ar<\/a><br \/>\ncorreo:\u00a0\u00a0informes@hotelcorregidor.com.ar<\/h4>\n<h4>ARGENTINO LA PLATA\u00a0|\u00a0Hotel<br \/>\nDirecci\u00f3n:\u00a046 N 536<br \/>\nTel\u00e9fono:\u00a0(0221) 423-4111<br \/>\nweb:\u00a0www.hotelargentino.com<br \/>\ncorreo:\u00a0\u00a0info@hotelargentino.com<\/h4>\n<h4>HOTEL DEL SOL\u00a0|\u00a0Hotel<br \/>\nDirecci\u00f3n:\u00a010 N\u00ba 1061<br \/>\nTel\u00e9fono:\u00a0(0221) 421-6185 \/ 427-2049<br \/>\nweb:\u00a0<a href=\"https:\/\/blogs.ead.unlp.edu.ar\/jornadaspracticasdocentes\/alojamientos\/www.hoteldelsol-laplata.com.ar\">www.hoteldelsol-laplata.com.ar<\/a><br \/>\ncorreo:\u00a0\u00a0hotel-delsol@speedy.com.ar<\/h4>\n<h4>LA PLATA\u00a0|\u00a0Hotel<br \/>\nDirecci\u00f3n:\u00a051 N\u00ba 783<br \/>\nTel\u00e9fono:\u00a0(0221) 4229090<br \/>\nweb:\u00a0www.weblaplatahotel.com.ar<br \/>\ncorreo:\u00a0\u00a0laplatah@speedy.com.ar<\/h4>\n<h4>SAN MARCO HOTEL\u00a0|\u00a0Hotel<br \/>\nDirecci\u00f3n:\u00a054 N\u00ba 523<br \/>\nTel\u00e9fono:\u00a0(0221) 4229322<br \/>\nweb:\u00a0<a href=\"https:\/\/blogs.ead.unlp.edu.ar\/jornadaspracticasdocentes\/alojamientos\/www.sanmarcohotel.com.ar\">www.sanmarcohotel.com.ar<\/a><br \/>\ncorreo:\u00a0\u00a0reservas@sanmarcohotel.com.ar<\/h4>\n<h4>DIAMANTE\u00a0|\u00a0Hotel<br \/>\nDirecci\u00f3n:\u00a041 N 565<br \/>\nTel\u00e9fono:\u00a0(0221) 482-7912<br \/>\nweb:http:\u00a0<a href=\"http:\/\/www.diamantehotel.com.ar\/\">www.diamantehotel.com.ar<\/a><br \/>\ncorreo: diamantehotel@hotmail.com<\/h4>\n<h4>HOTEL SUE\u00d1OS\u00a0|\u00a0Hotel<br \/>\nDirecci\u00f3n:\u00a042 N 387 2 Y 3<br \/>\nTel\u00e9fono:\u00a0(0221) 423-0270<br \/>\ncorreo: hotelsuenios@yahoo.com.ar<\/h4>\n<h4>ROGA\u00a0|\u00a0Hotel<br \/>\nDirecci\u00f3n:\u00a054 N 334<br \/>\nTel\u00e9fono:\u00a0(0221) 4219553<br \/>\nweb:\u00a0<a href=\"http:\/\/www.hotelroga.com.ar\/\">www.hotelroga.com.ar<\/a><br \/>\ncorreo:\u00a0\u00a0info@hotelroga.com.ar<\/h4>\n<h4>HOTEL PLAZA\u00a0|\u00a0Hotel<br \/>\nDirecci\u00f3n:\u00a0CALLE 44 N 358<br \/>\nTel\u00e9fono:\u00a0(0221) 424-3109<\/h4>\n<h4>SAINT JAMES\u00a0|\u00a0Hotel<br \/>\nDirecci\u00f3n:\u00a060 N 377<br \/>\nTel\u00e9fono:\u00a0(0221) 421-8089<br \/>\ncorreo: contacto@hotelsj.com.ar<\/h4>\n<h4>GARCIA\u00a0|\u00a0Residencial<br \/>\nDirecci\u00f3n:\u00a02 N 525 E\/ 42 Y 43<\/h4>\n<h4>AVENIDA\u00a0|\u00a0Residencial<br \/>\nDirecci\u00f3n:\u00a0CALLE 13 N 1447<br \/>\nTel\u00e9fono:\u00a0(0221) 451-0195<br \/>\nweb:\u00a0<a href=\"http:\/\/www.hotelavenida.com.ar\/\">www.hotelavenida.com.ar<\/a><br \/>\ncorreo: info@hotelavenida.com.ar<\/h4>\n<h4>HOTEL NOVA ESTRELLA\u00a0|\u00a0Residencial<br \/>\nDirecci\u00f3n:\u00a0CALLE 1 N 1865 1\/2<br \/>\nTel\u00e9fono:\u00a0(0221) 483-6497<br \/>\nweb:\u00a0<a href=\"http:\/\/www.hotelnovaestrella.com.ar\/\">www.hotelnovaestrella.com.ar<\/a><br \/>\ncorreo:\u00a0\u00a0hotelnovaestrella@hotmail.com<\/h4>\n<h4>ROCA\u00a0|\u00a0Residencial<br \/>\nDirecci\u00f3n:\u00a042 N 309<br \/>\nTel\u00e9fono:\u00a0(0221) 423-2455<br \/>\nweb:\u00a0<a href=\"http:\/\/www.hotelroca.com.ar\/\">www.hotelroca.com.ar<\/a><br \/>\ncorreo: consultas@hotelroca.com.ar<\/h4>\n","protected":false},"excerpt":{"rendered":"<p>Ciudad de La Plata La Plata \u200b es una ciudad de\u00a0Argentina, capital de la\u00a0provincia de Buenos Aires. Se ubica a 56\u00a0km\u00a0al sudeste de la\u00a0Ciudad de Buenos Aires. Es el principal centro pol\u00edtico, administrativo y educativo de la provincia de Buenos Aires. \u200bEs el centro del aglomerado urbano del\u00a0Gran La Plata, compuesto por las zonas urbanas [&hellip;]<\/p>\n","protected":false},"author":2,"featured_media":0,"parent":0,"menu_order":0,"comment_status":"closed","ping_status":"closed","template":"","meta":{"advgb_blocks_editor_width":"","advgb_blocks_columns_visual_guide":"","footnotes":""},"class_list":["post-52","page","type-page","status-publish","hentry","post"],"aioseo_notices":[],"coauthors":[],"author_meta":{"author_link":"https:\/\/congresos.unlp.edu.ar\/gaps2\/author\/congresos\/","display_name":"congresos"},"relative_dates":{"created":"Posted 3 a\u00f1os ago","modified":"Updated 3 a\u00f1os ago"},"absolute_dates":{"created":"Posted on 30 junio, 2023","modified":"Updated on 14 julio, 2023"},"absolute_dates_time":{"created":"Posted on 30 junio, 2023 9:17 am","modified":"Updated on 14 julio, 2023 3:06 am"},"featured_img_caption":"","featured_img":false,"series_order":"","_links":{"self":[{"href":"https:\/\/congresos.unlp.edu.ar\/gaps2\/wp-json\/wp\/v2\/pages\/52","targetHints":{"allow":["GET"]}}],"collection":[{"href":"https:\/\/congresos.unlp.edu.ar\/gaps2\/wp-json\/wp\/v2\/pages"}],"about":[{"href":"https:\/\/congresos.unlp.edu.ar\/gaps2\/wp-json\/wp\/v2\/types\/page"}],"author":[{"embeddable":true,"href":"https:\/\/congresos.unlp.edu.ar\/gaps2\/wp-json\/wp\/v2\/users\/2"}],"replies":[{"embeddable":true,"href":"https:\/\/congresos.unlp.edu.ar\/gaps2\/wp-json\/wp\/v2\/comments?post=52"}],"version-history":[{"count":0,"href":"https:\/\/congresos.unlp.edu.ar\/gaps2\/wp-json\/wp\/v2\/pages\/52\/revisions"}],"wp:attachment":[{"href":"https:\/\/congresos.unlp.edu.ar\/gaps2\/wp-json\/wp\/v2\/media?parent=52"}],"curies":[{"name":"wp","href":"https:\/\/api.w.org\/{rel}","templated":true}]}}

Información

<h1>Ciudad de La Plata</h1>
<p><b>La Plata</b> ​ es una ciudad de Argentina, capital de la provincia de Buenos Aires. Se ubica a 56 km al sudeste de la Ciudad de Buenos Aires. Es el principal centro político, administrativo y educativo de la provincia de Buenos Aires. ​Es el centro del aglomerado urbano del Gran La Plata, compuesto por las zonas urbanas de los partidos de La Plata, Berisso y Ensenada, y que se constituye como el sexto más poblado del país.<sup id="cite_ref-6" class="reference separada"></sup>​</p>
<p>Fue fundada por el gobernador Dardo Rocha el 19 de noviembre de 1882 y su construcción fue documentada fotográficamente por Tomás Bradley.​ Se destaca su trazado urbano, reconocida como una ciudad planificada. En el casco urbano -un cuadrado perfecto- se destacan las diagonales que lo cruzan, además de sus parques y plazas distribuidas cada seis cuadras.</p>
<div class="su-youtube su-u-responsive-media-yes"><iframe loading="lazy" width="600" height="400" src="https://www.youtube.com/embed/2Gf0E7CcxvU?autohide=2&amp;autoplay=0&amp;mute=0&amp;controls=1&amp;fs=1&amp;loop=0&amp;modestbranding=0&amp;rel=1&amp;showinfo=1&amp;theme=dark&amp;wmode=&amp;playsinline=0" frameborder="0" allowfullscreen allow="autoplay; encrypted-media; picture-in-picture" title=""></iframe></div>
<p>En esta oportunidad volvemos al Edificio Sergio Karakachoff, donde realizamos la primera edición de GAPS en el año 2017. El siguiente video sintetiza lo ocurrido en aquel entonces:</p>
<div class="su-youtube su-u-responsive-media-yes"><iframe loading="lazy" width="600" height="400" src="https://www.youtube.com/embed/5uwQX13xxbc?autohide=2&amp;autoplay=0&amp;mute=0&amp;controls=1&amp;fs=1&amp;loop=0&amp;modestbranding=0&amp;rel=1&amp;showinfo=1&amp;theme=dark&amp;wmode=&amp;playsinline=0" frameborder="0" allowfullscreen allow="autoplay; encrypted-media; picture-in-picture" title=""></iframe></div>
<h2>Hospedaje</h2>
<h4>APART VIA 51 | Apart Hotel<br />
Dirección: AV 51 N 1162<br />
Teléfono: (0221) 453-5730<br />
web: <a href="http://%20www.apartvia51.com.ar/">www.apartvia51.com.ar</a><br />
correo:  apartvia51@gmail.com</h4>
<h4>VENDRAS ALGUNA VEZ  | Bed&amp;Breakfast<br />
Dirección: 2 N 1029 E/ 53 y 54<br />
Teléfono: (0221) 424-3769<br />
web: www.vendrasalgunavez.com.ar<br />
correo:  info@vendrasalgunavez.com.ar</h4>
<h4>FRANKVILLE | Hostel<br />
Dirección: 46 N 781<br />
Teléfono: (0221) 482-3100<br />
web: <a href="http://www.frankville.com.ar/">www.frankville.com.ar</a><br />
correo:  infro@frankville.com.ar</h4>
<h4>HOSTEL DEL BOSQUE | Hostel<br />
Dirección: 54 N 460<br />
Teléfono: (0221) 489-0236<br />
web: <a href="https://blogs.ead.unlp.edu.ar/jornadaspracticasdocentes/alojamientos/www.hosteldelbosque.com.ar">www.hosteldelbosque.com.ar</a><br />
correo:  info@hosteldelbosque.com.ar</h4>
<h4>HOSTEL UNO | Hostel<br />
Dirección: CALLE 47 N 291<br />
Teléfono: (0221) 427-7013<br />
web: <a href="https://blogs.ead.unlp.edu.ar/jornadaspracticasdocentes/alojamientos/www.hosteluno.com">www.hosteluno.com</a><br />
correo:  info@hosteluno.com</h4>
<h4>LA PLATA HOSTEL | Hostel<br />
Dirección: 50 N 1066<br />
Teléfono: (0221) 457-1424<br />
web: <a href="https://blogs.ead.unlp.edu.ar/jornadaspracticasdocentes/alojamientos/www.laplata-hostel.com.ar">www.laplata-hostel.com.ar</a><br />
correo:  info@laplata-hostel.com.ar</h4>
<h4>QUUKO HOSTEL | Hostel<br />
Dirección: Calle 11 nº 1075 entre 54 y 55<br />
Teléfono: (0221 424 0415/ 0664)<br />
correo: quukohostellaplata@hotmail.com</h4>
<h4>CORREGIDOR | Hotel<br />
Dirección: 6 N 1026<br />
Teléfono: (0221) 425-6800<br />
web: <a href="https://blogs.ead.unlp.edu.ar/jornadaspracticasdocentes/alojamientos/www.hotelcorregidor.com.ar">www.hotelcorregidor.com.ar</a><br />
correo:  informes@hotelcorregidor.com.ar</h4>
<h4>ARGENTINO LA PLATA | Hotel<br />
Dirección: 46 N 536<br />
Teléfono: (0221) 423-4111<br />
web: www.hotelargentino.com<br />
correo:  info@hotelargentino.com</h4>
<h4>HOTEL DEL SOL | Hotel<br />
Dirección: 10 Nº 1061<br />
Teléfono: (0221) 421-6185 / 427-2049<br />
web: <a href="https://blogs.ead.unlp.edu.ar/jornadaspracticasdocentes/alojamientos/www.hoteldelsol-laplata.com.ar">www.hoteldelsol-laplata.com.ar</a><br />
correo:  hotel-delsol@speedy.com.ar</h4>
<h4>LA PLATA | Hotel<br />
Dirección: 51 Nº 783<br />
Teléfono: (0221) 4229090<br />
web: www.weblaplatahotel.com.ar<br />
correo:  laplatah@speedy.com.ar</h4>
<h4>SAN MARCO HOTEL | Hotel<br />
Dirección: 54 Nº 523<br />
Teléfono: (0221) 4229322<br />
web: <a href="https://blogs.ead.unlp.edu.ar/jornadaspracticasdocentes/alojamientos/www.sanmarcohotel.com.ar">www.sanmarcohotel.com.ar</a><br />
correo:  reservas@sanmarcohotel.com.ar</h4>
<h4>DIAMANTE | Hotel<br />
Dirección: 41 N 565<br />
Teléfono: (0221) 482-7912<br />
web:http: <a href="http://www.diamantehotel.com.ar/">www.diamantehotel.com.ar</a><br />
correo: diamantehotel@hotmail.com</h4>
<h4>HOTEL SUEÑOS | Hotel<br />
Dirección: 42 N 387 2 Y 3<br />
Teléfono: (0221) 423-0270<br />
correo: hotelsuenios@yahoo.com.ar</h4>
<h4>ROGA | Hotel<br />
Dirección: 54 N 334<br />
Teléfono: (0221) 4219553<br />
web: <a href="http://www.hotelroga.com.ar/">www.hotelroga.com.ar</a><br />
correo:  info@hotelroga.com.ar</h4>
<h4>HOTEL PLAZA | Hotel<br />
Dirección: CALLE 44 N 358<br />
Teléfono: (0221) 424-3109</h4>
<h4>SAINT JAMES | Hotel<br />
Dirección: 60 N 377<br />
Teléfono: (0221) 421-8089<br />
correo: contacto@hotelsj.com.ar</h4>
<h4>GARCIA | Residencial<br />
Dirección: 2 N 525 E/ 42 Y 43</h4>
<h4>AVENIDA | Residencial<br />
Dirección: CALLE 13 N 1447<br />
Teléfono: (0221) 451-0195<br />
web: <a href="http://www.hotelavenida.com.ar/">www.hotelavenida.com.ar</a><br />
correo: info@hotelavenida.com.ar</h4>
<h4>HOTEL NOVA ESTRELLA | Residencial<br />
Dirección: CALLE 1 N 1865 1/2<br />
Teléfono: (0221) 483-6497<br />
web: <a href="http://www.hotelnovaestrella.com.ar/">www.hotelnovaestrella.com.ar</a><br />
correo:  hotelnovaestrella@hotmail.com</h4>
<h4>ROCA | Residencial<br />
Dirección: 42 N 309<br />
Teléfono: (0221) 423-2455<br />
web: <a href="http://www.hotelroca.com.ar/">www.hotelroca.com.ar</a><br />
correo: consultas@hotelroca.com.ar</h4>

<p>Ciudad de La Plata La Plata ​ es una ciudad de Argentina, capital de la provincia de Buenos Aires. Se ubica a 56 km al sudeste de la Ciudad de Buenos Aires. Es el principal centro político, administrativo y educativo de la provincia de Buenos Aires. ​Es el centro del aglomerado urbano del Gran La Plata, compuesto por las zonas urbanas [&hellip;]</p>

Posted 3 años ago

Updated 3 años ago
