{"id":4,"date":"2023-06-23T12:20:10","date_gmt":"2023-06-23T15:20:10","guid":{"rendered":"https:\/\/congresos.unlp.edu.ar\/gaps2-jaid\/?page_id=4"},"modified":"2024-06-30T16:40:03","modified_gmt":"2024-06-30T19:40:03","slug":"inicio","status":"publish","type":"page","link":"https:\/\/congresos.unlp.edu.ar\/gaps2\/","title":{"rendered":"Inicio"},"content":{"rendered":"<p><span style=\"font-weight: 400\">El laboratorio para el Estudio de la Experiencia Musical (LEEM) les da la bienvenida a GAPS2, sede La Plata. Esta conferencia tiene como objetivo ofrecer a los estudiantes e investigadores en formaci\u00f3n (incluidos estudiantes de maestr\u00eda, doctorado, y postdoctorados) de nuestro pa\u00eds y de todo el mundo una plataforma innovadora a trav\u00e9s de la cual compartir ideas, experiencias, y conocimientos sobre la relaci\u00f3n entre m\u00fasica, arte y creatividad.<\/span><\/p>\n<p><span style=\"font-weight: 400\">GAPS2 es un evento coorganizado por la Universidad Nacional de La Plata, en conjunto con las Universidades de York (Reino Unido), Graz (Viena), y Melbourne (Australia)\u00a0 patrocinado por ESCOM, la Sociedad Europea para las Ciencias Cognitivas de la M\u00fasica. Ofrece la oportunidad de explorar \u00e1reas relacionadas a la m\u00fasica, el teatro, el cine, la danza, y las artes visuales, desde una perspectiva psicol\u00f3gica e interdisciplinaria. GAPS2 anticipa la pr\u00f3xima conferencia ESCOM (que se realizar\u00e1 en julio de 2024), en t\u00e9rminos de ubicaciones, formato h\u00edbrido e inclusi\u00f3n.<\/span><\/p>\n<p><span style=\"font-weight: 400\">Al finalizar la jornada matutina del GAPS, las actividades continuar\u00e1n en la sede La Plata con la realizaci\u00f3n de las <\/span><b><i>Jornadas para Artistas, Investigadores y Docentes<\/i><\/b><span style=\"font-weight: 400\">. El evento es promovido por el Laboratorio para el Estudio de la Experiencia Musical (LEEM-FdA-UNLP) y organizado por la Sociedad Argentina para las Ciencias Cognitivas de la M\u00fasica (SACCoM).<\/span><\/p>\n<p><span style=\"font-weight: 400\">Se convoca a la comunidad de la Universidad Nacional de La Plata (alumnos, docentes e investigadores) con intereses en todos los campos de las Artes y a los socios de SACCoM a participar de manera presencial de todas las actividades.<\/span><\/p>\n<p><span style=\"font-weight: 400\">La sede La Plata estar\u00e1 ubicada en el Edificio Sergio Karakachoff, durante los d\u00edas 14, 15 y 16 de septiembre.\u00a0<\/span><\/p>\n<p><b>Evento gratuito para la comunidad de la Universidad Nacional de La Plata<\/b><\/p>\n<p><span style=\"font-weight: 400\">Para consultas y m\u00e1s informaci\u00f3n comunicarse a <\/span><a href=\"mailto:comunicacionesleem@gmail.com\"><span style=\"font-weight: 400\">comunicacionesleem@gmail.com<\/span><\/a><\/p>\n<p><span style=\"font-weight: 400\">Sitio web del LEEM &#8211; <\/span><span style=\"font-weight: 400\">https:\/\/leem.fba.unlp.edu.ar\/<\/span><\/p>\n","protected":false},"excerpt":{"rendered":"<p>El laboratorio para el Estudio de la Experiencia Musical (LEEM) les da la bienvenida a GAPS2, sede La Plata. Esta conferencia tiene como objetivo ofrecer a los estudiantes e investigadores en formaci\u00f3n (incluidos estudiantes de maestr\u00eda, doctorado, y postdoctorados) de nuestro pa\u00eds y de todo el mundo una plataforma innovadora a trav\u00e9s de la cual [&hellip;]<\/p>\n","protected":false},"author":2,"featured_media":0,"parent":0,"menu_order":0,"comment_status":"closed","ping_status":"closed","template":"","meta":{"advgb_blocks_editor_width":"","advgb_blocks_columns_visual_guide":"","footnotes":""},"class_list":["post-4","page","type-page","status-publish","hentry","post"],"aioseo_notices":[],"coauthors":[],"author_meta":{"author_link":"https:\/\/congresos.unlp.edu.ar\/gaps2\/author\/congresos\/","display_name":"congresos"},"relative_dates":{"created":"Posted 3 a\u00f1os ago","modified":"Updated 2 a\u00f1os ago"},"absolute_dates":{"created":"Posted on 23 junio, 2023","modified":"Updated on 30 junio, 2024"},"absolute_dates_time":{"created":"Posted on 23 junio, 2023 12:20 pm","modified":"Updated on 30 junio, 2024 4:40 pm"},"featured_img_caption":"","featured_img":false,"series_order":"","_links":{"self":[{"href":"https:\/\/congresos.unlp.edu.ar\/gaps2\/wp-json\/wp\/v2\/pages\/4","targetHints":{"allow":["GET"]}}],"collection":[{"href":"https:\/\/congresos.unlp.edu.ar\/gaps2\/wp-json\/wp\/v2\/pages"}],"about":[{"href":"https:\/\/congresos.unlp.edu.ar\/gaps2\/wp-json\/wp\/v2\/types\/page"}],"author":[{"embeddable":true,"href":"https:\/\/congresos.unlp.edu.ar\/gaps2\/wp-json\/wp\/v2\/users\/2"}],"replies":[{"embeddable":true,"href":"https:\/\/congresos.unlp.edu.ar\/gaps2\/wp-json\/wp\/v2\/comments?post=4"}],"version-history":[{"count":0,"href":"https:\/\/congresos.unlp.edu.ar\/gaps2\/wp-json\/wp\/v2\/pages\/4\/revisions"}],"wp:attachment":[{"href":"https:\/\/congresos.unlp.edu.ar\/gaps2\/wp-json\/wp\/v2\/media?parent=4"}],"curies":[{"name":"wp","href":"https:\/\/api.w.org\/{rel}","templated":true}]}}

<p><span style="font-weight: 400">El laboratorio para el Estudio de la Experiencia Musical (LEEM) les da la bienvenida a GAPS2, sede La Plata. Esta conferencia tiene como objetivo ofrecer a los estudiantes e investigadores en formación (incluidos estudiantes de maestría, doctorado, y postdoctorados) de nuestro país y de todo el mundo una plataforma innovadora a través de la cual compartir ideas, experiencias, y conocimientos sobre la relación entre música, arte y creatividad.</span></p>
<p><span style="font-weight: 400">GAPS2 es un evento coorganizado por la Universidad Nacional de La Plata, en conjunto con las Universidades de York (Reino Unido), Graz (Viena), y Melbourne (Australia)  patrocinado por ESCOM, la Sociedad Europea para las Ciencias Cognitivas de la Música. Ofrece la oportunidad de explorar áreas relacionadas a la música, el teatro, el cine, la danza, y las artes visuales, desde una perspectiva psicológica e interdisciplinaria. GAPS2 anticipa la próxima conferencia ESCOM (que se realizará en julio de 2024), en términos de ubicaciones, formato híbrido e inclusión.</span></p>
<p><span style="font-weight: 400">Al finalizar la jornada matutina del GAPS, las actividades continuarán en la sede La Plata con la realización de las </span><b><i>Jornadas para Artistas, Investigadores y Docentes</i></b><span style="font-weight: 400">. El evento es promovido por el Laboratorio para el Estudio de la Experiencia Musical (LEEM-FdA-UNLP) y organizado por la Sociedad Argentina para las Ciencias Cognitivas de la Música (SACCoM).</span></p>
<p><span style="font-weight: 400">Se convoca a la comunidad de la Universidad Nacional de La Plata (alumnos, docentes e investigadores) con intereses en todos los campos de las Artes y a los socios de SACCoM a participar de manera presencial de todas las actividades.</span></p>
<p><span style="font-weight: 400">La sede La Plata estará ubicada en el Edificio Sergio Karakachoff, durante los días 14, 15 y 16 de septiembre. </span></p>
<p><b>Evento gratuito para la comunidad de la Universidad Nacional de La Plata</b></p>
<p><span style="font-weight: 400">Para consultas y más información comunicarse a </span><a href="mailto:comunicacionesleem@gmail.com"><span style="font-weight: 400">comunicacionesleem@gmail.com</span></a></p>
<p><span style="font-weight: 400">Sitio web del LEEM &#8211; </span><span style="font-weight: 400">https://leem.fba.unlp.edu.ar/</span></p>

<p>El laboratorio para el Estudio de la Experiencia Musical (LEEM) les da la bienvenida a GAPS2, sede La Plata. Esta conferencia tiene como objetivo ofrecer a los estudiantes e investigadores en formación (incluidos estudiantes de maestría, doctorado, y postdoctorados) de nuestro país y de todo el mundo una plataforma innovadora a través de la cual [&hellip;]</p>

Posted 3 años ago

Updated 2 años ago
