{"id":15,"date":"2023-06-23T12:20:10","date_gmt":"2023-06-23T15:20:10","guid":{"rendered":"https:\/\/congresos.unlp.edu.ar\/gaps2-jaid\/?page_id=15"},"modified":"2023-08-17T21:15:29","modified_gmt":"2023-08-18T00:15:29","slug":"informacion","status":"publish","type":"page","link":"https:\/\/congresos.unlp.edu.ar\/gaps2\/informacion\/","title":{"rendered":"Informaci\u00f3n"},"content":{"rendered":"<p><img loading=\"lazy\" decoding=\"async\" class=\"alignnone wp-image-83\" src=\"https:\/\/congresos.unlp.edu.ar\/gaps2\/wp-content\/uploads\/sites\/75\/2023\/07\/logo-inverso-300x137.jpg\" alt=\"\" width=\"412\" height=\"188\" srcset=\"https:\/\/congresos.unlp.edu.ar\/gaps2\/wp-content\/uploads\/sites\/75\/2023\/07\/logo-inverso-300x137.jpg 300w, https:\/\/congresos.unlp.edu.ar\/gaps2\/wp-content\/uploads\/sites\/75\/2023\/07\/logo-inverso.jpg 461w\" sizes=\"auto, (max-width: 412px) 100vw, 412px\" \/><\/p>\n<h2><b>Jornadas para Artistas, Investigadores y Docentes (JAID)<\/b><\/h2>\n<h3><i><span style=\"font-weight: 400\">Perspectivas actuales sobre la Creatividad en la ense\u00f1anza de las Artes.<\/span><\/i><\/h3>\n<p>&nbsp;<\/p>\n<p><span style=\"font-weight: 400\">Al finalizar la jornada matutina del GAPS, las actividades continuar\u00e1n en la sede La Plata con la realizaci\u00f3n de las <\/span><b><i>Jornadas para Artistas, Investigadores y Docentes<\/i><\/b><span style=\"font-weight: 400\">. El evento es promovido por el Laboratorio para el Estudio de la Experiencia Musical (LEEM-FdA-UNLP) y organizado por la Sociedad Argentina para las Ciencias Cognitivas de la M\u00fasica (SACCoM).<\/span><\/p>\n<p><span style=\"font-weight: 400\">Se convoca a la comunidad de la Universidad Nacional de La Plata (alumnos, docentes e investigadores) con intereses en todos los campos de las Artes y a los socios de SACCoM a participar de manera presencial de todas las actividades.<\/span><\/p>\n<p>&nbsp;<\/p>\n<p><b>Informaci\u00f3n sobre el evento<\/b><\/p>\n<p><span style=\"font-weight: 400\">Lugar: Edificio Sergio Karakachoff.<\/span><\/p>\n<p><span style=\"font-weight: 400\">D\u00edas y horarios: jueves 14 y viernes 15 de Septiembre, por la tarde.<\/span><\/p>\n<p><span style=\"font-weight: 400\">Idioma del evento: Espa\u00f1ol.<\/span><\/p>\n<p>&nbsp;<\/p>\n<h2><b><i>Actividades<\/i><\/b><\/h2>\n<p>acceda a la informaci\u00f3n completa de las actividades haciendo click <a href=\"https:\/\/congresos.unlp.edu.ar\/gaps2\/actividades\/\">aqu\u00ed<\/a><\/p>\n<p><a href=\"https:\/\/congresos.unlp.edu.ar\/gaps2\/actividades\/\"><img loading=\"lazy\" decoding=\"async\" class=\"alignnone wp-image-87\" src=\"https:\/\/congresos.unlp.edu.ar\/gaps2\/wp-content\/uploads\/sites\/75\/2023\/08\/rosabal5-temp-300x300.png\" alt=\"\" width=\"600\" height=\"600\" srcset=\"https:\/\/congresos.unlp.edu.ar\/gaps2\/wp-content\/uploads\/sites\/75\/2023\/08\/rosabal5-temp-300x300.png 300w, https:\/\/congresos.unlp.edu.ar\/gaps2\/wp-content\/uploads\/sites\/75\/2023\/08\/rosabal5-temp-1024x1024.png 1024w, https:\/\/congresos.unlp.edu.ar\/gaps2\/wp-content\/uploads\/sites\/75\/2023\/08\/rosabal5-temp-150x150.png 150w, https:\/\/congresos.unlp.edu.ar\/gaps2\/wp-content\/uploads\/sites\/75\/2023\/08\/rosabal5-temp-768x768.png 768w, https:\/\/congresos.unlp.edu.ar\/gaps2\/wp-content\/uploads\/sites\/75\/2023\/08\/rosabal5-temp.png 1100w\" sizes=\"auto, (max-width: 600px) 100vw, 600px\" \/> <\/a><\/p>\n<p><a href=\"https:\/\/congresos.unlp.edu.ar\/gaps2\/actividades\/\"><img loading=\"lazy\" decoding=\"async\" class=\"alignnone size-medium wp-image-88\" src=\"https:\/\/congresos.unlp.edu.ar\/gaps2\/wp-content\/uploads\/sites\/75\/2023\/08\/LIBRO-300x300.png\" alt=\"\" width=\"300\" height=\"300\" srcset=\"https:\/\/congresos.unlp.edu.ar\/gaps2\/wp-content\/uploads\/sites\/75\/2023\/08\/LIBRO-300x300.png 300w, https:\/\/congresos.unlp.edu.ar\/gaps2\/wp-content\/uploads\/sites\/75\/2023\/08\/LIBRO-1024x1024.png 1024w, https:\/\/congresos.unlp.edu.ar\/gaps2\/wp-content\/uploads\/sites\/75\/2023\/08\/LIBRO-150x150.png 150w, https:\/\/congresos.unlp.edu.ar\/gaps2\/wp-content\/uploads\/sites\/75\/2023\/08\/LIBRO-768x768.png 768w, https:\/\/congresos.unlp.edu.ar\/gaps2\/wp-content\/uploads\/sites\/75\/2023\/08\/LIBRO.png 1100w\" sizes=\"auto, (max-width: 300px) 100vw, 300px\" \/><\/a><a href=\"https:\/\/congresos.unlp.edu.ar\/gaps2\/encuentro-de-socios-saccom\/\"><img loading=\"lazy\" decoding=\"async\" class=\"alignnone size-medium wp-image-92\" src=\"https:\/\/congresos.unlp.edu.ar\/gaps2\/wp-content\/uploads\/sites\/75\/2023\/08\/SOCIOS-300x300.png\" alt=\"\" width=\"300\" height=\"300\" srcset=\"https:\/\/congresos.unlp.edu.ar\/gaps2\/wp-content\/uploads\/sites\/75\/2023\/08\/SOCIOS-300x300.png 300w, https:\/\/congresos.unlp.edu.ar\/gaps2\/wp-content\/uploads\/sites\/75\/2023\/08\/SOCIOS-1024x1024.png 1024w, https:\/\/congresos.unlp.edu.ar\/gaps2\/wp-content\/uploads\/sites\/75\/2023\/08\/SOCIOS-150x150.png 150w, https:\/\/congresos.unlp.edu.ar\/gaps2\/wp-content\/uploads\/sites\/75\/2023\/08\/SOCIOS-768x768.png 768w, https:\/\/congresos.unlp.edu.ar\/gaps2\/wp-content\/uploads\/sites\/75\/2023\/08\/SOCIOS.png 1100w\" sizes=\"auto, (max-width: 300px) 100vw, 300px\" \/><\/a><\/p>\n","protected":false},"excerpt":{"rendered":"<p>Jornadas para Artistas, Investigadores y Docentes (JAID) Perspectivas actuales sobre la Creatividad en la ense\u00f1anza de las Artes. &nbsp; Al finalizar la jornada matutina del GAPS, las actividades continuar\u00e1n en la sede La Plata con la realizaci\u00f3n de las Jornadas para Artistas, Investigadores y Docentes. El evento es promovido por el Laboratorio para el Estudio [&hellip;]<\/p>\n","protected":false},"author":2,"featured_media":0,"parent":0,"menu_order":0,"comment_status":"closed","ping_status":"closed","template":"","meta":{"advgb_blocks_editor_width":"","advgb_blocks_columns_visual_guide":"","footnotes":""},"class_list":["post-15","page","type-page","status-publish","hentry","post"],"aioseo_notices":[],"coauthors":[],"author_meta":{"author_link":"https:\/\/congresos.unlp.edu.ar\/gaps2\/author\/congresos\/","display_name":"congresos"},"relative_dates":{"created":"Posted 3 a\u00f1os ago","modified":"Updated 3 a\u00f1os ago"},"absolute_dates":{"created":"Posted on 23 junio, 2023","modified":"Updated on 17 agosto, 2023"},"absolute_dates_time":{"created":"Posted on 23 junio, 2023 12:20 pm","modified":"Updated on 17 agosto, 2023 9:15 pm"},"featured_img_caption":"","featured_img":false,"series_order":"","_links":{"self":[{"href":"https:\/\/congresos.unlp.edu.ar\/gaps2\/wp-json\/wp\/v2\/pages\/15","targetHints":{"allow":["GET"]}}],"collection":[{"href":"https:\/\/congresos.unlp.edu.ar\/gaps2\/wp-json\/wp\/v2\/pages"}],"about":[{"href":"https:\/\/congresos.unlp.edu.ar\/gaps2\/wp-json\/wp\/v2\/types\/page"}],"author":[{"embeddable":true,"href":"https:\/\/congresos.unlp.edu.ar\/gaps2\/wp-json\/wp\/v2\/users\/2"}],"replies":[{"embeddable":true,"href":"https:\/\/congresos.unlp.edu.ar\/gaps2\/wp-json\/wp\/v2\/comments?post=15"}],"version-history":[{"count":0,"href":"https:\/\/congresos.unlp.edu.ar\/gaps2\/wp-json\/wp\/v2\/pages\/15\/revisions"}],"wp:attachment":[{"href":"https:\/\/congresos.unlp.edu.ar\/gaps2\/wp-json\/wp\/v2\/media?parent=15"}],"curies":[{"name":"wp","href":"https:\/\/api.w.org\/{rel}","templated":true}]}}

Información

<p><img loading="lazy" decoding="async" class="alignnone wp-image-83" src="https://congresos.unlp.edu.ar/gaps2/wp-content/uploads/sites/75/2023/07/logo-inverso-300x137.jpg" alt="" width="412" height="188" srcset="https://congresos.unlp.edu.ar/gaps2/wp-content/uploads/sites/75/2023/07/logo-inverso-300x137.jpg 300w, https://congresos.unlp.edu.ar/gaps2/wp-content/uploads/sites/75/2023/07/logo-inverso.jpg 461w" sizes="auto, (max-width: 412px) 100vw, 412px" /></p>
<h2><b>Jornadas para Artistas, Investigadores y Docentes (JAID)</b></h2>
<h3><i><span style="font-weight: 400">Perspectivas actuales sobre la Creatividad en la enseñanza de las Artes.</span></i></h3>
<p>&nbsp;</p>
<p><span style="font-weight: 400">Al finalizar la jornada matutina del GAPS, las actividades continuarán en la sede La Plata con la realización de las </span><b><i>Jornadas para Artistas, Investigadores y Docentes</i></b><span style="font-weight: 400">. El evento es promovido por el Laboratorio para el Estudio de la Experiencia Musical (LEEM-FdA-UNLP) y organizado por la Sociedad Argentina para las Ciencias Cognitivas de la Música (SACCoM).</span></p>
<p><span style="font-weight: 400">Se convoca a la comunidad de la Universidad Nacional de La Plata (alumnos, docentes e investigadores) con intereses en todos los campos de las Artes y a los socios de SACCoM a participar de manera presencial de todas las actividades.</span></p>
<p>&nbsp;</p>
<p><b>Información sobre el evento</b></p>
<p><span style="font-weight: 400">Lugar: Edificio Sergio Karakachoff.</span></p>
<p><span style="font-weight: 400">Días y horarios: jueves 14 y viernes 15 de Septiembre, por la tarde.</span></p>
<p><span style="font-weight: 400">Idioma del evento: Español.</span></p>
<p>&nbsp;</p>
<h2><b><i>Actividades</i></b></h2>
<p>acceda a la información completa de las actividades haciendo click <a href="https://congresos.unlp.edu.ar/gaps2/actividades/">aquí</a></p>
<p><a href="https://congresos.unlp.edu.ar/gaps2/actividades/"><img loading="lazy" decoding="async" class="alignnone wp-image-87" src="https://congresos.unlp.edu.ar/gaps2/wp-content/uploads/sites/75/2023/08/rosabal5-temp-300x300.png" alt="" width="600" height="600" srcset="https://congresos.unlp.edu.ar/gaps2/wp-content/uploads/sites/75/2023/08/rosabal5-temp-300x300.png 300w, https://congresos.unlp.edu.ar/gaps2/wp-content/uploads/sites/75/2023/08/rosabal5-temp-1024x1024.png 1024w, https://congresos.unlp.edu.ar/gaps2/wp-content/uploads/sites/75/2023/08/rosabal5-temp-150x150.png 150w, https://congresos.unlp.edu.ar/gaps2/wp-content/uploads/sites/75/2023/08/rosabal5-temp-768x768.png 768w, https://congresos.unlp.edu.ar/gaps2/wp-content/uploads/sites/75/2023/08/rosabal5-temp.png 1100w" sizes="auto, (max-width: 600px) 100vw, 600px" /> </a></p>
<p><a href="https://congresos.unlp.edu.ar/gaps2/actividades/"><img loading="lazy" decoding="async" class="alignnone size-medium wp-image-88" src="https://congresos.unlp.edu.ar/gaps2/wp-content/uploads/sites/75/2023/08/LIBRO-300x300.png" alt="" width="300" height="300" srcset="https://congresos.unlp.edu.ar/gaps2/wp-content/uploads/sites/75/2023/08/LIBRO-300x300.png 300w, https://congresos.unlp.edu.ar/gaps2/wp-content/uploads/sites/75/2023/08/LIBRO-1024x1024.png 1024w, https://congresos.unlp.edu.ar/gaps2/wp-content/uploads/sites/75/2023/08/LIBRO-150x150.png 150w, https://congresos.unlp.edu.ar/gaps2/wp-content/uploads/sites/75/2023/08/LIBRO-768x768.png 768w, https://congresos.unlp.edu.ar/gaps2/wp-content/uploads/sites/75/2023/08/LIBRO.png 1100w" sizes="auto, (max-width: 300px) 100vw, 300px" /></a><a href="https://congresos.unlp.edu.ar/gaps2/encuentro-de-socios-saccom/"><img loading="lazy" decoding="async" class="alignnone size-medium wp-image-92" src="https://congresos.unlp.edu.ar/gaps2/wp-content/uploads/sites/75/2023/08/SOCIOS-300x300.png" alt="" width="300" height="300" srcset="https://congresos.unlp.edu.ar/gaps2/wp-content/uploads/sites/75/2023/08/SOCIOS-300x300.png 300w, https://congresos.unlp.edu.ar/gaps2/wp-content/uploads/sites/75/2023/08/SOCIOS-1024x1024.png 1024w, https://congresos.unlp.edu.ar/gaps2/wp-content/uploads/sites/75/2023/08/SOCIOS-150x150.png 150w, https://congresos.unlp.edu.ar/gaps2/wp-content/uploads/sites/75/2023/08/SOCIOS-768x768.png 768w, https://congresos.unlp.edu.ar/gaps2/wp-content/uploads/sites/75/2023/08/SOCIOS.png 1100w" sizes="auto, (max-width: 300px) 100vw, 300px" /></a></p>

<p>Jornadas para Artistas, Investigadores y Docentes (JAID) Perspectivas actuales sobre la Creatividad en la enseñanza de las Artes. &nbsp; Al finalizar la jornada matutina del GAPS, las actividades continuarán en la sede La Plata con la realización de las Jornadas para Artistas, Investigadores y Docentes. El evento es promovido por el Laboratorio para el Estudio [&hellip;]</p>

Posted 3 años ago

Updated 3 años ago
