{"id":14,"date":"2023-06-23T12:20:10","date_gmt":"2023-06-23T15:20:10","guid":{"rendered":"https:\/\/congresos.unlp.edu.ar\/gaps2-jaid\/?page_id=14"},"modified":"2023-08-18T01:58:30","modified_gmt":"2023-08-18T04:58:30","slug":"encuentro-de-socios-saccom","status":"publish","type":"page","link":"https:\/\/congresos.unlp.edu.ar\/gaps2\/encuentro-de-socios-saccom\/","title":{"rendered":"Encuentro de Socios (SACCoM)"},"content":{"rendered":"<p dir=\"ltr\"><img loading=\"lazy\" decoding=\"async\" class=\"alignnone wp-image-92\" src=\"https:\/\/congresos.unlp.edu.ar\/gaps2\/wp-content\/uploads\/sites\/75\/2023\/08\/SOCIOS-300x300.png\" alt=\"\" width=\"450\" height=\"450\" srcset=\"https:\/\/congresos.unlp.edu.ar\/gaps2\/wp-content\/uploads\/sites\/75\/2023\/08\/SOCIOS-300x300.png 300w, https:\/\/congresos.unlp.edu.ar\/gaps2\/wp-content\/uploads\/sites\/75\/2023\/08\/SOCIOS-1024x1024.png 1024w, https:\/\/congresos.unlp.edu.ar\/gaps2\/wp-content\/uploads\/sites\/75\/2023\/08\/SOCIOS-150x150.png 150w, https:\/\/congresos.unlp.edu.ar\/gaps2\/wp-content\/uploads\/sites\/75\/2023\/08\/SOCIOS-768x768.png 768w, https:\/\/congresos.unlp.edu.ar\/gaps2\/wp-content\/uploads\/sites\/75\/2023\/08\/SOCIOS.png 1100w\" sizes=\"auto, (max-width: 450px) 100vw, 450px\" \/><\/p>\n<p dir=\"ltr\">El <em>Encuentro de Socios<\/em> de la Sociedad Argentina para las Ciencias Cognitivas de la M\u00fasica ser\u00e1 una actividad orientada a socializar, comunicar y discutir con colegas los trabajos en docencia, extensi\u00f3n o investigaci\u00f3n que se est\u00e1n desarrollando actualmente.<\/p>\n<p dir=\"ltr\">Areas tem\u00e1ticas:<\/p>\n<ul>\n<li dir=\"ltr\">\n<p dir=\"ltr\" role=\"presentation\">docencia: propuestas pedag\u00f3gicas, experiencias pedag\u00f3gicas, dispositivos did\u00e1cticos, enfoques te\u00f3ricos educativos;<\/p>\n<\/li>\n<li dir=\"ltr\">\n<p dir=\"ltr\" role=\"presentation\">extensi\u00f3n\/transferencia: proyectos sociales vinculados al arte, nuevos contextos \u00e1ulicos en la comunidad, transferencia de conocimientos y\/o servicios, capacitaciones o consultor\u00edas;<\/p>\n<\/li>\n<li dir=\"ltr\">\n<p dir=\"ltr\" role=\"presentation\">investigaci\u00f3n: trabajos de investigaci\u00f3n, proyectos de tesis o divulgaci\u00f3n de tesis defendidas, programas o proyectos de investigaci\u00f3n, abordajes metodol\u00f3gicos.<\/p>\n<\/li>\n<\/ul>\n<p dir=\"ltr\">La modalidad del encuentro consistir\u00e1 en una presentaci\u00f3n del tema propuesto por cada socio en formato de presentaci\u00f3n breve (duraci\u00f3n a confirmar). De esta manera, dispondremos de m\u00e1s tiempo para priorizar el intercambio, y as\u00ed encontrar intereses comunes y fomentar puntos de articulaci\u00f3n para el trabajo entre socios. Las propuestas ser\u00e1n evaluadas por la comisi\u00f3n organizadora de las JAID.<\/p>\n<ul>\n<li dir=\"ltr\">\n<p dir=\"ltr\" role=\"presentation\">Fecha para el env\u00edo del formulario:\u00a0<b>17 de agosto<\/b><\/p>\n<\/li>\n<li dir=\"ltr\">\n<p dir=\"ltr\" role=\"presentation\">Fecha de comunicaci\u00f3n de las evaluaciones:\u00a0<b>21 de agosto<\/b><\/p>\n<\/li>\n<li dir=\"ltr\">\n<p dir=\"ltr\" role=\"presentation\">Fecha estimada de env\u00edo del video: 28 de agosto<\/p>\n<\/li>\n<\/ul>\n<p dir=\"ltr\">Posteriormente al evento, se realizar\u00e1 un publicaci\u00f3n de las propuestas ampliadas, cuyo formato ser\u00e1 comunicado m\u00e1s adelante. Esta instancia no es obligatoria, de modo que aquellos socios que deseen participar del intercambio el d\u00eda del encuentro pero no elaborar un trabajo para su publicaci\u00f3n, podr\u00e1n hacerlo. La fecha de env\u00edo de trabajos completos ser\u00e1 posterior al evento (fecha estimada: fines de octubre de 2023).<\/p>\n<p dir=\"ltr\">Consultas:\u00a0<a href=\"mailto:saccom.argentina@gmail.com\" data-linkindex=\"1\">saccom.argentina@gmail.com<\/a><\/p>\n","protected":false},"excerpt":{"rendered":"<p>El Encuentro de Socios de la Sociedad Argentina para las Ciencias Cognitivas de la M\u00fasica ser\u00e1 una actividad orientada a socializar, comunicar y discutir con colegas los trabajos en docencia, extensi\u00f3n o investigaci\u00f3n que se est\u00e1n desarrollando actualmente. Areas tem\u00e1ticas: docencia: propuestas pedag\u00f3gicas, experiencias pedag\u00f3gicas, dispositivos did\u00e1cticos, enfoques te\u00f3ricos educativos; extensi\u00f3n\/transferencia: proyectos sociales vinculados al [&hellip;]<\/p>\n","protected":false},"author":2,"featured_media":0,"parent":0,"menu_order":0,"comment_status":"closed","ping_status":"closed","template":"","meta":{"advgb_blocks_editor_width":"","advgb_blocks_columns_visual_guide":"","footnotes":""},"class_list":["post-14","page","type-page","status-publish","hentry","post"],"aioseo_notices":[],"coauthors":[],"author_meta":{"author_link":"https:\/\/congresos.unlp.edu.ar\/gaps2\/author\/congresos\/","display_name":"congresos"},"relative_dates":{"created":"Posted 3 a\u00f1os ago","modified":"Updated 3 a\u00f1os ago"},"absolute_dates":{"created":"Posted on 23 junio, 2023","modified":"Updated on 18 agosto, 2023"},"absolute_dates_time":{"created":"Posted on 23 junio, 2023 12:20 pm","modified":"Updated on 18 agosto, 2023 1:58 am"},"featured_img_caption":"","featured_img":false,"series_order":"","_links":{"self":[{"href":"https:\/\/congresos.unlp.edu.ar\/gaps2\/wp-json\/wp\/v2\/pages\/14","targetHints":{"allow":["GET"]}}],"collection":[{"href":"https:\/\/congresos.unlp.edu.ar\/gaps2\/wp-json\/wp\/v2\/pages"}],"about":[{"href":"https:\/\/congresos.unlp.edu.ar\/gaps2\/wp-json\/wp\/v2\/types\/page"}],"author":[{"embeddable":true,"href":"https:\/\/congresos.unlp.edu.ar\/gaps2\/wp-json\/wp\/v2\/users\/2"}],"replies":[{"embeddable":true,"href":"https:\/\/congresos.unlp.edu.ar\/gaps2\/wp-json\/wp\/v2\/comments?post=14"}],"version-history":[{"count":0,"href":"https:\/\/congresos.unlp.edu.ar\/gaps2\/wp-json\/wp\/v2\/pages\/14\/revisions"}],"wp:attachment":[{"href":"https:\/\/congresos.unlp.edu.ar\/gaps2\/wp-json\/wp\/v2\/media?parent=14"}],"curies":[{"name":"wp","href":"https:\/\/api.w.org\/{rel}","templated":true}]}}

<p dir="ltr"><img loading="lazy" decoding="async" class="alignnone wp-image-92" src="https://congresos.unlp.edu.ar/gaps2/wp-content/uploads/sites/75/2023/08/SOCIOS-300x300.png" alt="" width="450" height="450" srcset="https://congresos.unlp.edu.ar/gaps2/wp-content/uploads/sites/75/2023/08/SOCIOS-300x300.png 300w, https://congresos.unlp.edu.ar/gaps2/wp-content/uploads/sites/75/2023/08/SOCIOS-1024x1024.png 1024w, https://congresos.unlp.edu.ar/gaps2/wp-content/uploads/sites/75/2023/08/SOCIOS-150x150.png 150w, https://congresos.unlp.edu.ar/gaps2/wp-content/uploads/sites/75/2023/08/SOCIOS-768x768.png 768w, https://congresos.unlp.edu.ar/gaps2/wp-content/uploads/sites/75/2023/08/SOCIOS.png 1100w" sizes="auto, (max-width: 450px) 100vw, 450px" /></p>
<p dir="ltr">El <em>Encuentro de Socios</em> de la Sociedad Argentina para las Ciencias Cognitivas de la Música será una actividad orientada a socializar, comunicar y discutir con colegas los trabajos en docencia, extensión o investigación que se están desarrollando actualmente.</p>
<p dir="ltr">Areas temáticas:</p>
<ul>
<li dir="ltr">
<p dir="ltr" role="presentation">docencia: propuestas pedagógicas, experiencias pedagógicas, dispositivos didácticos, enfoques teóricos educativos;</p>
</li>
<li dir="ltr">
<p dir="ltr" role="presentation">extensión/transferencia: proyectos sociales vinculados al arte, nuevos contextos áulicos en la comunidad, transferencia de conocimientos y/o servicios, capacitaciones o consultorías;</p>
</li>
<li dir="ltr">
<p dir="ltr" role="presentation">investigación: trabajos de investigación, proyectos de tesis o divulgación de tesis defendidas, programas o proyectos de investigación, abordajes metodológicos.</p>
</li>
</ul>
<p dir="ltr">La modalidad del encuentro consistirá en una presentación del tema propuesto por cada socio en formato de presentación breve (duración a confirmar). De esta manera, dispondremos de más tiempo para priorizar el intercambio, y así encontrar intereses comunes y fomentar puntos de articulación para el trabajo entre socios. Las propuestas serán evaluadas por la comisión organizadora de las JAID.</p>
<ul>
<li dir="ltr">
<p dir="ltr" role="presentation">Fecha para el envío del formulario: <b>17 de agosto</b></p>
</li>
<li dir="ltr">
<p dir="ltr" role="presentation">Fecha de comunicación de las evaluaciones: <b>21 de agosto</b></p>
</li>
<li dir="ltr">
<p dir="ltr" role="presentation">Fecha estimada de envío del video: 28 de agosto</p>
</li>
</ul>
<p dir="ltr">Posteriormente al evento, se realizará un publicación de las propuestas ampliadas, cuyo formato será comunicado más adelante. Esta instancia no es obligatoria, de modo que aquellos socios que deseen participar del intercambio el día del encuentro pero no elaborar un trabajo para su publicación, podrán hacerlo. La fecha de envío de trabajos completos será posterior al evento (fecha estimada: fines de octubre de 2023).</p>
<p dir="ltr">Consultas: <a href="mailto:saccom.argentina@gmail.com" data-linkindex="1">saccom.argentina@gmail.com</a></p>

<p>El Encuentro de Socios de la Sociedad Argentina para las Ciencias Cognitivas de la Música será una actividad orientada a socializar, comunicar y discutir con colegas los trabajos en docencia, extensión o investigación que se están desarrollando actualmente. Areas temáticas: docencia: propuestas pedagógicas, experiencias pedagógicas, dispositivos didácticos, enfoques teóricos educativos; extensión/transferencia: proyectos sociales vinculados al [&hellip;]</p>

Posted 3 años ago

Updated 3 años ago
