{"id":10,"date":"2023-06-23T12:20:10","date_gmt":"2023-06-23T15:20:10","guid":{"rendered":"https:\/\/congresos.unlp.edu.ar\/gaps2-jaid\/?page_id=10"},"modified":"2023-09-03T15:06:10","modified_gmt":"2023-09-03T18:06:10","slug":"inscripcion-y-aranceles","status":"publish","type":"page","link":"https:\/\/congresos.unlp.edu.ar\/gaps2\/inscripcion-y-aranceles\/","title":{"rendered":"Inscripci\u00f3n y aranceles"},"content":{"rendered":"<p>Contamos con dos tipos de inscripciones<\/p>\n<p>1. Inscripci\u00f3n General &#8211; para participantes y asistentes (modalidad presencial)<\/p>\n<p><a href=\"https:\/\/docs.google.com\/forms\/d\/e\/1FAIpQLScOckBEozf6omQwAZvFkAnT3gShOcgcMXgbs5NoZ80zCKgP8Q\/viewform\">Formulario de inscripci\u00f3n general<\/a><\/p>\n<p>2. Inscripci\u00f3n para la modalidad de participaci\u00f3n virtual<\/p>\n<p><a href=\"https:\/\/pagos.unlp.edu.ar\/es\/publicacion-activa\/ccf74ded\">https:\/\/pagos.unlp.edu.ar\/es\/publicacion-activa\/ccf74ded<\/a><\/p>\n<p>3. Inscripci\u00f3n especial para Integrantes de la comunidad educativa de la Universidad Nacional de La Plata.<\/p>\n<p>Quienes integran la instituci\u00f3n pueden inscribirse sin costo, para la modalidad Presencial, a trav\u00e9s del Formulario de Inscripci\u00f3n de JAID. Deber\u00e1n presentar en la mesa de Acreditaciones (Jueves 14, 8:15 hs.) una copia de la documentaci\u00f3n que acredite la pertenencia a cualquiera de las dependencias UNLP (certificado de alumnx regular o recibo de sueldo).<\/p>\n<p><a href=\"https:\/\/docs.google.com\/forms\/d\/1Hoa-z-qYgoiY3IDcygalXjGDjYNdJqCWwmsuH2F16BU\/\">Formulario de inscripci\u00f3n (Comunidad UNLP)<\/a><\/p>\n","protected":false},"excerpt":{"rendered":"<p>Contamos con dos tipos de inscripciones 1. Inscripci\u00f3n General &#8211; para participantes y asistentes (modalidad presencial) Formulario de inscripci\u00f3n general 2. Inscripci\u00f3n para la modalidad de participaci\u00f3n virtual https:\/\/pagos.unlp.edu.ar\/es\/publicacion-activa\/ccf74ded 3. Inscripci\u00f3n especial para Integrantes de la comunidad educativa de la Universidad Nacional de La Plata. Quienes integran la instituci\u00f3n pueden inscribirse sin costo, para la [&hellip;]<\/p>\n","protected":false},"author":2,"featured_media":0,"parent":0,"menu_order":0,"comment_status":"closed","ping_status":"closed","template":"","meta":{"advgb_blocks_editor_width":"","advgb_blocks_columns_visual_guide":"","footnotes":""},"class_list":["post-10","page","type-page","status-publish","hentry","post"],"aioseo_notices":[],"coauthors":[],"author_meta":{"author_link":"https:\/\/congresos.unlp.edu.ar\/gaps2\/author\/congresos\/","display_name":"congresos"},"relative_dates":{"created":"Posted 3 a\u00f1os ago","modified":"Updated 3 a\u00f1os ago"},"absolute_dates":{"created":"Posted on 23 junio, 2023","modified":"Updated on 3 septiembre, 2023"},"absolute_dates_time":{"created":"Posted on 23 junio, 2023 12:20 pm","modified":"Updated on 3 septiembre, 2023 3:06 pm"},"featured_img_caption":"","featured_img":false,"series_order":"","_links":{"self":[{"href":"https:\/\/congresos.unlp.edu.ar\/gaps2\/wp-json\/wp\/v2\/pages\/10","targetHints":{"allow":["GET"]}}],"collection":[{"href":"https:\/\/congresos.unlp.edu.ar\/gaps2\/wp-json\/wp\/v2\/pages"}],"about":[{"href":"https:\/\/congresos.unlp.edu.ar\/gaps2\/wp-json\/wp\/v2\/types\/page"}],"author":[{"embeddable":true,"href":"https:\/\/congresos.unlp.edu.ar\/gaps2\/wp-json\/wp\/v2\/users\/2"}],"replies":[{"embeddable":true,"href":"https:\/\/congresos.unlp.edu.ar\/gaps2\/wp-json\/wp\/v2\/comments?post=10"}],"version-history":[{"count":0,"href":"https:\/\/congresos.unlp.edu.ar\/gaps2\/wp-json\/wp\/v2\/pages\/10\/revisions"}],"wp:attachment":[{"href":"https:\/\/congresos.unlp.edu.ar\/gaps2\/wp-json\/wp\/v2\/media?parent=10"}],"curies":[{"name":"wp","href":"https:\/\/api.w.org\/{rel}","templated":true}]}}