{"id":268,"date":"2026-04-29T10:53:13","date_gmt":"2026-04-29T13:53:13","guid":{"rendered":"https:\/\/congresos.unlp.edu.ar\/escenicas\/?page_id=268"},"modified":"2026-04-30T09:12:27","modified_gmt":"2026-04-30T12:12:27","slug":"cronograma","status":"publish","type":"page","link":"https:\/\/congresos.unlp.edu.ar\/escenicas\/cronograma\/","title":{"rendered":"Cronograma"},"content":{"rendered":"<h1 style=\"text-align: left\"><b>JUEVES<\/b><b>\u00a0<\/b><\/h1>\n<p style=\"text-align: left\"><b>9.30-12 hs<\/b><\/p>\n<p style=\"text-align: left\"><span style=\"font-weight: 400\">MESAS DE TRABAJO<\/span><\/p>\n<p>&nbsp;<\/p>\n<p style=\"text-align: left\"><span style=\"font-weight: 400\">Mesa 1: \u00ab<\/span><b>Dispositivos posdram\u00e1ticos y perform\u00e1ticos I\u00bb<\/b><\/p>\n<p style=\"text-align: left\"><span style=\"font-weight: 400\">Coordina: Victoria Tr\u00edpodi<\/span><\/p>\n<p style=\"text-align: left\"><span style=\"font-weight: 400\">Aula 202<\/span><\/p>\n<p style=\"text-align: left\"><span style=\"font-weight: 400\">Cecilia Cappannini,\u00a0 Galileo Mar\u00edn, Patricia Rios y Luna Spanevello (FDA-UNLP) \u00ab\u00bfDe qu\u00e9 im\u00e1genes estamos hechos? \/ \u00bfC\u00f3mo construir una imagen b\u00e1rbara?\u00bb\u00a0<\/span><\/p>\n<p style=\"text-align: left\"><span style=\"font-weight: 400\">Cecilia Cappannini y Wara Quilla Lujan Fernandez (FDA-UNLP) \u00abFronteras que delimitan un cuerpo\u00bb\u00a0<\/span><\/p>\n<p style=\"text-align: left\"><span style=\"font-weight: 400\">Jazm\u00edn Garc\u00eda Sathicq (ETLP) \u00abDramaturgia de las cosmovisiones paralelas\u00bb<\/span><\/p>\n<p style=\"text-align: left\"><span style=\"font-weight: 400\">Cecilia Palavecino (FDA-UNLP \/ ETLP)<\/span> <span style=\"font-weight: 400\">\u00abDise\u00f1o de vestuario teatral en clave post dram\u00e1tica, procesos, po\u00e9tica, pol\u00edtica y expansi\u00f3n esc\u00e9nica\u00bb<\/span><\/p>\n<p>&nbsp;<\/p>\n<p style=\"text-align: left\"><span style=\"font-weight: 400\">Mesa 2: \u00ab<\/span><b>Dispositivos posdram\u00e1ticos y perform\u00e1ticos II\u00bb<\/b><\/p>\n<p style=\"text-align: left\"><span style=\"font-weight: 400\">Coordina: Agust\u00edn Bucari<\/span><\/p>\n<p style=\"text-align: left\"><span style=\"font-weight: 400\">Aula 203<\/span><\/p>\n<p style=\"text-align: left\"><span style=\"font-weight: 400\">Cecilia Elia Levantesi, Cristian Franco Tu\u00f1on, Andrea Lopez Ponce y Julieta Bottino (UNA) \u00abTramas de co-agencia: Desplazamientos del cuerpo y materialidades h\u00edbridas en contexto digitalizados y posthumanistas\u00bb<\/span><\/p>\n<p style=\"text-align: left\"><span style=\"font-weight: 400\">Laura Simos (ETLP) \u00abVestir el Malestar O el Malestar como Vestido\u00bb<\/span><\/p>\n<p style=\"text-align: left\"><span style=\"font-weight: 400\">Mar\u00eda Luz Coco (FDA-UNLP) \u00abEntre el caballete y la performance: la pintura en vivo como dispositivo de presencia\u00bb<\/span><\/p>\n<p style=\"text-align: left\"><span style=\"font-weight: 400\">Jose Hernan Arrese Igor (IsAE-IHAAA\/FDA\/UNLP &#8211; ADEA) y Karen R. Carballo (IsAE-IHAAA\/FDA\/UNLP) \u00abTeatro en el Taller, dispositivo liminal de investigaci\u00f3n y creaci\u00f3n en un mundo teatralizado\u00bb\u00a0<\/span><\/p>\n<p>&nbsp;<\/p>\n<p style=\"text-align: left\"><span style=\"font-weight: 400\">Mesa 3: \u00ab<\/span><b>Cartograf\u00edas y archivos esc\u00e9nicos\u00bb<\/b><\/p>\n<p style=\"text-align: left\"><span style=\"font-weight: 400\">Coordina: M. Eugenia Bifaretti<\/span><\/p>\n<p style=\"text-align: left\"><span style=\"font-weight: 400\">Aula 204<\/span><\/p>\n<p style=\"text-align: left\"><span style=\"font-weight: 400\">Mar\u00eda Fukelman (UBA-IAE-CONICET) \u00abEl conflicto de La M\u00e1scara a partir de la documentaci\u00f3n de la Federaci\u00f3n Argentina de Teatros Independientes (FATI)\u00bb<\/span><\/p>\n<p style=\"text-align: left\"><span style=\"font-weight: 400\">Gustavo Radice (IHAAA-FDA-UNLP) \u00abTecnolog\u00edas del error y la repetici\u00f3n: cuerpos, restos y archivos afectivos en la escena contempor\u00e1nea platense\u00bb<\/span><\/p>\n<p style=\"text-align: left\"><span style=\"font-weight: 400\">Luc\u00eda \u00c1lvarez (CONICET\/CIAP-UNSAM\/FDA-UNLP) \u00ab\u00bfDe qu\u00e9 se r\u00eden? Memorias sexodisidentes, archivo camp y performatividad en El palacio de la risa\u00bb<\/span><\/p>\n<p style=\"text-align: left\"><span style=\"font-weight: 400\">Agust\u00edn Lostra (FDA-UNLP) \u00abEl gran desfile: una intervenci\u00f3n teatral para conjurar la rabia pol\u00edtica en la calle\u00bb\u00a0<\/span><\/p>\n<p>&nbsp;<\/p>\n<p style=\"text-align: left\"><b>10-13 hs &#8211; Aula 205<\/b><\/p>\n<p style=\"text-align: left\"><span style=\"font-weight: 400\">TALLER<\/span><\/p>\n<p style=\"text-align: left\"><b>Microdramaturgias entre CUERPO y PALABRA <\/b><b><br \/>\n<\/b><span style=\"font-weight: 400\">Coordina: Carolina Donnantuoni<\/span><span style=\"font-weight: 400\"><br \/>\n<\/span><i><span style=\"font-weight: 400\">Actividad gratuita con inscripci\u00f3n previa<\/span><\/i> <span style=\"font-weight: 400\"><br \/>\n<\/span><span style=\"font-weight: 400\">Inscripci\u00f3n: <\/span><a href=\"https:\/\/forms.gle\/rWiaGGRNvrzLjZkz5\"><span style=\"font-weight: 400\">https:\/\/forms.gle\/rWiaGGRNvrzLjZkz5<\/span><\/a> <span style=\"font-weight: 400\"><br \/>\n<\/span><\/p>\n<p>&nbsp;<\/p>\n<p style=\"text-align: left\"><b>13.30 hs &#8211; Aula 203<\/b><\/p>\n<p style=\"text-align: left\"><span style=\"font-weight: 400\">INTERVENCI\u00d3N<\/span><\/p>\n<p style=\"text-align: left\"><b><i>Objetos en marcha, memoria y resistencia <\/i><\/b><b><br \/>\n<\/b><span style=\"font-weight: 400\">Participan: Reina Isabel Iba\u00f1ez, Tatiana Pereyra, <\/span><span style=\"font-weight: 400\"><br \/>\n<\/span><span style=\"font-weight: 400\">Elizabeth Palacios, Leandro Cicchinelli (Estudiantes de la ETLP)<\/span><\/p>\n<p>&nbsp;<\/p>\n<p style=\"text-align: left\"><b>14-18 hs &#8211; Aula 205<\/b><\/p>\n<p style=\"text-align: left\"><span style=\"font-weight: 400\">TALLER<\/span><\/p>\n<p style=\"text-align: left\"><b><i>CREAR SIN RED, dramaturgia y direcci\u00f3n, entre otros quilombos necesarios<\/i><\/b><b><i><br \/>\n<\/i><\/b><span style=\"font-weight: 400\">Coordina: Emiliano Dionisi\u00a0<\/span><\/p>\n<p style=\"text-align: left\"><i><span style=\"font-weight: 400\">Actividad gratuita con inscripci\u00f3n previa<\/span><\/i><span style=\"font-weight: 400\">\u00a0<\/span><\/p>\n<p style=\"text-align: left\"><span style=\"font-weight: 400\">Inscripci\u00f3n: <\/span><a href=\"https:\/\/forms.gle\/wBnZxe5uHtq8FsvC9\"><span style=\"font-weight: 400\">https:\/\/forms.gle\/wBnZxe5uHtq8FsvC9<\/span><\/a><span style=\"font-weight: 400\">\u00a0<\/span><\/p>\n<p>&nbsp;<\/p>\n<p style=\"text-align: left\"><b>18.15 hs &#8211; Aula 203<\/b><\/p>\n<p style=\"text-align: left\"><span style=\"font-weight: 400\">INTERVENCI\u00d3N<\/span><\/p>\n<p style=\"text-align: left\"><b><i>Objetos en marcha, memoria y resistencia <\/i><\/b><b><br \/>\n<\/b><\/p>\n<p>&nbsp;<\/p>\n<p style=\"text-align: left\"><b>19.00 hs &#8211; 20.30 hs &#8211; Aula 204<\/b><\/p>\n<p style=\"text-align: left\"><span style=\"font-weight: 400\">CONVERSATORIO\u00a0<\/span><\/p>\n<p style=\"text-align: left\"><b>Sobre la obra <\/b><b><i>Laberinto Podest\u00e1. El \u00faltimo aplauso.<\/i><\/b><b><i><br \/>\n<\/i><\/b><span style=\"font-weight: 400\">Participan: Alejandra Bignasco, Juan Pablo Thomas, Claudio Rodrigo (Teatro Municipal Coliseo Podest\u00e1)<\/span><\/p>\n<h1><\/h1>\n<h1 style=\"text-align: left\"><b>VIERNES<\/b><\/h1>\n<p style=\"text-align: left\"><b>9.30-12 hs<\/b><b><br \/>\n<\/b><span style=\"font-weight: 400\">MESAS DE TRABAJO<\/span><\/p>\n<p>&nbsp;<\/p>\n<p style=\"text-align: left\"><span style=\"font-weight: 400\">Mesa 4: \u00ab<\/span><b>Memorias y territorialidades\u00bb<\/b><\/p>\n<p style=\"text-align: left\"><span style=\"font-weight: 400\">Coordina: Luc\u00eda \u00c1lvarez<\/span><\/p>\n<p style=\"text-align: left\"><span style=\"font-weight: 400\">Aula 202<\/span><\/p>\n<p style=\"text-align: left\"><span style=\"font-weight: 400\">Silvina D\u00edaz (CONICET- UBA &#8211; IHAAL) \u00abHistorizar las memorias: Pr\u00e1cticas perform\u00e1ticas frente a las pol\u00edticas del olvido\u00bb\u00a0<\/span><\/p>\n<p style=\"text-align: left\"><span style=\"font-weight: 400\">Marco Antonio Pedra da Silva (USP) \u00abPonto de Partida y la reconfiguraci\u00f3n brasile\u00f1a de la po\u00e9tica brechtiana\u00bb<\/span><\/p>\n<p style=\"text-align: left\"><span style=\"font-weight: 400\">Yanina Andrea Leonardi (CONICET-UBA-FFyL-IHAAL-GETEA) \u00abCelebraciones obreras durante el primer peronismo: tradiciones, espacio p\u00fablico, representaciones y cultura popular\u00bb<\/span><\/p>\n<p style=\"text-align: left\"><span style=\"font-weight: 400\">Larisa Rivarola (GETEA-FFyL-UBA) \u00abAporte cr\u00edtico en torno a la gesti\u00f3n de fondos p\u00fablicos del R\u00e9gimen de Promoci\u00f3n Cultural (Mecenazgo) de la ciudad de Buenos Aires\u00bb<\/span><\/p>\n<p style=\"text-align: left\"><span style=\"font-weight: 400\">Luc\u00eda Correa V\u00e1zquez (CONICET-UBA-FFyL-IHAAL-GETEA) \u00abLa Revista Porte\u00f1a, el mon\u00f3logo pol\u00edtico y el capoc\u00f3mico, un an\u00e1lisis de la recepci\u00f3n del aqu\u00ed y ahora del espect\u00e1culo\u00bb\u00a0<\/span><\/p>\n<p>&nbsp;<\/p>\n<p style=\"text-align: left\"><span style=\"font-weight: 400\">Mesa 5: \u00ab<\/span><b>Investigaci\u00f3n-acci\u00f3n. Pr\u00e1cticas liminales y transteatralidad\u00bb<\/b><\/p>\n<p style=\"text-align: left\"><span style=\"font-weight: 400\">Coordina: L\u00e1zaro Olier<\/span><span style=\"font-weight: 400\"><br \/>\n<\/span><span style=\"font-weight: 400\">Aula 203<\/span><\/p>\n<p style=\"text-align: left\"><span style=\"font-weight: 400\">Maria Victoria Rodriguez (Facultad de Arte Tandil) y Gabriela Hernandez (Facultad de Agronom\u00eda de Azul) \u00abClim\u00e1ticamente incorrectos: una experiencia de investigaci\u00f3n-acci\u00f3n en la articulaci\u00f3n entre arte y ciencia\u00bb<\/span><\/p>\n<p style=\"text-align: left\"><span style=\"font-weight: 400\">Anibal Nestor Zorrilla Perla Lazo, Maria Jose Patino Yancomay (UNA) \u00abTecnolog\u00eda Interactiva Aplicada a la Danza, procesos de creaci\u00f3n sensible en la escena expandida\u00bb\u00a0<\/span><\/p>\n<p style=\"text-align: left\"><span style=\"font-weight: 400\">Karina Madariaga (Escuela de Arte &#8220;Liliana Grinberg&#8221; De San Nicol\u00e1s de los Arroyos) \u00abVamos al Teatro: acci\u00f3n desde el aula enmarcada en Autores Regionales\u00bb<\/span><\/p>\n<p>&nbsp;<\/p>\n<p style=\"text-align: left\"><b>9.30 -12 hs &#8211; Aula 204<\/b><\/p>\n<p style=\"text-align: left\"><span style=\"font-weight: 400\">TALLER<\/span><\/p>\n<p style=\"text-align: left\"><b>Escribir el Acontecimiento: Dramaturgia Posdram\u00e1tica <\/b><b><br \/>\n<\/b><b>con Materiales de los a\u00f1os 70<\/b><\/p>\n<p style=\"text-align: left\"><span style=\"font-weight: 400\">Coordinan: Gustavo Radice y Natalia Carod<\/span><span style=\"font-weight: 400\"><br \/>\n<\/span><i><span style=\"font-weight: 400\">Actividad gratuita con inscripci\u00f3n previa<\/span><\/i><span style=\"font-weight: 400\">\u00a0<\/span><\/p>\n<p style=\"text-align: left\"><span style=\"font-weight: 400\">Inscripci\u00f3n: <\/span><a href=\"https:\/\/forms.gle\/xnNkfKupAqXvkktd6\"><span style=\"font-weight: 400\">https:\/\/forms.gle\/xnNkfKupAqXvkktd6<\/span><\/a><span style=\"font-weight: 400\">\u00a0<\/span><\/p>\n<p>&nbsp;<\/p>\n<p style=\"text-align: left\"><b>12 -14 hs &#8211; Aula 205<\/b><\/p>\n<p style=\"text-align: left\"><span style=\"font-weight: 400\">TALLER<\/span><\/p>\n<p style=\"text-align: left\"><b>Una bater\u00eda para actuar. En b\u00fasqueda del accidente como acto creativo<\/b><b><br \/>\n<\/b><span style=\"font-weight: 400\">Coordina: Iv\u00e1n Esquerr\u00e9, Leonardo Andr\u00e9s Bidonde<\/span><span style=\"font-weight: 400\"><br \/>\n<\/span><i><span style=\"font-weight: 400\">Actividad gratuita con inscripci\u00f3n previa<\/span><\/i><span style=\"font-weight: 400\">\u00a0<\/span><\/p>\n<p style=\"text-align: left\"><span style=\"font-weight: 400\">Inscripci\u00f3n: <\/span><a href=\"https:\/\/forms.gle\/JGifji6bMGpeCBZN9\"><span style=\"font-weight: 400\">https:\/\/forms.gle\/JGifji6bMGpeCBZN9<\/span><\/a><\/p>\n<p>&nbsp;<\/p>\n<p style=\"text-align: left\"><b>14 hs &#8211; Aula 203<\/b><\/p>\n<p style=\"text-align: left\"><span style=\"font-weight: 400\">INTERVENCI\u00d3N<\/span><\/p>\n<p style=\"text-align: left\"><b><i>Objetos en marcha, memoria y resistencia <\/i><\/b><b><br \/>\n<\/b><span style=\"font-weight: 400\">Participan: Reina Isabel Iba\u00f1ez, Tatiana Pereyra, <\/span><span style=\"font-weight: 400\"><br \/>\n<\/span><span style=\"font-weight: 400\">Elizabeth Palacios, Leandro Cicchinelli (Estudiantes de la ETLP)<\/span><\/p>\n<p>&nbsp;<\/p>\n<p style=\"text-align: left\"><b>15 -16 hs &#8211; Aula 205<\/b><\/p>\n<p style=\"text-align: left\"><span style=\"font-weight: 400\">CONFERENCIA<\/span><\/p>\n<p style=\"text-align: left\"><b><i>Expectatorialidad, expectaci\u00f3n, expectaciones, transexpectaci\u00f3n <\/i><\/b><b><i><br \/>\n<\/i><\/b><b><i>(bases para los Estudios Comparados de Expectaci\u00f3n)<\/i><\/b><b><i><br \/>\n<\/i><\/b><span style=\"font-weight: 400\">a cargo de Jorge Dubatti<\/span><\/p>\n<p>&nbsp;<\/p>\n<p style=\"text-align: left\"><b>15.45 hs &#8211; Aula 203<\/b><\/p>\n<p style=\"text-align: left\"><span style=\"font-weight: 400\">INTERVENCI\u00d3N<\/span><\/p>\n<p style=\"text-align: left\"><b><i>Objetos en marcha, memoria y resistencia <\/i><\/b><b><\/b><\/p>\n<p>&nbsp;<\/p>\n<p style=\"text-align: left\"><b>16-17 hs &#8211; Aula 205<\/b><\/p>\n<p style=\"text-align: left\"><span style=\"font-weight: 400\">DI\u00c1LOGO<\/span><\/p>\n<p style=\"text-align: left\"><b>Teatralidad en el escenario pol\u00edtico actual:<\/b><b><br \/>\n<\/b><b> hacer teatro en un mundo teatralizado<\/b><b><i><br \/>\n<\/i><\/b><span style=\"font-weight: 400\">Participan: Jorge Dubatti y Germ\u00e1n Casella<\/span><\/p>\n<p>&nbsp;<\/p>\n<p style=\"text-align: left\"><b>17.30 hs &#8211; Auditorio Centro de Arte UNLP<\/b><b><br \/>\n<\/b><span style=\"font-weight: 400\">CEREMONIA ENTREGA DE<\/span><\/p>\n<p style=\"text-align: left\"><b>Menciones espectaculares JoAE<\/b><\/p>\n<p><b><i>Menci\u00f3n espectacular<\/i><\/b><b> a obra de teatro platense<\/b><\/p>\n<p><i><span style=\"font-weight: 400\">La lengua cosida<\/span><\/i><span style=\"font-weight: 400\">. Dramaturgia: Mar\u00eda In\u00e9s Portillo. Direcci\u00f3n: Gast\u00f3n Marioni<\/span><\/p>\n<p>&nbsp;<\/p>\n<p><b><i>Menci\u00f3n espectacular<\/i><\/b><b> a la pedagog\u00eda teatral en contexto de educaci\u00f3n no formal<\/b><\/p>\n<p><span style=\"font-weight: 400\">Vicky Palavecino, directora del Taller de Teatro Febe Chaves<\/span><\/p>\n<p>&nbsp;<\/p>\n<p><b><i>Menci\u00f3n espectacular<\/i><\/b><b> a la trayectoria en teatro platense<\/b><b><br \/>\n<\/b><span style=\"font-weight: 400\">Taller de teatro de la UNLP en el 40\u00b0 aniversario de su fundaci\u00f3n\u00a0<\/span><\/p>\n<p>&nbsp;<\/p>\n<p><b><i>Menci\u00f3n espectacular <\/i><\/b><b>a la investigaci\u00f3n teatral platense\u00a0<\/b><\/p>\n<p><span style=\"font-weight: 400\">Dr. Gustavo Radice, director del IHAAA-FDA\/UNLP<\/span><\/p>\n<p>&nbsp;<\/p>\n<p><b><i>Menci\u00f3n espectacular<\/i><\/b><b> a la contribuci\u00f3n al campo art\u00edstico platense<\/b><\/p>\n<p><span style=\"font-weight: 400\">Dra. Mariel Ciafardo, Secretaria de Arte y Cultura, UNLP<\/span><\/p>\n<p>&nbsp;<\/p>\n<p><b>La <\/b><b><i>Menci\u00f3n espectacular\u00a0<\/i><\/b><\/p>\n<p><span style=\"font-weight: 400\">Dr. Jorge Dubatti, director del IAE- Filo, UBA<\/span><\/p>\n<p>&nbsp;<\/p>\n<p><b>19 hs &#8211; Auditorio Centro de Arte UNLP<\/b><b><br \/>\n<\/b><span style=\"font-weight: 400\">OBRA\u00a0<\/span><\/p>\n<p><b><i>La lengua cosida<\/i><\/b><\/p>\n<p><span style=\"font-weight: 400\">Dramaturgia y actuaci\u00f3n: Mar\u00eda In\u00e9s Portillo<\/span><span style=\"font-weight: 400\"><br \/>\n<\/span><span style=\"font-weight: 400\">Direcci\u00f3n: Gast\u00f3n Marioni<\/span><\/p>\n<p><span style=\"font-weight: 400\">Asistente de direcci\u00f3n: Facundo Ordo\u00f1ez<\/span><\/p>\n<p><i><span style=\"font-weight: 400\">Actividad gratuita con inscripci\u00f3n previa <\/span><\/i><i><span style=\"font-weight: 400\"><br \/>\n<\/span><\/i><span style=\"font-weight: 400\">Inscripci\u00f3n: <\/span><a href=\"https:\/\/forms.gle\/RUt4r8gYmCZSd3sk6\"><span style=\"font-weight: 400\">https:\/\/forms.gle\/RUt4r8gYmCZSd3sk6<\/span><\/a><\/p>\n","protected":false},"excerpt":{"rendered":"<p>JUEVES\u00a0 9.30-12 hs MESAS DE TRABAJO &nbsp; Mesa 1: \u00abDispositivos posdram\u00e1ticos y perform\u00e1ticos I\u00bb Coordina: Victoria Tr\u00edpodi Aula 202 Cecilia Cappannini,\u00a0 Galileo Mar\u00edn, Patricia Rios y Luna Spanevello (FDA-UNLP) \u00ab\u00bfDe qu\u00e9 im\u00e1genes estamos hechos? \/ \u00bfC\u00f3mo construir una imagen b\u00e1rbara?\u00bb\u00a0 Cecilia Cappannini y Wara Quilla Lujan Fernandez (FDA-UNLP) \u00abFronteras que delimitan un cuerpo\u00bb\u00a0 Jazm\u00edn Garc\u00eda [&hellip;]<\/p>\n","protected":false},"author":206,"featured_media":0,"parent":0,"menu_order":0,"comment_status":"closed","ping_status":"closed","template":"","meta":{"advgb_blocks_editor_width":"","advgb_blocks_columns_visual_guide":"","footnotes":""},"class_list":["post-268","page","type-page","status-publish","hentry","post"],"aioseo_notices":[],"coauthors":[],"author_meta":{"author_link":"https:\/\/congresos.unlp.edu.ar\/escenicas\/author\/pabloceccarelli\/","display_name":"pabloceccarelli"},"relative_dates":{"created":"Posted 2 d\u00edas ago","modified":"Updated 19 horas ago"},"absolute_dates":{"created":"Posted on 29 abril, 2026","modified":"Updated on 30 abril, 2026"},"absolute_dates_time":{"created":"Posted on 29 abril, 2026 10:53 am","modified":"Updated on 30 abril, 2026 9:12 am"},"featured_img_caption":"","featured_img":false,"series_order":"","_links":{"self":[{"href":"https:\/\/congresos.unlp.edu.ar\/escenicas\/wp-json\/wp\/v2\/pages\/268","targetHints":{"allow":["GET"]}}],"collection":[{"href":"https:\/\/congresos.unlp.edu.ar\/escenicas\/wp-json\/wp\/v2\/pages"}],"about":[{"href":"https:\/\/congresos.unlp.edu.ar\/escenicas\/wp-json\/wp\/v2\/types\/page"}],"author":[{"embeddable":true,"href":"https:\/\/congresos.unlp.edu.ar\/escenicas\/wp-json\/wp\/v2\/users\/206"}],"replies":[{"embeddable":true,"href":"https:\/\/congresos.unlp.edu.ar\/escenicas\/wp-json\/wp\/v2\/comments?post=268"}],"version-history":[{"count":0,"href":"https:\/\/congresos.unlp.edu.ar\/escenicas\/wp-json\/wp\/v2\/pages\/268\/revisions"}],"wp:attachment":[{"href":"https:\/\/congresos.unlp.edu.ar\/escenicas\/wp-json\/wp\/v2\/media?parent=268"}],"curies":[{"name":"wp","href":"https:\/\/api.w.org\/{rel}","templated":true}]}}