{"id":17,"date":"2020-03-11T10:16:42","date_gmt":"2020-03-11T13:16:42","guid":{"rendered":"http:\/\/congresos.unlp.edu.ar\/enddhhyes\/?page_id=17"},"modified":"2022-06-01T00:04:29","modified_gmt":"2022-06-01T03:04:29","slug":"fundamentos","status":"publish","type":"page","link":"https:\/\/congresos.unlp.edu.ar\/enddhhyes\/fundamentos\/","title":{"rendered":"Fundamentos y objetivos"},"content":{"rendered":"<div id=\"pl-17\"  class=\"panel-layout\" ><div id=\"pg-17-0\"  class=\"panel-grid panel-has-style\" ><div class=\"siteorigin-panels-stretch panel-row-style panel-row-style-for-17-0\" data-stretch-type=\"full-stretched\" ><div id=\"pgc-17-0-0\"  class=\"panel-grid-cell\" ><div id=\"panel-17-0-0-0\" class=\"so-panel widget widget_sow-editor panel-first-child panel-last-child\" data-index=\"0\" ><div\n\t\t\t\n\t\t\tclass=\"so-widget-sow-editor so-widget-sow-editor-base\"\n\t\t\t\n\t\t>\n<div class=\"siteorigin-widget-tinymce textwidget\">\n\t<h1 style=\"text-align: center\"><span style=\"color: #ffffff\">FUNDAMENTOS Y OBJETIVOS<\/span><\/h1>\n<\/div>\n<\/div><\/div><\/div><\/div><\/div><div id=\"pg-17-1\"  class=\"panel-grid panel-no-style\" ><div id=\"pgc-17-1-0\"  class=\"panel-grid-cell\" ><div id=\"panel-17-1-0-0\" class=\"so-panel widget widget_sow-editor panel-first-child panel-last-child\" data-index=\"1\" ><div class=\"panel-widget-style panel-widget-style-for-17-1-0-0\" ><div\n\t\t\t\n\t\t\tclass=\"so-widget-sow-editor so-widget-sow-editor-base\"\n\t\t\t\n\t\t>\n<div class=\"siteorigin-widget-tinymce textwidget\">\n\t<h2><span style=\"color: #ff6600\">Fundamentos<\/span><\/h2>\n<p>Las instituciones de educaci\u00f3n superior desarrollan propuestas en el campo de los derechos humanos desde hace varios a\u00f1os, bajo diversos formatos y dispositivos. Registran experiencias en la ense\u00f1anza de pregrado, grado y posgrado; as\u00ed como en c\u00e1tedras abiertas o libres, donde centralmente trabajan la transmisi\u00f3n, el debate y la problematizaci\u00f3n de las reivindicaciones y conquistas de derechos en la sociedad contempor\u00e1nea. Realizan diversos proyectos de extensi\u00f3n que fortalecen la interlocuci\u00f3n de la universidad con la sociedad, desde procesos \u201cde doble v\u00eda\u201d generalmente delimitados por el abordaje de problem\u00e1ticas que expresan la vulneraci\u00f3n de derechos individuales y colectivos. Producen conocimientos que resignifican el pasado reciente y aportan a procesos de memoria, verdad, justicia y reparaci\u00f3n; y que problematizan las vulneraciones de derechos en el presente. Y tambi\u00e9n fortalecen el trabajo coordinado desde la Red Interuniversitaria de Derechos Humanos, y algunas articulaciones con la Red Latinoamericana y Caribe\u00f1a de Derechos Humanos.<\/p>\n<p>Estas iniciativas son sustentadas tambi\u00e9n por los debates generados en las Conferencias Regionales de Educaci\u00f3n Superior del a\u00f1o 2008 y del a\u00f1o 2018, que fijan posici\u00f3n en relaci\u00f3n a reconocerla como un derecho humano; y el Acuerdo Plenario 1169\/22 del Consejo Interuniversitario Nacional que establece la promoci\u00f3n de la curricularizaci\u00f3n y el fortalecimiento de los derechos humanos en la formaci\u00f3n superior.<\/p>\n<p>La Red Interuniversitaria de Derechos Humanos, en tanto \u00e1mbito de reflexi\u00f3n comprometido con los derechos humanos y las memorias sociales, busca profundizar las mencionadas propuestas, desde la multiplicidad de voces, fortaleciendo estrategias de articulaci\u00f3n interinstitucional. En tal sentido, reconoce la importancia de potenciar debates e intercambios protagonizados por quienes desde hace tiempo vienen trabajando en el campo de los derechos humanos, as\u00ed como por quienes reci\u00e9n inician, en relaci\u00f3n a proyectos y acciones de ense\u00f1anza, investigaci\u00f3n o extensi\u00f3n en vinculaci\u00f3n con las comunidades, organizaciones sociales e instituciones del Estado, movilizadas por el respeto y reconocimiento de los derechos humanos.<\/p>\n<p>En virtud de estas consideraciones, y comprendiendo que la Educaci\u00f3n Superior es una instancia estrat\u00e9gica, abocada a la formaci\u00f3n de profesionales de diferentes disciplinas, productora de discursos y pr\u00e1cticas capaces de tensionar los poderes hegem\u00f3nicos y los saberes instituidos, este Encuentro Nacional es una oportunidad para fortalecer construcciones desde un horizonte de sentidos contra hegem\u00f3nicos en pos de forjar sociedades m\u00e1s justas e igualitarias.<\/p>\n<h2><span style=\"color: #ff6600\">Objetivos<\/span><\/h2>\n<ol>\n<li><span style=\"color: #008080\"><strong>Identificar los desaf\u00edos<\/strong><\/span> a asumir por la educaci\u00f3n superior con relaci\u00f3n a los Derechos Humanos en el actual contexto de pandemia, fortaleciendo la Red Interuniversitaria de Derechos Humanos.<\/li>\n<li><span style=\"color: #008080\"><strong>Promover la transversalizaci\u00f3n<\/strong><\/span> de la perspectiva de derechos humanos en los proyectos acad\u00e9mico-institucionales de docencia, investigaci\u00f3n y extensi\u00f3n.<\/li>\n<li><span style=\"color: #008080\"><strong>Propiciar la socializaci\u00f3n<\/strong><\/span> de producciones y experiencias que enriquezcan y problematicen la interlocuci\u00f3n entre Derechos Humanos y Educaci\u00f3n Superior.<\/li>\n<\/ol>\n<\/div>\n<\/div><\/div><\/div><\/div><\/div><\/div>","protected":false},"excerpt":{"rendered":"<p>FUNDAMENTOS Y OBJETIVOS Fundamentos Las instituciones de educaci\u00f3n superior desarrollan propuestas en el campo de los derechos humanos desde hace varios a\u00f1os, bajo diversos formatos y dispositivos. Registran experiencias en la ense\u00f1anza de pregrado, grado y posgrado; as\u00ed como en c\u00e1tedras abiertas o libres, donde centralmente trabajan la transmisi\u00f3n, el debate y la problematizaci\u00f3n de [&hellip;]<\/p>\n","protected":false},"author":2,"featured_media":0,"parent":0,"menu_order":0,"comment_status":"closed","ping_status":"closed","template":"","meta":{"advgb_blocks_editor_width":"","advgb_blocks_columns_visual_guide":"","footnotes":""},"class_list":["post-17","page","type-page","status-publish","hentry","post"],"aioseo_notices":[],"coauthors":[],"author_meta":{"author_link":"https:\/\/congresos.unlp.edu.ar\/enddhhyes\/author\/congresos\/","display_name":"congresos"},"relative_dates":{"created":"Posted 6 a\u00f1os ago","modified":"Updated 4 a\u00f1os ago"},"absolute_dates":{"created":"Posted on 11 marzo, 2020","modified":"Updated on 1 junio, 2022"},"absolute_dates_time":{"created":"Posted on 11 marzo, 2020 10:16 am","modified":"Updated on 1 junio, 2022 12:04 am"},"featured_img_caption":"","featured_img":false,"series_order":"","_links":{"self":[{"href":"https:\/\/congresos.unlp.edu.ar\/enddhhyes\/wp-json\/wp\/v2\/pages\/17","targetHints":{"allow":["GET"]}}],"collection":[{"href":"https:\/\/congresos.unlp.edu.ar\/enddhhyes\/wp-json\/wp\/v2\/pages"}],"about":[{"href":"https:\/\/congresos.unlp.edu.ar\/enddhhyes\/wp-json\/wp\/v2\/types\/page"}],"author":[{"embeddable":true,"href":"https:\/\/congresos.unlp.edu.ar\/enddhhyes\/wp-json\/wp\/v2\/users\/2"}],"replies":[{"embeddable":true,"href":"https:\/\/congresos.unlp.edu.ar\/enddhhyes\/wp-json\/wp\/v2\/comments?post=17"}],"version-history":[{"count":0,"href":"https:\/\/congresos.unlp.edu.ar\/enddhhyes\/wp-json\/wp\/v2\/pages\/17\/revisions"}],"wp:attachment":[{"href":"https:\/\/congresos.unlp.edu.ar\/enddhhyes\/wp-json\/wp\/v2\/media?parent=17"}],"curies":[{"name":"wp","href":"https:\/\/api.w.org\/{rel}","templated":true}]}}