{"id":11,"date":"2023-05-18T10:56:46","date_gmt":"2023-05-18T13:56:46","guid":{"rendered":"https:\/\/congresos.unlp.edu.ar\/edeu\/?page_id=11"},"modified":"2023-05-23T09:02:08","modified_gmt":"2023-05-23T12:02:08","slug":"comites","status":"publish","type":"page","link":"https:\/\/congresos.unlp.edu.ar\/edeu\/comites\/","title":{"rendered":"Comit\u00e9s"},"content":{"rendered":"<p><span style=\"color: #052c5a\"> <strong>Comit\u00e9s<\/strong> <\/span><br \/>\n<span style=\"color: #052c5a\"> <\/p>\n<p style=\"text-align: justify\"><b>Comit\u00e9 organizador:<\/b><span style=\"font-weight: 400\"> <\/span> Natalia Arcar\u00eda &#8211; Tamara Ardizzoli &#8211; Mar\u00eda Eugenia Busse Corbal\u00e1n &#8211; Paula Costa-\u00a0 Ver\u00f3nica Di Bin &#8211; Claudia Dobarro &#8211; Dar\u00edo Estevez &#8211;\u00a0 Mar\u00eda Paula Galasso &#8211;\u00a0 Mar\u00eda Alicia Gatt\u00f3 &#8211; Andrea Giacom\u00edn &#8211; Maite Inch\u00e1urregui &#8211; Carolina Jodurcha &#8211; Ana Lacchini- Silvina Lav\u00edtola &#8211;\u00a0 Laura Mart\u00ednez &#8211; Mart\u00edn Massa &#8211; Roc\u00edo Mentasti &#8211; Agustina Pel\u00e1ez &#8211; Gerardo P\u00e9rez &#8211; Florencia Pi\u00f1eiro Ciappina &#8211; Moira Severino &#8211; Luis Tonelli Martins.\u00a0<\/span><\/p>\n<p>&nbsp;<\/p>\n<p><span style=\"color: #052c5a\"> <b>Comit\u00e9 acad\u00e9mico:<\/b><span style=\"font-weight: 400\"> <\/span> Andrea Aguerre &#8211; Pablo Araujo &#8211; <\/span><span style=\"font-weight: 400\">Celeste Carli &#8211; <\/span><span style=\"font-weight: 400\">Constanza Erbetta &#8211; Dar\u00edo Estevez &#8211; Ana Mar\u00eda Garc\u00eda Munitis &#8211; <\/span><span style=\"font-weight: 400\">Rub\u00e9n Giovanini &#8211; <\/span><span style=\"font-weight: 400\">Mart\u00edn Legarralde &#8211; Laura Mart\u00ednez &#8211; Julieta Miranda &#8211;<\/span><span style=\"font-weight: 400\"> Leticia Peret &#8211; <\/span><span style=\"font-weight: 400\">Ana Julia Ram\u00edrez &#8211; Dominique Suffern Quirno &#8211; <\/span><span style=\"font-weight: 400\">\u00a0Silvina Uri &#8211; <\/span><span style=\"font-weight: 400\">An\u00edbal Viguera.\u00a0<\/span><\/p>\n<p style=\"text-align: justify\">\n","protected":false},"excerpt":{"rendered":"<p>Comit\u00e9s Comit\u00e9 organizador: Natalia Arcar\u00eda &#8211; Tamara [&hellip;]<\/p>\n","protected":false},"author":2,"featured_media":0,"parent":0,"menu_order":0,"comment_status":"closed","ping_status":"closed","template":"","meta":{"advgb_blocks_editor_width":"","advgb_blocks_columns_visual_guide":"","footnotes":""},"class_list":["post-11","page","type-page","status-publish","hentry","post"],"aioseo_notices":[],"coauthors":[],"author_meta":{"author_link":"https:\/\/congresos.unlp.edu.ar\/edeu\/author\/congresos\/","display_name":"congresos"},"relative_dates":{"created":"Posted 3 a\u00f1os ago","modified":"Updated 3 a\u00f1os ago"},"absolute_dates":{"created":"Posted on 18 mayo, 2023","modified":"Updated on 23 mayo, 2023"},"absolute_dates_time":{"created":"Posted on 18 mayo, 2023 10:56 am","modified":"Updated on 23 mayo, 2023 9:02 am"},"featured_img_caption":"","featured_img":false,"series_order":"","_links":{"self":[{"href":"https:\/\/congresos.unlp.edu.ar\/edeu\/wp-json\/wp\/v2\/pages\/11","targetHints":{"allow":["GET"]}}],"collection":[{"href":"https:\/\/congresos.unlp.edu.ar\/edeu\/wp-json\/wp\/v2\/pages"}],"about":[{"href":"https:\/\/congresos.unlp.edu.ar\/edeu\/wp-json\/wp\/v2\/types\/page"}],"author":[{"embeddable":true,"href":"https:\/\/congresos.unlp.edu.ar\/edeu\/wp-json\/wp\/v2\/users\/2"}],"replies":[{"embeddable":true,"href":"https:\/\/congresos.unlp.edu.ar\/edeu\/wp-json\/wp\/v2\/comments?post=11"}],"version-history":[{"count":0,"href":"https:\/\/congresos.unlp.edu.ar\/edeu\/wp-json\/wp\/v2\/pages\/11\/revisions"}],"wp:attachment":[{"href":"https:\/\/congresos.unlp.edu.ar\/edeu\/wp-json\/wp\/v2\/media?parent=11"}],"curies":[{"name":"wp","href":"https:\/\/api.w.org\/{rel}","templated":true}]}}

Comités

<p><span style="color: #052c5a"> <strong>Comités</strong> </span><br />
<span style="color: #052c5a"> </p>
<p style="text-align: justify"><b>Comité organizador:</b><span style="font-weight: 400"> </span> Natalia Arcaría &#8211; Tamara Ardizzoli &#8211; María Eugenia Busse Corbalán &#8211; Paula Costa-  Verónica Di Bin &#8211; Claudia Dobarro &#8211; Darío Estevez &#8211;  María Paula Galasso &#8211;  María Alicia Gattó &#8211; Andrea Giacomín &#8211; Maite Incháurregui &#8211; Carolina Jodurcha &#8211; Ana Lacchini- Silvina Lavítola &#8211;  Laura Martínez &#8211; Martín Massa &#8211; Rocío Mentasti &#8211; Agustina Peláez &#8211; Gerardo Pérez &#8211; Florencia Piñeiro Ciappina &#8211; Moira Severino &#8211; Luis Tonelli Martins. </span></p>
<p>&nbsp;</p>
<p><span style="color: #052c5a"> <b>Comité académico:</b><span style="font-weight: 400"> </span> Andrea Aguerre &#8211; Pablo Araujo &#8211; </span><span style="font-weight: 400">Celeste Carli &#8211; </span><span style="font-weight: 400">Constanza Erbetta &#8211; Darío Estevez &#8211; Ana María García Munitis &#8211; </span><span style="font-weight: 400">Rubén Giovanini &#8211; </span><span style="font-weight: 400">Martín Legarralde &#8211; Laura Martínez &#8211; Julieta Miranda &#8211;</span><span style="font-weight: 400"> Leticia Peret &#8211; </span><span style="font-weight: 400">Ana Julia Ramírez &#8211; Dominique Suffern Quirno &#8211; </span><span style="font-weight: 400"> Silvina Uri &#8211; </span><span style="font-weight: 400">Aníbal Viguera. </span></p>
<p style="text-align: justify">

<p>Comités Comité organizador: Natalia Arcaría &#8211; Tamara [&hellip;]</p>

Posted 3 años ago

Updated 3 años ago
