{"id":294,"date":"2022-11-15T10:41:57","date_gmt":"2022-11-15T13:41:57","guid":{"rendered":"https:\/\/congresos.unlp.edu.ar\/ebec2024\/?page_id=294"},"modified":"2024-11-20T08:42:58","modified_gmt":"2024-11-20T11:42:58","slug":"arqueologia","status":"publish","type":"page","link":"https:\/\/congresos.unlp.edu.ar\/ebec2024\/arqueologia\/","title":{"rendered":"Arqueolog\u00eda"},"content":{"rendered":"<div class=\"wpDspace itemsPagination  noPagination\" id=\"page_container_69f839cce1e0d\"><ul class=\"content\"><li><article style=\"padding:10px;border: 2px solid black;\">\n\t\t\t<title>Arqueolog\u00eda de la vida rural en el Macizo Central del Deseado, Santa Cruz (fines del siglo XIX y principios del siglo XX)<\/title>\n                        <div id=\"sedici-title\"> \n                            <a class=\"link\" href=\"http:\/\/sedici.unlp.edu.ar\/handle\/10915\/173347\" target=\"_blank\">Arqueolog\u00eda de la vida rural en el Macizo Central del Deseado, Santa Cruz (fines del siglo XIX y principios del siglo XX)<\/a>\n                        <\/div><div id=\"sedici-title\">Autores: <author><name><a href=https:\/\/sedici.unlp.edu.ar\/discover?filtertype=author&filter_relational_operator=equals&filter=Acosta%2C%20Ignacio%20Matias target=\"_blank\">Acosta, Ignacio Matias<\/a><\/name><\/author><\/div>\n                                   <p id=\"http:\/\/sedici.unlp.edu.ar\/handle\/10915\/173347\"> <\/p>\n                                   <published>\n                                        <div id=\"sedici-title\" >Fecha: <span class=\"sedici-content\">01\/01\/2024<\/span><\/div>\n                                    <\/published><summary> <div id=\"sedici-title\">Resumen:<span class=\"sedici-content\">El macizo del Deseado es un \u00e1rea al norte y centro de la provincia de Santa Cruz que cuenta con una vasta cantidad de estudios arqueol\u00f3gicos. Esta investigaci\u00f3n busca indagar en los cambios de la ocupaci\u00f3n del territorio para un periodo que se extiende desde fines del siglo XIX a las primeras d\u00e9cadas del Siglo XX. En espec\u00edfico, se estudiaron restos provenientes del Parque Nacional Bosques Petricados de Jaramillo (PNBPJ). El \u00e1rea cuenta con una s\u00f3lida base de datos arqueol\u00f3gicos y ambientales, fechados de entre 1000 a 2400 a\u00f1os AP. Recientemente se comenz\u00f3 con una nueva l\u00ednea de estudios enmarcados en la Arqueolog\u00eda Hist\u00f3rica que pretende aportar una comprensi\u00f3n m\u00e1s amplia y diversificada del pasado. Para esto se integran de forma cr\u00edtica datos de al menos dos or\u00edgenes: arqueol\u00f3gicos y fuentes documentales. Esto se hace en diversas instancias de la investigaci\u00f3n como pueden serlo la formulaci\u00f3n de hip\u00f3tesis o interpretaciones.Durante los \u00faltimos a\u00f1os, se organizaron campa\u00f1as con el objetivo de conseguir informaci\u00f3n cronol\u00f3gica. Uno de los sitios excavados fue el sitio El P\u00e9ndulo, el cual tiene la particularidad de contar con restos de fauna ex\u00f3tica (de introducci\u00f3n tard\u00eda para la regi\u00f3n) como lo es la oveja (Ovis aries), fauna nativa, en espec\u00edfico guanaco (Lama guanicoe), depositados en un fog\u00f3n en asociaci\u00f3n con restos de talla l\u00edtica. De estos hallazgos, se inici\u00f3 la indagaci\u00f3n en un periodo posterior al proceso de venta de tierras llevado a cabo por el estado-naci\u00f3n y la instalaci\u00f3n de ganader\u00eda hacia fines de la centuria decimon\u00f3nica. En este trabajo presentamos los resultados del an\u00e1lisis e interpretaci\u00f3n de materiales arqueol\u00f3gicos provenientes de una campa\u00f1a realizada en el PNBPJ. Estas tareas se realizaron en el marco de una Beca EVC-CIN y se continuar\u00e1n en una beca de experiencia laboral de la Facultad de Ciencias Naturales y Museo.\tCon el objetivo de conseguir informaci\u00f3n para dar una cronolog\u00eda relativa a las ocupaciones, as\u00ed como a la circulaci\u00f3n de bienes, se analizaron diversos materiales entre los que se encuentran restos v\u00edtreos, cer\u00e1micos y l\u00edticos, provenientes de basurales, teniendo en cuenta variables como procedencia, color, marcas de manufactura o postmanufactura, entre otras. Los resultados de esto nos presentan materiales de s.XX y de procedencia tanto local como importada.  En este sentido,  tambi\u00e9n se comenz\u00f3 un relevamiento de informaci\u00f3n en archivos (Archivo General de la Naci\u00f3n y Biblioteca Nacional Mariano Moreno) donde se consultaron las mapotecas, datos censales y se identificaron fondos, pendientes de revisi\u00f3n, que pueden contener informaci\u00f3n relevante para la historia de la ocupaci\u00f3n del \u00e1rea como el Fondo Isidoro Ruiz Moreno, con documentaci\u00f3n proveniente de la direcci\u00f3n general de territorios nacionales en princ. del S.XX . Adicionalmente, se hicieron tareas de conservaci\u00f3n sobre fotograf\u00edas antiguas encontradas en uno de los cascos de estancia, las cuales se identific\u00f3 que provienen de Noruega y Escocia.<\/span><\/div><\/summary><div class=\"a_unline\">Compartir: <a href=\"https:\/\/www.facebook.com\/sharer\/sharer.php?p[title]=Arqueolog\u00eda de la vida rural en el Macizo Central del Deseado, Santa Cruz (fines del siglo XIX y principios del siglo XX)&p[url]=http:\/\/sedici.unlp.edu.ar\/handle\/10915\/173347\" target=\"_blank\"><img decoding=\"async\" src=\"https:\/\/congresos.unlp.edu.ar\/ebec2024\/wp-content\/plugins\/wp-dspace\/media\/img\/share-facebook.png\" alt=\"Facebook logo\" title=\"Compartir en Facebook\">\n             <\/a>\n             <a href=\"https:\/\/twitter.com\/?status=Arqueolog\u00eda de la vida rural en el Macizo Central del Deseado, Santa Cruz (fines del siglo XIX y principios del siglo XX) http:\/\/sedici.unlp.edu.ar\/handle\/10915\/173347 via @sedici_unlp\" target=\"_blank\"><img decoding=\"async\" src=\"https:\/\/congresos.unlp.edu.ar\/ebec2024\/wp-content\/plugins\/wp-dspace\/media\/img\/share-twitter.png\" alt=\"Twitter logo\" title=\"Compartir en Twitter\"><\/a>\n             <a href=\"https:\/\/plus.google.com\/share?url=http:\/\/sedici.unlp.edu.ar\/handle\/10915\/173347\" target=\"_blank\"><img decoding=\"async\" src=\"https:\/\/congresos.unlp.edu.ar\/ebec2024\/wp-content\/plugins\/wp-dspace\/media\/img\/share-plus.png\" alt=\"Google+ logo\" title=\"Compartir en Google+\">\n             <\/a>\n             <a href=\"http:\/\/www.linkedin.com\/shareArticle?url=http:\/\/sedici.unlp.edu.ar\/handle\/10915\/173347\" target=\"_blank\"><img decoding=\"async\" src=\"https:\/\/congresos.unlp.edu.ar\/ebec2024\/wp-content\/plugins\/wp-dspace\/media\/img\/share-linkedin.png\" alt=\"Linkedin logo\" title=\"Compartir en Linkedin\">\n             <\/a>\n        <\/div><\/article><\/li><br><li><article style=\"padding:10px;border: 2px solid black;\">\n\t\t\t<title>Etnoarqueolog\u00eda en Londres de Quimivil<\/title>\n                        <div id=\"sedici-title\"> \n                            <a class=\"link\" href=\"http:\/\/sedici.unlp.edu.ar\/handle\/10915\/173209\" target=\"_blank\">Etnoarqueolog\u00eda en Londres de Quimivil<\/a>\n                        <\/div><div id=\"sedici-title\">Autores: <author><name><a href=https:\/\/sedici.unlp.edu.ar\/discover?filtertype=author&filter_relational_operator=equals&filter=Mui\u00f1a%2C%20Maria%20Florencia target=\"_blank\">Mui\u00f1a, Maria Florencia<\/a><\/name><\/author><\/div>\n                                   <p id=\"http:\/\/sedici.unlp.edu.ar\/handle\/10915\/173209\"> <\/p>\n                                   <published>\n                                        <div id=\"sedici-title\" >Fecha: <span class=\"sedici-content\">01\/01\/2024<\/span><\/div>\n                                    <\/published><summary> <div id=\"sedici-title\">Resumen:<span class=\"sedici-content\">Etnoarqueolog\u00eda en Londres de Quimivil. El \u00e1rea de estudio se ubica en la localidad de Londres, Departamento de Bel\u00e9n, provincia de Catamarca. Esta zona incluye el cono aluvial del r\u00edo Quimivil y la sierra del Shincal en el centro-oeste de la actual Catamarca, sectores que cuentan con una larga trayectoria de investigaciones, focalizadas en las particularidades de la ocupaci\u00f3n incaica del Noroeste argentino (NOA) entre los siglos XV y XVI.Los trabajos realizados en el marco de la tesis doctoral tienen por objetivo relevar la producci\u00f3n cer\u00e1mica contempor\u00e1nea de la localidad de Londres, como una manera de ampliar las interpretaciones sobre el registro arqueol\u00f3gico de las sociedades prehisp\u00e1nicas que habitaron la zona. Esta propuesta est\u00e1 en l\u00ednea con los enfoques cr\u00edticos de la etnoarqueolog\u00eda, en particular con la Arqueolog\u00eda del Presente. Es relevante destacar que la etnoarqueolog\u00eda actual ha problematizado el concepto de analog\u00eda directa entre elementos socioculturales actuales y pasados, y de esta manera trasciende la mera utilidad de datos etnogr\u00e1ficos e hist\u00f3ricos para la interpretaci\u00f3n del registro arqueol\u00f3gico, profundizando la comprensi\u00f3n de los procesos sociales y las formas en que las personas significan la cultura material, proponiendo de esta manera una pr\u00e1ctica novedosa que vincula el pasado y el presente<\/span><\/div><\/summary><div class=\"a_unline\">Compartir: <a href=\"https:\/\/www.facebook.com\/sharer\/sharer.php?p[title]=Etnoarqueolog\u00eda en Londres de Quimivil&p[url]=http:\/\/sedici.unlp.edu.ar\/handle\/10915\/173209\" target=\"_blank\"><img decoding=\"async\" src=\"https:\/\/congresos.unlp.edu.ar\/ebec2024\/wp-content\/plugins\/wp-dspace\/media\/img\/share-facebook.png\" alt=\"Facebook logo\" title=\"Compartir en Facebook\">\n             <\/a>\n             <a href=\"https:\/\/twitter.com\/?status=Etnoarqueolog\u00eda en Londres de Quimivil http:\/\/sedici.unlp.edu.ar\/handle\/10915\/173209 via @sedici_unlp\" target=\"_blank\"><img decoding=\"async\" src=\"https:\/\/congresos.unlp.edu.ar\/ebec2024\/wp-content\/plugins\/wp-dspace\/media\/img\/share-twitter.png\" alt=\"Twitter logo\" title=\"Compartir en Twitter\"><\/a>\n             <a href=\"https:\/\/plus.google.com\/share?url=http:\/\/sedici.unlp.edu.ar\/handle\/10915\/173209\" target=\"_blank\"><img decoding=\"async\" src=\"https:\/\/congresos.unlp.edu.ar\/ebec2024\/wp-content\/plugins\/wp-dspace\/media\/img\/share-plus.png\" alt=\"Google+ logo\" title=\"Compartir en Google+\">\n             <\/a>\n             <a href=\"http:\/\/www.linkedin.com\/shareArticle?url=http:\/\/sedici.unlp.edu.ar\/handle\/10915\/173209\" target=\"_blank\"><img decoding=\"async\" src=\"https:\/\/congresos.unlp.edu.ar\/ebec2024\/wp-content\/plugins\/wp-dspace\/media\/img\/share-linkedin.png\" alt=\"Linkedin logo\" title=\"Compartir en Linkedin\">\n             <\/a>\n        <\/div><\/article><\/li><br><li><article style=\"padding:10px;border: 2px solid black;\">\n\t\t\t<title>Usos del espacio en Capay\u00e1n (La Rioja) en el siglo XIX: an\u00e1lisis del registro construido<\/title>\n                        <div id=\"sedici-title\"> \n                            <a class=\"link\" href=\"http:\/\/sedici.unlp.edu.ar\/handle\/10915\/173186\" target=\"_blank\">Usos del espacio en Capay\u00e1n (La Rioja) en el siglo XIX: an\u00e1lisis del registro construido<\/a>\n                        <\/div><div id=\"sedici-title\">Autores: <author><name><a href=https:\/\/sedici.unlp.edu.ar\/discover?filtertype=author&filter_relational_operator=equals&filter=Chechi%2C%20Florencia%20Mariela target=\"_blank\">Chechi, Florencia Mariela<\/a><\/name><\/author><\/div>\n                                   <p id=\"http:\/\/sedici.unlp.edu.ar\/handle\/10915\/173186\"> <\/p>\n                                   <published>\n                                        <div id=\"sedici-title\" >Fecha: <span class=\"sedici-content\">01\/01\/2024<\/span><\/div>\n                                    <\/published><summary> <div id=\"sedici-title\">Resumen:<span class=\"sedici-content\">Las ruinas de Capay\u00e1n se ubican en el departamento de Chilecito, La Rioja, Argentina. Nunca fueron objeto de estudios sistem\u00e1ticos y solo existen breves referencias que indican que el sitio funcion\u00f3 como establecimiento metal\u00fargico durante la segunda mitad del siglo XIX, pero sin mayores destalles. No se conocen documentos gr\u00e1ficos o escritos que den cuenta de sus caracter\u00edsticas originales, desde cuando est\u00e1 ocupado o qu\u00e9 usos espec\u00edficos tuvo. En la actualidad se conservan en pie los restos de una docena de estructuras de adobe de entre 10 y 20 metros de largo, 4 a 5 metros de ancho, y 4 metros de altura, pero todos los techos y carpinter\u00edas han desaparecido. Las estructuras se distribuyen en una superficie de unas 8 hect\u00e1reas y presentan diferentes criterios de vinculaci\u00f3n entre s\u00ed; algunas articulan con una diagramaci\u00f3n ortogonal mientras que otras se ubican de forma aislada en el espacio, con distintas orientaciones. Se trata de una de las escasas instalaciones hist\u00f3ricas riojanas no religiosas que conserva parte de sus construcciones originales de adobe, aunque procesos de deterioro cada vez m\u00e1s agresivos ponen en riesgo su conservaci\u00f3n a largo plazo. El objetivo general de mi investigaci\u00f3n doctoral es caracterizar los modos y pr\u00e1cticas de construir y habitar en la regi\u00f3n durante el siglo XIX a partir del an\u00e1lisis de la materialidad de Capay\u00e1n como caso ejemplo. Los objetivos espec\u00edficos se orientan a establecer los motivos de la elecci\u00f3n del sitio para el desarrollo de una instalaci\u00f3n industrial; generar un registro cartogr\u00e1fico que refleje las relaciones espaciales de las estructuras; determinar las t\u00e9cnicas y materiales constructivos empleados y reconocer variaciones vinculables al uso de las estructuras; e identificar transformaciones en la arquitectura y registro material asociado como resultado del uso por parte de sus habitantes. La perspectiva adoptada para el desarrollo de la investigaci\u00f3n es una articulaci\u00f3n te\u00f3rico-metodol\u00f3gica de propuestas de la Arqueolog\u00eda de la Arquitectura en su versi\u00f3n europea y la Arqueolog\u00eda Hist\u00f3rica nacional, basada en la integraci\u00f3n de fuentes. Hasta este momento he realizado un an\u00e1lisis sistem\u00e1tico de la bibliograf\u00eda referida la sitio y de la documentaci\u00f3n disponible en diferentes archivos y bibliotecas. Asimismo concret\u00e9 dos campa\u00f1as destinadas a relevar las estructuras del sitio y generar un plano del mismo que sirva de base al an\u00e1lisis espacial y arquitect\u00f3nico pretendido e inici\u00e9 una caracterizaci\u00f3n de la materialidad conservada in situ. Las evidencias recuperadas indican que su fundaci\u00f3n se remontar\u00eda a cerca del a\u00f1o 1870, que en Capay\u00e1n se fund\u00edan minerales de cobre obtenidos en la sierra de Famatina y que parte de los residuos de la actividad fueron empleados como una novedosa materia prima constructiva.<\/span><\/div><\/summary><div class=\"a_unline\">Compartir: <a href=\"https:\/\/www.facebook.com\/sharer\/sharer.php?p[title]=Usos del espacio en Capay\u00e1n (La Rioja) en el siglo XIX: an\u00e1lisis del registro construido&p[url]=http:\/\/sedici.unlp.edu.ar\/handle\/10915\/173186\" target=\"_blank\"><img decoding=\"async\" src=\"https:\/\/congresos.unlp.edu.ar\/ebec2024\/wp-content\/plugins\/wp-dspace\/media\/img\/share-facebook.png\" alt=\"Facebook logo\" title=\"Compartir en Facebook\">\n             <\/a>\n             <a href=\"https:\/\/twitter.com\/?status=Usos del espacio en Capay\u00e1n (La Rioja) en el siglo XIX: an\u00e1lisis del registro construido http:\/\/sedici.unlp.edu.ar\/handle\/10915\/173186 via @sedici_unlp\" target=\"_blank\"><img decoding=\"async\" src=\"https:\/\/congresos.unlp.edu.ar\/ebec2024\/wp-content\/plugins\/wp-dspace\/media\/img\/share-twitter.png\" alt=\"Twitter logo\" title=\"Compartir en Twitter\"><\/a>\n             <a href=\"https:\/\/plus.google.com\/share?url=http:\/\/sedici.unlp.edu.ar\/handle\/10915\/173186\" target=\"_blank\"><img decoding=\"async\" src=\"https:\/\/congresos.unlp.edu.ar\/ebec2024\/wp-content\/plugins\/wp-dspace\/media\/img\/share-plus.png\" alt=\"Google+ logo\" title=\"Compartir en Google+\">\n             <\/a>\n             <a href=\"http:\/\/www.linkedin.com\/shareArticle?url=http:\/\/sedici.unlp.edu.ar\/handle\/10915\/173186\" target=\"_blank\"><img decoding=\"async\" src=\"https:\/\/congresos.unlp.edu.ar\/ebec2024\/wp-content\/plugins\/wp-dspace\/media\/img\/share-linkedin.png\" alt=\"Linkedin logo\" title=\"Compartir en Linkedin\">\n             <\/a>\n        <\/div><\/article><\/li><br><li><article style=\"padding:10px;border: 2px solid black;\">\n\t\t\t<title>Usos del espacio en Capay\u00e1n (La Rioja) en los siglos XVIII y XIX: an\u00e1lisis del registro construido<\/title>\n                        <div id=\"sedici-title\"> \n                            <a class=\"link\" href=\"http:\/\/sedici.unlp.edu.ar\/handle\/10915\/173151\" target=\"_blank\">Usos del espacio en Capay\u00e1n (La Rioja) en los siglos XVIII y XIX: an\u00e1lisis del registro construido<\/a>\n                        <\/div><div id=\"sedici-title\">Autores: <author><name><a href=https:\/\/sedici.unlp.edu.ar\/discover?filtertype=author&filter_relational_operator=equals&filter=Chechi%2C%20Florencia%20Mariela target=\"_blank\">Chechi, Florencia Mariela<\/a><\/name><\/author><\/div>\n                                   <p id=\"http:\/\/sedici.unlp.edu.ar\/handle\/10915\/173151\"> <\/p>\n                                   <published>\n                                        <div id=\"sedici-title\" >Fecha: <span class=\"sedici-content\">01\/01\/2024<\/span><\/div>\n                                    <\/published><summary> <div id=\"sedici-title\">Resumen:<span class=\"sedici-content\">Las ruinas de Capay\u00e1n se ubican en el departamento de Chilecito, La Rioja, Argentina. Nunca fueron objeto de estudios sistem\u00e1ticos y solo existen breves referencias que indican que el sitio funcion\u00f3 como establecimiento metal\u00fargico durante la segunda mitad del siglo XIX, pero sin mayores destalles. No se conocen documentos gr\u00e1ficos o escritos que den cuenta de sus caracter\u00edsticas originales, desde cuando est\u00e1 ocupado o qu\u00e9 usos espec\u00edficos tuvo. En la actualidad se conservan en pie los restos de una docena de estructuras de adobe de entre 10 y 20 metros de largo, 4 a 5 metros de ancho, y 4 metros de altura, pero todos los techos y carpinter\u00edas han desaparecido. Las estructuras se distribuyen en una superficie de unas 8 hect\u00e1reas y presentan diferentes criterios de vinculaci\u00f3n entre s\u00ed; algunas articulan con una diagramaci\u00f3n ortogonal mientras que otras se ubican de forma aislada en el espacio, con distintas orientaciones. Se trata de una de las escasas instalaciones hist\u00f3ricas riojanas no religiosas que conserva parte de sus construcciones originales de adobe, aunque procesos de deterioro cada vez m\u00e1s agresivos ponen en riesgo su conservaci\u00f3n a largo plazo. El objetivo general de mi investigaci\u00f3n doctoral es caracterizar los modos y pr\u00e1cticas de construir y habitar en la regi\u00f3n durante el siglo XIX a partir del an\u00e1lisis de la materialidad de Capay\u00e1n como caso ejemplo. Los objetivos espec\u00edficos se orientan a establecer los motivos de la elecci\u00f3n del sitio para el desarrollo de una instalaci\u00f3n industrial; generar un registro cartogr\u00e1fico que refleje las relaciones espaciales de las estructuras; determinar las t\u00e9cnicas y materiales constructivos empleados y reconocer variaciones vinculables al uso de las estructuras; e identificar transformaciones en la arquitectura y registro material asociado como resultado del uso por parte de sus habitantes. La perspectiva adoptada para el desarrollo de la investigaci\u00f3n es una articulaci\u00f3n te\u00f3rico-metodol\u00f3gica de propuestas de la Arqueolog\u00eda de la Arquitectura en su versi\u00f3n europea y la Arqueolog\u00eda Hist\u00f3rica nacional, basada en la integraci\u00f3n de fuentes. Hasta este momento he realizado un an\u00e1lisis sistem\u00e1tico de la bibliograf\u00eda referida la sitio y de la documentaci\u00f3n disponible en diferentes archivos y bibliotecas. Asimismo concret\u00e9 dos campa\u00f1as destinadas a relevar las estructuras del sitio y generar un plano del mismo que sirva de base al an\u00e1lisis espacial y arquitect\u00f3nico pretendido e inici\u00e9 una caracterizaci\u00f3n de la materialidad conservada in situ. Las evidencias recuperadas indican que su fundaci\u00f3n se remontar\u00eda a cerca del a\u00f1o 1870, que en Capay\u00e1n se fund\u00edan minerales de cobre obtenidos en la sierra de Famatina y que parte de los residuos de la actividad fueron empleados como una novedosa materia prima constructiva.<\/span><\/div><\/summary><div class=\"a_unline\">Compartir: <a href=\"https:\/\/www.facebook.com\/sharer\/sharer.php?p[title]=Usos del espacio en Capay\u00e1n (La Rioja) en los siglos XVIII y XIX: an\u00e1lisis del registro construido&p[url]=http:\/\/sedici.unlp.edu.ar\/handle\/10915\/173151\" target=\"_blank\"><img decoding=\"async\" src=\"https:\/\/congresos.unlp.edu.ar\/ebec2024\/wp-content\/plugins\/wp-dspace\/media\/img\/share-facebook.png\" alt=\"Facebook logo\" title=\"Compartir en Facebook\">\n             <\/a>\n             <a href=\"https:\/\/twitter.com\/?status=Usos del espacio en Capay\u00e1n (La Rioja) en los siglos XVIII y XIX: an\u00e1lisis del registro construido http:\/\/sedici.unlp.edu.ar\/handle\/10915\/173151 via @sedici_unlp\" target=\"_blank\"><img decoding=\"async\" src=\"https:\/\/congresos.unlp.edu.ar\/ebec2024\/wp-content\/plugins\/wp-dspace\/media\/img\/share-twitter.png\" alt=\"Twitter logo\" title=\"Compartir en Twitter\"><\/a>\n             <a href=\"https:\/\/plus.google.com\/share?url=http:\/\/sedici.unlp.edu.ar\/handle\/10915\/173151\" target=\"_blank\"><img decoding=\"async\" src=\"https:\/\/congresos.unlp.edu.ar\/ebec2024\/wp-content\/plugins\/wp-dspace\/media\/img\/share-plus.png\" alt=\"Google+ logo\" title=\"Compartir en Google+\">\n             <\/a>\n             <a href=\"http:\/\/www.linkedin.com\/shareArticle?url=http:\/\/sedici.unlp.edu.ar\/handle\/10915\/173151\" target=\"_blank\"><img decoding=\"async\" src=\"https:\/\/congresos.unlp.edu.ar\/ebec2024\/wp-content\/plugins\/wp-dspace\/media\/img\/share-linkedin.png\" alt=\"Linkedin logo\" title=\"Compartir en Linkedin\">\n             <\/a>\n        <\/div><\/article><\/li><br><\/ul>\n            <div class=\"page_navigation \" ><\/div>\n            <\/div>\n","protected":false},"excerpt":{"rendered":"","protected":false},"author":163,"featured_media":0,"parent":0,"menu_order":0,"comment_status":"closed","ping_status":"closed","template":"","meta":{"advgb_blocks_editor_width":"","advgb_blocks_columns_visual_guide":"","footnotes":""},"class_list":["post-294","page","type-page","status-publish","hentry","post"],"aioseo_notices":[],"coauthors":[],"author_meta":{"author_link":"https:\/\/congresos.unlp.edu.ar\/ebec2024\/author\/lautarojosin\/","display_name":"lautarojosin"},"relative_dates":{"created":"Posted 3 a\u00f1os ago","modified":"Updated 1 a\u00f1o ago"},"absolute_dates":{"created":"Posted on 15 noviembre, 2022","modified":"Updated on 20 noviembre, 2024"},"absolute_dates_time":{"created":"Posted on 15 noviembre, 2022 10:41 am","modified":"Updated on 20 noviembre, 2024 8:42 am"},"featured_img_caption":"","featured_img":false,"series_order":"","_links":{"self":[{"href":"https:\/\/congresos.unlp.edu.ar\/ebec2024\/wp-json\/wp\/v2\/pages\/294","targetHints":{"allow":["GET"]}}],"collection":[{"href":"https:\/\/congresos.unlp.edu.ar\/ebec2024\/wp-json\/wp\/v2\/pages"}],"about":[{"href":"https:\/\/congresos.unlp.edu.ar\/ebec2024\/wp-json\/wp\/v2\/types\/page"}],"author":[{"embeddable":true,"href":"https:\/\/congresos.unlp.edu.ar\/ebec2024\/wp-json\/wp\/v2\/users\/163"}],"replies":[{"embeddable":true,"href":"https:\/\/congresos.unlp.edu.ar\/ebec2024\/wp-json\/wp\/v2\/comments?post=294"}],"version-history":[{"count":0,"href":"https:\/\/congresos.unlp.edu.ar\/ebec2024\/wp-json\/wp\/v2\/pages\/294\/revisions"}],"wp:attachment":[{"href":"https:\/\/congresos.unlp.edu.ar\/ebec2024\/wp-json\/wp\/v2\/media?parent=294"}],"curies":[{"name":"wp","href":"https:\/\/api.w.org\/{rel}","templated":true}]}}