{"id":293,"date":"2024-10-08T10:27:21","date_gmt":"2024-10-08T13:27:21","guid":{"rendered":"https:\/\/congresos.unlp.edu.ar\/ebec2024\/?page_id=293"},"modified":"2024-11-01T11:16:03","modified_gmt":"2024-11-01T14:16:03","slug":"comite-organizador-2","status":"publish","type":"page","link":"https:\/\/congresos.unlp.edu.ar\/ebec2024\/comite-organizador-2\/","title":{"rendered":"Comit\u00e9 Organizador 2024"},"content":{"rendered":"<ul>\n<li><strong>Nicol\u00e1s M. Rendtorff<\/strong> \u2013 Secretario de Ciencia y T\u00e9cnica<\/li>\n<li><strong>Juan M. Devida<\/strong>\u2013 Secretar\u00eda de\u00a0 Ciencia y T\u00e9cnica<\/li>\n<li><strong>Natalia Paz C\u00e1rdenas Am\u00e9stica<\/strong> \u2013 Secretar\u00eda de Ciencia y T\u00e9cnica<\/li>\n<li><strong>Ramiro Fern\u00e1ndez<\/strong> &#8211; Secretar\u00eda de Ciencia y T\u00e9cnica<\/li>\n<li><strong>Malena Taube<\/strong> &#8211; Secretar\u00eda\u00a0 de Ciencia y T\u00e9cnica<\/li>\n<\/ul>\n<p><strong>Representantes de las Unidades Acad\u00e9micas<\/strong><\/p>\n<ul>\n<li><strong>\u00a0Ana Helena G\u00f3mez<\/strong><strong>\u00a0<\/strong>\u00a0\u2013 Facultad de Arquitectura y Urbanismo<\/li>\n<li><strong>Mait\u00e9 Rodr\u00edguez<\/strong>\u00a0 \u2013 Facultad de Artes<\/li>\n<li><strong>Nicol\u00e1s Porto &#8211; Luciana Dell\u2019Arciprete<\/strong>\u00a0 \u2013 Facultad de Ciencias Agrarias y Forestales<\/li>\n<li><strong>Juan Manuel Casta\u00f1o<\/strong> \u2013 Facultad de Ciencias Astron\u00f3micas y Geof\u00edsicas<\/li>\n<li><strong>Estefan\u00eda Solari <\/strong>\u00a0\u2013 Facultad de Ciencias Econ\u00f3micas<\/li>\n<li><strong>Yamil Chain\u00a0<\/strong> \u2013 Facultad de Ciencias Exactas<\/li>\n<li><strong>Felipe Ruiz Dienemann<\/strong>\u00a0 \u2013 Facultad de Ciencias Jur\u00eddicas y Sociales<\/li>\n<li><strong>Luciana Olmedo <\/strong>\u00a0\u2013 Facultad de Ciencias M\u00e9dicas<\/li>\n<li><strong>Juana Fuertes<\/strong>\u00a0\u2013 Facultad de Ciencias Naturales y Museo<\/li>\n<li><strong>Alejandra Larsen <\/strong>\u00a0\u2013 Facultad de Ciencias Veterinarias<\/li>\n<li><strong>Cipriano Ferreyra<\/strong> \u2013 Facultad de Humanidades y Ciencias de la Educaci\u00f3n<\/li>\n<li><strong>Waldo Hasperue<\/strong>\u00a0 \u2013 Facultad de Inform\u00e1tica<\/li>\n<li><strong>Leandro Grasso<\/strong>\u00a0 \u2013 Facultad de Ingenier\u00eda<\/li>\n<li><strong>Silvina Di Bastiano<\/strong>\u00a0 \u2013 Facultad de Odontolog\u00eda<\/li>\n<li><strong>Virginia C\u00e1neva <\/strong>\u00a0\u2013 Facultad de Periodismo y Comunicaci\u00f3n Social<\/li>\n<li><strong>Joaqu\u00edn Bartoli<\/strong>\u00a0 \u2013 Facultad de Psicolog\u00eda<\/li>\n<li><strong>Canela Gavrila\u00a0 <\/strong>\u00a0\u2013 Facultad de Trabajo Social<\/li>\n<\/ul>\n","protected":false},"excerpt":{"rendered":"<p>Nicol\u00e1s M. Rendtorff \u2013 Secretario de Ciencia y T\u00e9cnica Juan M. Devida\u2013 Secretar\u00eda de\u00a0 Ciencia y T\u00e9cnica Natalia Paz C\u00e1rdenas Am\u00e9stica \u2013 Secretar\u00eda de Ciencia y T\u00e9cnica Ramiro Fern\u00e1ndez &#8211; Secretar\u00eda de Ciencia y T\u00e9cnica Malena Taube &#8211; Secretar\u00eda\u00a0 de Ciencia y T\u00e9cnica Representantes de las Unidades Acad\u00e9micas \u00a0Ana Helena G\u00f3mez\u00a0\u00a0\u2013 Facultad de Arquitectura y [&hellip;]<\/p>\n","protected":false},"author":163,"featured_media":0,"parent":0,"menu_order":0,"comment_status":"closed","ping_status":"closed","template":"","meta":{"advgb_blocks_editor_width":"","advgb_blocks_columns_visual_guide":"","footnotes":""},"class_list":["post-293","page","type-page","status-publish","hentry","post"],"aioseo_notices":[],"coauthors":[],"author_meta":{"author_link":"https:\/\/congresos.unlp.edu.ar\/ebec2024\/author\/lautarojosin\/","display_name":"lautarojosin"},"relative_dates":{"created":"Posted 2 a\u00f1os ago","modified":"Updated 1 a\u00f1o ago"},"absolute_dates":{"created":"Posted on 8 octubre, 2024","modified":"Updated on 1 noviembre, 2024"},"absolute_dates_time":{"created":"Posted on 8 octubre, 2024 10:27 am","modified":"Updated on 1 noviembre, 2024 11:16 am"},"featured_img_caption":"","featured_img":false,"series_order":"","_links":{"self":[{"href":"https:\/\/congresos.unlp.edu.ar\/ebec2024\/wp-json\/wp\/v2\/pages\/293","targetHints":{"allow":["GET"]}}],"collection":[{"href":"https:\/\/congresos.unlp.edu.ar\/ebec2024\/wp-json\/wp\/v2\/pages"}],"about":[{"href":"https:\/\/congresos.unlp.edu.ar\/ebec2024\/wp-json\/wp\/v2\/types\/page"}],"author":[{"embeddable":true,"href":"https:\/\/congresos.unlp.edu.ar\/ebec2024\/wp-json\/wp\/v2\/users\/163"}],"replies":[{"embeddable":true,"href":"https:\/\/congresos.unlp.edu.ar\/ebec2024\/wp-json\/wp\/v2\/comments?post=293"}],"version-history":[{"count":0,"href":"https:\/\/congresos.unlp.edu.ar\/ebec2024\/wp-json\/wp\/v2\/pages\/293\/revisions"}],"wp:attachment":[{"href":"https:\/\/congresos.unlp.edu.ar\/ebec2024\/wp-json\/wp\/v2\/media?parent=293"}],"curies":[{"name":"wp","href":"https:\/\/api.w.org\/{rel}","templated":true}]}}

Comité Organizador 2024

<ul>
<li><strong>Nicolás M. Rendtorff</strong> – Secretario de Ciencia y Técnica</li>
<li><strong>Juan M. Devida</strong>– Secretaría de  Ciencia y Técnica</li>
<li><strong>Natalia Paz Cárdenas Améstica</strong> – Secretaría de Ciencia y Técnica</li>
<li><strong>Ramiro Fernández</strong> &#8211; Secretaría de Ciencia y Técnica</li>
<li><strong>Malena Taube</strong> &#8211; Secretaría  de Ciencia y Técnica</li>
</ul>
<p><strong>Representantes de las Unidades Académicas</strong></p>
<ul>
<li><strong> Ana Helena Gómez</strong><strong> </strong> – Facultad de Arquitectura y Urbanismo</li>
<li><strong>Maité Rodríguez</strong>  – Facultad de Artes</li>
<li><strong>Nicolás Porto &#8211; Luciana Dell’Arciprete</strong>  – Facultad de Ciencias Agrarias y Forestales</li>
<li><strong>Juan Manuel Castaño</strong> – Facultad de Ciencias Astronómicas y Geofísicas</li>
<li><strong>Estefanía Solari </strong> – Facultad de Ciencias Económicas</li>
<li><strong>Yamil Chain </strong> – Facultad de Ciencias Exactas</li>
<li><strong>Felipe Ruiz Dienemann</strong>  – Facultad de Ciencias Jurídicas y Sociales</li>
<li><strong>Luciana Olmedo </strong> – Facultad de Ciencias Médicas</li>
<li><strong>Juana Fuertes</strong> – Facultad de Ciencias Naturales y Museo</li>
<li><strong>Alejandra Larsen </strong> – Facultad de Ciencias Veterinarias</li>
<li><strong>Cipriano Ferreyra</strong> – Facultad de Humanidades y Ciencias de la Educación</li>
<li><strong>Waldo Hasperue</strong>  – Facultad de Informática</li>
<li><strong>Leandro Grasso</strong>  – Facultad de Ingeniería</li>
<li><strong>Silvina Di Bastiano</strong>  – Facultad de Odontología</li>
<li><strong>Virginia Cáneva </strong> – Facultad de Periodismo y Comunicación Social</li>
<li><strong>Joaquín Bartoli</strong>  – Facultad de Psicología</li>
<li><strong>Canela Gavrila  </strong> – Facultad de Trabajo Social</li>
</ul>

<p>Nicolás M. Rendtorff – Secretario de Ciencia y Técnica Juan M. Devida– Secretaría de  Ciencia y Técnica Natalia Paz Cárdenas Améstica – Secretaría de Ciencia y Técnica Ramiro Fernández &#8211; Secretaría de Ciencia y Técnica Malena Taube &#8211; Secretaría  de Ciencia y Técnica Representantes de las Unidades Académicas  Ana Helena Gómez  – Facultad de Arquitectura y [&hellip;]</p>

Posted 2 años ago

Updated 1 año ago
