{"id":176,"date":"2022-11-14T14:42:37","date_gmt":"2022-11-14T17:42:37","guid":{"rendered":"https:\/\/congresos.unlp.edu.ar\/ebec2024\/?page_id=176"},"modified":"2024-11-15T20:41:36","modified_gmt":"2024-11-15T23:41:36","slug":"talleres","status":"publish","type":"page","link":"https:\/\/congresos.unlp.edu.ar\/ebec2024\/talleres\/","title":{"rendered":"Talleres"},"content":{"rendered":"<p>Los talleres, conferencias, y mesas redondas se realizar\u00e1n <strong>durante la jornada del d\u00eda mi\u00e9rcoles 20 de Noviembre.<\/strong><\/p>\n<p>La participaci\u00f3n al encuentro conlleva la inscripci\u00f3n previa con envi\u00f3 de res\u00famenes, y la participaci\u00f3n presencial a las actividades que se desarrollen el d\u00eda del encuentro. <strong>Ambas condiciones son de car\u00e1cter obligatorio para la certificaci\u00f3n y la publicaci\u00f3n de los res\u00famenes.<\/strong><\/p>\n<p>Debido al cupo para los talleres, mesas redondas y conversatorios; se realizar\u00e1 una inscripci\u00f3n para cada bloque de actividades, debiendo inscribirse a dos talleres por bloque: una primera opci\u00f3n y una segunda opci\u00f3n en caso<\/p>\n<p style=\"text-align: center\">TALLERES &#8211;<a href=\"https:\/\/docs.google.com\/forms\/d\/e\/1FAIpQLSdaN6dgV9Y6mNAmgCbss-xNpyX4IL2c_309fPzPS0clUTWBZQ\/viewform\"><strong> FORMULARIO DE INSCRIPCI\u00d3N<\/strong><\/a><br \/>\n<a href=\"https:\/\/congresos.unlp.edu.ar\/ebec2024\/wp-content\/uploads\/sites\/89\/2024\/11\/TALLER-2024-1r-bloque.pdf\" class=\"su-button su-button-style-flat\" style=\"color:#FFFFFF;background-color:#2dc1ef;border-color:#249bc0;border-radius:5px\" target=\"_blank\" rel=\"noopener noreferrer\"><span style=\"color:#FFFFFF;padding:0px 16px;font-size:13px;line-height:26px;border-color:#6cd4f4;border-radius:5px;text-shadow:none\">  Bloque 1 | 11 a 13 hrs<\/span><\/a>\u00a0 \u00a0 <a href=\"https:\/\/congresos.unlp.edu.ar\/ebec2024\/wp-content\/uploads\/sites\/89\/2024\/11\/TALLER-2024-bloque-2.pdf\" class=\"su-button su-button-style-flat\" style=\"color:#FFFFFF;background-color:#2dc1ef;border-color:#249bc0;border-radius:5px\" target=\"_blank\" rel=\"noopener noreferrer\"><span style=\"color:#FFFFFF;padding:0px 16px;font-size:13px;line-height:26px;border-color:#6cd4f4;border-radius:5px;text-shadow:none\">  Bloque 2 | 14:30 a 16:30 hrs<\/span><\/a>\n<p>Todas las actividades fueron coordinadas por el Comit\u00e9 Organizador integrado por las 17 Facultades, a fin de pensar la jornada de manera transdisciplinaria y que aborde diversos debates de manera global.<\/p>\n","protected":false},"excerpt":{"rendered":"<p>Los talleres, conferencias, y mesas redondas se realizar\u00e1n durante la jornada del d\u00eda mi\u00e9rcoles 20 de Noviembre. La participaci\u00f3n al encuentro conlleva la inscripci\u00f3n previa con envi\u00f3 de res\u00famenes, y la participaci\u00f3n presencial a las actividades que se desarrollen el d\u00eda del encuentro. Ambas condiciones son de car\u00e1cter obligatorio para la certificaci\u00f3n y la publicaci\u00f3n [&hellip;]<\/p>\n","protected":false},"author":155,"featured_media":0,"parent":0,"menu_order":0,"comment_status":"closed","ping_status":"closed","template":"","meta":{"advgb_blocks_editor_width":"","advgb_blocks_columns_visual_guide":"","footnotes":""},"class_list":["post-176","page","type-page","status-publish","hentry","post"],"aioseo_notices":[],"coauthors":[],"author_meta":{"author_link":"https:\/\/congresos.unlp.edu.ar\/ebec2024\/author\/jmdevida\/","display_name":"jmdevida"},"relative_dates":{"created":"Posted 3 a\u00f1os ago","modified":"Updated 1 a\u00f1o ago"},"absolute_dates":{"created":"Posted on 14 noviembre, 2022","modified":"Updated on 15 noviembre, 2024"},"absolute_dates_time":{"created":"Posted on 14 noviembre, 2022 2:42 pm","modified":"Updated on 15 noviembre, 2024 8:41 pm"},"featured_img_caption":"","featured_img":false,"series_order":"","_links":{"self":[{"href":"https:\/\/congresos.unlp.edu.ar\/ebec2024\/wp-json\/wp\/v2\/pages\/176","targetHints":{"allow":["GET"]}}],"collection":[{"href":"https:\/\/congresos.unlp.edu.ar\/ebec2024\/wp-json\/wp\/v2\/pages"}],"about":[{"href":"https:\/\/congresos.unlp.edu.ar\/ebec2024\/wp-json\/wp\/v2\/types\/page"}],"author":[{"embeddable":true,"href":"https:\/\/congresos.unlp.edu.ar\/ebec2024\/wp-json\/wp\/v2\/users\/155"}],"replies":[{"embeddable":true,"href":"https:\/\/congresos.unlp.edu.ar\/ebec2024\/wp-json\/wp\/v2\/comments?post=176"}],"version-history":[{"count":0,"href":"https:\/\/congresos.unlp.edu.ar\/ebec2024\/wp-json\/wp\/v2\/pages\/176\/revisions"}],"wp:attachment":[{"href":"https:\/\/congresos.unlp.edu.ar\/ebec2024\/wp-json\/wp\/v2\/media?parent=176"}],"curies":[{"name":"wp","href":"https:\/\/api.w.org\/{rel}","templated":true}]}}