{"id":518,"date":"2022-11-18T10:22:25","date_gmt":"2022-11-18T13:22:25","guid":{"rendered":"https:\/\/congresos.unlp.edu.ar\/ebec2022\/?page_id=518"},"modified":"2022-11-18T10:23:56","modified_gmt":"2022-11-18T13:23:56","slug":"negocios_gestion_y_contabilidad","status":"publish","type":"page","link":"https:\/\/congresos.unlp.edu.ar\/ebec2022\/negocios_gestion_y_contabilidad\/","title":{"rendered":"Negocios, Gesti\u00f3n y Contabilidad"},"content":{"rendered":"<div class=\"wpDspace itemsPagination  noPagination\" id=\"page_container_69dcd716e294d\"><ul class=\"content\"><li><article style=\"padding:10px;border: 2px solid black;\">\n\t\t\t<title>Impactos por la aplicaci\u00f3n de la NIIF 16 en la informaci\u00f3n contable y en su utilidad<\/title>\n                        <div id=\"sedici-title\"> \n                            <a class=\"link\" href=\"http:\/\/sedici.unlp.edu.ar\/handle\/10915\/145527\" target=\"_blank\">Impactos por la aplicaci\u00f3n de la NIIF 16 en la informaci\u00f3n contable y en su utilidad<\/a>\n                        <\/div><div id=\"sedici-title\">Autores: <author><name><a href=http:\/\/sedici.unlp.edu.ar\/discover?filtertype=author&filter_relational_operator=equals&filter=Caivano%2C%20Giuliana target=\"_blank\">Caivano, Giuliana<\/a><\/name><\/author><\/div><a class=\"btn-dspace-show\"><i style=\"font-size: 3em;\" class=\"displayDesc fas fa-angle-down\" aria-hidden=\"true\"><\/i><\/a>\n                    <a class=\"btn-dspace-hide\" style=\"display:none;\"><i style=\"font-size: 3em;\" class=\"displayDesc fas fa-angle-up\" aria-hidden=\"true\"><\/i><\/a>\n                    <div class=\"avancedDescription\" style=\"display:none;\">\n                                   <p id=\"http:\/\/sedici.unlp.edu.ar\/handle\/10915\/145527\"> <\/p>\n                                   <published>\n                                        <div id=\"sedici-title\" >Fecha: <span class=\"sedici-content\">01\/01\/2022<\/span><\/div>\n                                    <\/published><summary> <div id=\"sedici-title\">Resumen:<span class=\"sedici-content\">En enero de 2016, el International Accounting Standards Board (IASB) emiti\u00f3 la Norma Internacional de Informaci\u00f3n Financiera (NIIF) 16 \u201cArrendamientos\u201d, que reemplaz\u00f3 a la Norma Internacional de Contabilidad (NIC) 17, resultando de aplicaci\u00f3n obligatoria para los ejercicios iniciados a partir del 1\u00b0 de enero de 2019. De este modo, la NIIF 16 establece nuevas reglas para el reconocimiento y medici\u00f3n de los arrendamientos, que conllevan un cambio de valor para los elementos reconocidos en los estados financieros, as\u00ed como para los indicadores calculados en base a \u00e9stos. La NIC 17 permit\u00eda la clasificaci\u00f3n de los contratos de arrendamiento en financieros (cuyos activos y pasivos asociados eran revelados por el arrendatario en el estado de situaci\u00f3n financiera) y operativos (para los cuales el arrendatario s\u00f3lo informaba en notas). De este modo, la NIC 17 no permit\u00eda revelar en el juego de estados contables una imagen completa de los activos que se controlaban y utilizaban para realizar las actividades ni de los pasivos asociados a los contratos de arrendamiento. En consecuencia, la informaci\u00f3n proporcionada por los estados financieros no era suficiente para que los inversionistas y analistas tomen decisiones.Con la nueva normativa, las entidades deben reconocer un activo y un pasivo de arrendamiento. De este modo, surge la inc\u00f3gnita acerca de qu\u00e9 impacto genera el cambio de normativa, en la informaci\u00f3n contable y en la utilidad de la misma. Por otra parte, ante la situaci\u00f3n de emergencia por la pandemia de Covid-19, el IASB emiti\u00f3 en mayo de 2020 una enmienda a la NIIF 16, titulada \u201cConcesiones de alquiler relacionadas con el Covid-19\u201d, debido a que muchos arrendadores decidieron proporcionar reducciones de alquiler a los arrendatarios. Tal modificaci\u00f3n autoriz\u00f3 a los arrendatarios a no contabilizar las concesiones de alquiler como modificaciones del arrendamiento si son consecuencia directa del Covid-19. Dicha enmienda aplica a las concesiones de arrendamiento hasta el 30 de junio de 2022. La contabilidad resultante y la utilidad de la informaci\u00f3n proporcionada por la misma, depender\u00e1 de los detalles de la concesi\u00f3n de alquiler.En este sentido, resulta necesario profundizar en investigaciones doctrinarias y emp\u00edricas sobre la utilidad de la informaci\u00f3n presente en los estados financieros de publicaci\u00f3n, debido a que estos \u00faltimos representan el producto m\u00e1s difundido del sistema de informaci\u00f3n contable, y la informaci\u00f3n contenida en los mismos deber\u00eda ser de utilidad para la toma de decisiones. En el \u00e1mbito internacional se han realizado numerosas investigaciones que abordan esta tem\u00e1tica, no obstante, la investigaci\u00f3n propuesta no tiene antecedentes en nuestro pa\u00eds.De acuerdo a lo mencionado, el objetivo general de la investigaci\u00f3n estar\u00e1 orientado a analizar los impactos ocasionados por el cambio normativo en lo relativo a la medici\u00f3n y reconocimiento de los activos y pasivos por arrendamientos operativos.<\/span><\/div><\/summary><div class=\"a_unline\">Compartir: <a href=\"https:\/\/www.facebook.com\/sharer\/sharer.php?p[title]=Impactos por la aplicaci\u00f3n de la NIIF 16 en la informaci\u00f3n contable y en su utilidad&p[url]=http:\/\/sedici.unlp.edu.ar\/handle\/10915\/145527\" target=\"_blank\"><img decoding=\"async\" src=\"https:\/\/congresos.unlp.edu.ar\/ebec2022\/wp-content\/plugins\/wp-dspace\/media\/img\/share-facebook.png\" alt=\"Facebook logo\" title=\"Compartir en Facebook\">\n             <\/a>\n             <a href=\"https:\/\/twitter.com\/?status=Impactos por la aplicaci\u00f3n de la NIIF 16 en la informaci\u00f3n contable y en su utilidad http:\/\/sedici.unlp.edu.ar\/handle\/10915\/145527 via @sedici_unlp\" target=\"_blank\"><img decoding=\"async\" src=\"https:\/\/congresos.unlp.edu.ar\/ebec2022\/wp-content\/plugins\/wp-dspace\/media\/img\/share-twitter.png\" alt=\"Twitter logo\" title=\"Compartir en Twitter\"><\/a>\n             <a href=\"https:\/\/plus.google.com\/share?url=http:\/\/sedici.unlp.edu.ar\/handle\/10915\/145527\" target=\"_blank\"><img decoding=\"async\" src=\"https:\/\/congresos.unlp.edu.ar\/ebec2022\/wp-content\/plugins\/wp-dspace\/media\/img\/share-plus.png\" alt=\"Google+ logo\" title=\"Compartir en Google+\">\n             <\/a>\n             <a href=\"http:\/\/www.linkedin.com\/shareArticle?url=http:\/\/sedici.unlp.edu.ar\/handle\/10915\/145527\" target=\"_blank\"><img decoding=\"async\" src=\"https:\/\/congresos.unlp.edu.ar\/ebec2022\/wp-content\/plugins\/wp-dspace\/media\/img\/share-linkedin.png\" alt=\"Linkedin logo\" title=\"Compartir en Linkedin\">\n             <\/a>\n        <\/div><\/div><\/article><\/li><br><\/ul>\n            <div class=\"page_navigation \" ><\/div>\n            <\/div>\n","protected":false},"excerpt":{"rendered":"","protected":false},"author":161,"featured_media":0,"parent":0,"menu_order":0,"comment_status":"closed","ping_status":"closed","template":"","meta":{"advgb_blocks_editor_width":"","advgb_blocks_columns_visual_guide":"","footnotes":""},"class_list":["post-518","page","type-page","status-publish","hentry","post"],"aioseo_notices":[],"coauthors":[],"author_meta":{"author_link":"https:\/\/congresos.unlp.edu.ar\/ebec2022\/author\/pablot\/","display_name":"pablot"},"relative_dates":{"created":"Posted 3 a\u00f1os ago","modified":"Updated 3 a\u00f1os ago"},"absolute_dates":{"created":"Posted on 18 noviembre, 2022","modified":"Updated on 18 noviembre, 2022"},"absolute_dates_time":{"created":"Posted on 18 noviembre, 2022 10:22 am","modified":"Updated on 18 noviembre, 2022 10:23 am"},"featured_img_caption":"","featured_img":false,"series_order":"","_links":{"self":[{"href":"https:\/\/congresos.unlp.edu.ar\/ebec2022\/wp-json\/wp\/v2\/pages\/518","targetHints":{"allow":["GET"]}}],"collection":[{"href":"https:\/\/congresos.unlp.edu.ar\/ebec2022\/wp-json\/wp\/v2\/pages"}],"about":[{"href":"https:\/\/congresos.unlp.edu.ar\/ebec2022\/wp-json\/wp\/v2\/types\/page"}],"author":[{"embeddable":true,"href":"https:\/\/congresos.unlp.edu.ar\/ebec2022\/wp-json\/wp\/v2\/users\/161"}],"replies":[{"embeddable":true,"href":"https:\/\/congresos.unlp.edu.ar\/ebec2022\/wp-json\/wp\/v2\/comments?post=518"}],"version-history":[{"count":0,"href":"https:\/\/congresos.unlp.edu.ar\/ebec2022\/wp-json\/wp\/v2\/pages\/518\/revisions"}],"wp:attachment":[{"href":"https:\/\/congresos.unlp.edu.ar\/ebec2022\/wp-json\/wp\/v2\/media?parent=518"}],"curies":[{"name":"wp","href":"https:\/\/api.w.org\/{rel}","templated":true}]}}