{"id":486,"date":"2022-11-18T09:44:59","date_gmt":"2022-11-18T12:44:59","guid":{"rendered":"https:\/\/congresos.unlp.edu.ar\/ebec2022\/?page_id=486"},"modified":"2022-11-22T10:12:59","modified_gmt":"2022-11-22T13:12:59","slug":"energia","status":"publish","type":"page","link":"https:\/\/congresos.unlp.edu.ar\/ebec2022\/energia\/","title":{"rendered":"Energ\u00eda"},"content":{"rendered":"<div class=\"wpDspace itemsPagination  noPagination\" id=\"page_container_69dc73408b0be\"><ul class=\"content\"><li><article style=\"padding:10px;border: 2px solid black;\">\n\t\t\t<title>Formulaci\u00f3n, an\u00e1lisis y evaluaci\u00f3n de estrategias energ\u00e9ticas alternativas para el subsector salud, en el marco de la construcci\u00f3n de escenarios<\/title>\n                        <div id=\"sedici-title\"> \n                            <a class=\"link\" href=\"http:\/\/sedici.unlp.edu.ar\/handle\/10915\/146071\" target=\"_blank\">Formulaci\u00f3n, an\u00e1lisis y evaluaci\u00f3n de estrategias energ\u00e9ticas alternativas para el subsector salud, en el marco de la construcci\u00f3n de escenarios<\/a>\n                        <\/div><div id=\"sedici-title\">Autores: <author><name><a href=http:\/\/sedici.unlp.edu.ar\/discover?filtertype=author&filter_relational_operator=equals&filter=Fondoso%20Ossola%2C%20Santiago%20Tom\u00e1s target=\"_blank\">Fondoso Ossola, Santiago Tom\u00e1s<\/a><\/name><\/author><\/div><a class=\"btn-dspace-show\"><i style=\"font-size: 3em;\" class=\"displayDesc fas fa-angle-down\" aria-hidden=\"true\"><\/i><\/a>\n                    <a class=\"btn-dspace-hide\" style=\"display:none;\"><i style=\"font-size: 3em;\" class=\"displayDesc fas fa-angle-up\" aria-hidden=\"true\"><\/i><\/a>\n                    <div class=\"avancedDescription\" style=\"display:none;\">\n                                   <p id=\"http:\/\/sedici.unlp.edu.ar\/handle\/10915\/146071\"> <\/p>\n                                   <published>\n                                        <div id=\"sedici-title\" >Fecha: <span class=\"sedici-content\">01\/01\/2022<\/span><\/div>\n                                    <\/published><summary> <div id=\"sedici-title\">Resumen:<span class=\"sedici-content\">El presente trabajo aborda la problem\u00e1tica energ\u00e9tica del subsector salud de la micro-regi\u00f3n del Gran La Plata, a partir de la construcci\u00f3n de escenarios orientados a evaluar el comportamiento energ\u00e9tico de la red sanitaria.El subsector salud est\u00e1 conformado por un sistema en red, en el cual los establecimientos de salud (nodos) se relacionan entre s\u00ed atendiendo a las necesidades sanitarias originadas en un \u00e1rea determinada. Estos edificios, considerados energo-intensivos, producen un impacto en el territorio debido a las grandes cantidades de energ\u00eda consumida y la consecuente emisi\u00f3n de material contaminante. En funci\u00f3n de lo expuesto, este estudio propone formular estrategias energ\u00e9ticas, interviniendo sobre los edificios hospitalarios que conforman el sector en estudio, en forma global (establecimiento) y desagregada (\u00e1reas). De esta manera, se busca configurar una plataforma t\u00e9cnico-instrumental capaz de brindar alternativas espec\u00edficas de mejoramiento en el corto, mediano y largo plazo, para disminuir la demanda energ\u00e9tica y reducir la utilizaci\u00f3n de combustibles provenientes de fuentes f\u00f3siles.Para llevar adelante esta investigaci\u00f3n, se propone la construcci\u00f3n de una base de datos cuali-cuantitativa integrada por la interacci\u00f3n de las variables energ\u00e9ticas estructurales. A partir de esta base de datos, se plantea la formulaci\u00f3n de escenarios: el \"Tendencial\" y los denominados \"Eficientes\", teniendo en cuenta distintas estrategias de eficiencia energ\u00e9tica y del aprovechamiento de energ\u00edas renovables aplicables al subsector salud. Por \u00faltimo, se propone un an\u00e1lisis comparativo que permita evaluar la viabilidad de estrategias, considerando aspectos sociales, econ\u00f3micos y energ\u00e9tico-ambientales.La construcci\u00f3n de escenarios para el subsector salud expondr\u00e1n los factores que determinan el comportamiento energo-intensivo de los establecimientos de la red, y el efecto generado por las alternativas propuestas en los distintos niveles de intervenci\u00f3n (\u00e1reas y\/o establecimiento). La formulaci\u00f3n y ensayo de estrategias permitir\u00e1 mejorar el grado de optimizaci\u00f3n de los recursos energ\u00e9ticos destinados a la mencionada red edilicia, y, en consecuencia, una reducci\u00f3n de contaminaci\u00f3n hacia el medio ambiente.De este modo, se concibe una metodolog\u00eda de abordaje y una instrumentaci\u00f3n \u00fatil capaz de argumentar la toma de decisiones de los organismos de gesti\u00f3n pertinentes para el desarrollo de estrategias en distintas escalas y horizontes temporales.<\/span><\/div><\/summary><div class=\"a_unline\">Compartir: <a href=\"https:\/\/www.facebook.com\/sharer\/sharer.php?p[title]=Formulaci\u00f3n, an\u00e1lisis y evaluaci\u00f3n de estrategias energ\u00e9ticas alternativas para el subsector salud, en el marco de la construcci\u00f3n de escenarios&p[url]=http:\/\/sedici.unlp.edu.ar\/handle\/10915\/146071\" target=\"_blank\"><img decoding=\"async\" src=\"https:\/\/congresos.unlp.edu.ar\/ebec2022\/wp-content\/plugins\/wp-dspace\/media\/img\/share-facebook.png\" alt=\"Facebook logo\" title=\"Compartir en Facebook\">\n             <\/a>\n             <a href=\"https:\/\/twitter.com\/?status=Formulaci\u00f3n, an\u00e1lisis y evaluaci\u00f3n de estrategias energ\u00e9ticas alternativas para el subsector salud, en el marco de la construcci\u00f3n de escenarios http:\/\/sedici.unlp.edu.ar\/handle\/10915\/146071 via @sedici_unlp\" target=\"_blank\"><img decoding=\"async\" src=\"https:\/\/congresos.unlp.edu.ar\/ebec2022\/wp-content\/plugins\/wp-dspace\/media\/img\/share-twitter.png\" alt=\"Twitter logo\" title=\"Compartir en Twitter\"><\/a>\n             <a href=\"https:\/\/plus.google.com\/share?url=http:\/\/sedici.unlp.edu.ar\/handle\/10915\/146071\" target=\"_blank\"><img decoding=\"async\" src=\"https:\/\/congresos.unlp.edu.ar\/ebec2022\/wp-content\/plugins\/wp-dspace\/media\/img\/share-plus.png\" alt=\"Google+ logo\" title=\"Compartir en Google+\">\n             <\/a>\n             <a href=\"http:\/\/www.linkedin.com\/shareArticle?url=http:\/\/sedici.unlp.edu.ar\/handle\/10915\/146071\" target=\"_blank\"><img decoding=\"async\" src=\"https:\/\/congresos.unlp.edu.ar\/ebec2022\/wp-content\/plugins\/wp-dspace\/media\/img\/share-linkedin.png\" alt=\"Linkedin logo\" title=\"Compartir en Linkedin\">\n             <\/a>\n        <\/div><\/div><\/article><\/li><br><li><article style=\"padding:10px;border: 2px solid black;\">\n\t\t\t<title>An\u00e1lisis de consumo energ\u00e9tico residencial de hogares en condiciones de pobreza energ\u00e9tica, hacia la construcci\u00f3n de escenarios urbano-energ\u00e9ticos: Estudio de caso: el Gran La Plata<\/title>\n                        <div id=\"sedici-title\"> \n                            <a class=\"link\" href=\"http:\/\/sedici.unlp.edu.ar\/handle\/10915\/145606\" target=\"_blank\">An\u00e1lisis de consumo energ\u00e9tico residencial de hogares en condiciones de pobreza energ\u00e9tica, hacia la construcci\u00f3n de escenarios urbano-energ\u00e9ticos: Estudio de caso: el Gran La Plata<\/a>\n                        <\/div><div id=\"sedici-title\">Autores: <author><name><a href=http:\/\/sedici.unlp.edu.ar\/discover?filtertype=author&filter_relational_operator=equals&filter=Vi\u00f1uela%2C%20Javier target=\"_blank\">Vi\u00f1uela, Javier<\/a><\/name><\/author><\/div><a class=\"btn-dspace-show\"><i style=\"font-size: 3em;\" class=\"displayDesc fas fa-angle-down\" aria-hidden=\"true\"><\/i><\/a>\n                    <a class=\"btn-dspace-hide\" style=\"display:none;\"><i style=\"font-size: 3em;\" class=\"displayDesc fas fa-angle-up\" aria-hidden=\"true\"><\/i><\/a>\n                    <div class=\"avancedDescription\" style=\"display:none;\">\n                                   <p id=\"http:\/\/sedici.unlp.edu.ar\/handle\/10915\/145606\"> <\/p>\n                                   <published>\n                                        <div id=\"sedici-title\" >Fecha: <span class=\"sedici-content\">01\/01\/2022<\/span><\/div>\n                                    <\/published><summary> <div id=\"sedici-title\">Resumen:<span class=\"sedici-content\">El contexto energ\u00e9tico nacional, fuertemente incidido por la participaci\u00f3n de gas natural (descubrimiento de Loma La Lata en 1977), y el programa pol\u00edtico neoliberal adoptado, fundamentalmente en la d\u00e9cada del \u201990, profundizaron la liberaci\u00f3n del mercado energ\u00e9tico a actores privados, desplegando un escenario de regulaci\u00f3n estatal institucionalmente fragmentado, que impuls\u00f3, entre otros aspectos, la monopolizaci\u00f3n de redes y prestaci\u00f3n de servicios p\u00fablicos. Estas pol\u00edticas se tradujeron en serias consecuencias en el costo y la calidad del servicio domiciliario, con tarifas y precios al consumidor que crecieron sustancialmente. Posteriormente, si bien es posible identificar una serie de pol\u00edticas tendientes a reforzar el rol del Estado en materia energ\u00e9tica, entre 2002 y 2015; en 2011, la balanza comercial del sector energ\u00e9tico fue deficitaria, proceso que se acentu\u00f3 hasta el a\u00f1o 2015, donde se produce un cambio de gobierno y de bandera pol\u00edtica, con una nueva gesti\u00f3n que, a fin de reducir el d\u00e9ficit fiscal, llev\u00f3 a cabo una serie de ajustes y recortes en los subsidios a los servicios energ\u00e9ticos. A partir de esta reestructuraci\u00f3n y del aumento en las tasas de desempleo, inflaci\u00f3n, pobreza e indigencia, el gobierno nacional comunic\u00f3 la incorporaci\u00f3n del concepto de \u201cPobreza Energ\u00e9tica\u201d (PE), en la \u00f3rbita del Ministerio de Energ\u00eda y Miner\u00eda. La definici\u00f3n del concepto de PE surge de las investigaciones posteriores a la crisis del petr\u00f3leo de 1973 y refiere a la imposibilidad o las dificultades que tiene un hogar para acceder o costear los requerimientos energ\u00e9ticos considerados como b\u00e1sicos para el desarrollo y el mantenimiento de la vida digna. Y si bien existen numerosos indicadores que abordan la problem\u00e1tica desde distintos enfoques conceptuales, el m\u00e1s utilizado en la bibliograf\u00eda nacional define en pobreza energ\u00e9tica a aquellos hogares que destinan m\u00e1s de un 10% de sus ingresos al pago por el conjunto de servicios energ\u00e9ticos (electricidad, gas y\/u otros). Sin embargo, se reconocen limitaciones te\u00f3rico-metodol\u00f3gicas por parte de este indicador, a partir de aportar una mirada sesgada y unidimensional de la PE, que no contempla la privaci\u00f3n de necesidades en un determinado tiempo y espacio, y la percepci\u00f3n de las personas, de acuerdo a las costumbres y cultura de la sociedad a la que pertenecen. Por lo expuesto, la investigaci\u00f3n aborda el desaf\u00edo de desarrollar una metodolog\u00eda anal\u00edtica para la identificaci\u00f3n y caracterizaci\u00f3n de hogares en Pobreza Energ\u00e9tica, adoptando como caso de estudio la regi\u00f3n del Gran La Plata. Para ello, se analizar\u00e1n variables socio-demogr\u00e1ficas, socio-econ\u00f3micas, energ\u00e9ticas y constructivas, identificando \u00e1reas de comportamiento homog\u00e9neo en el territorio, que permitan construir escenarios urbano-energ\u00e9ticos prospectivos y desarrollar pautas propositivas, estrategias, medidas y alternativas tendientes al acceso universal y la equidad energ\u00e9tico-territorial.<\/span><\/div><\/summary><div class=\"a_unline\">Compartir: <a href=\"https:\/\/www.facebook.com\/sharer\/sharer.php?p[title]=An\u00e1lisis de consumo energ\u00e9tico residencial de hogares en condiciones de pobreza energ\u00e9tica, hacia la construcci\u00f3n de escenarios urbano-energ\u00e9ticos: Estudio de caso: el Gran La Plata&p[url]=http:\/\/sedici.unlp.edu.ar\/handle\/10915\/145606\" target=\"_blank\"><img decoding=\"async\" src=\"https:\/\/congresos.unlp.edu.ar\/ebec2022\/wp-content\/plugins\/wp-dspace\/media\/img\/share-facebook.png\" alt=\"Facebook logo\" title=\"Compartir en Facebook\">\n             <\/a>\n             <a href=\"https:\/\/twitter.com\/?status=An\u00e1lisis de consumo energ\u00e9tico residencial de hogares en condiciones de pobreza energ\u00e9tica, hacia la construcci\u00f3n de escenarios urbano-energ\u00e9ticos: Estudio de caso: el Gran La Plata http:\/\/sedici.unlp.edu.ar\/handle\/10915\/145606 via @sedici_unlp\" target=\"_blank\"><img decoding=\"async\" src=\"https:\/\/congresos.unlp.edu.ar\/ebec2022\/wp-content\/plugins\/wp-dspace\/media\/img\/share-twitter.png\" alt=\"Twitter logo\" title=\"Compartir en Twitter\"><\/a>\n             <a href=\"https:\/\/plus.google.com\/share?url=http:\/\/sedici.unlp.edu.ar\/handle\/10915\/145606\" target=\"_blank\"><img decoding=\"async\" src=\"https:\/\/congresos.unlp.edu.ar\/ebec2022\/wp-content\/plugins\/wp-dspace\/media\/img\/share-plus.png\" alt=\"Google+ logo\" title=\"Compartir en Google+\">\n             <\/a>\n             <a href=\"http:\/\/www.linkedin.com\/shareArticle?url=http:\/\/sedici.unlp.edu.ar\/handle\/10915\/145606\" target=\"_blank\"><img decoding=\"async\" src=\"https:\/\/congresos.unlp.edu.ar\/ebec2022\/wp-content\/plugins\/wp-dspace\/media\/img\/share-linkedin.png\" alt=\"Linkedin logo\" title=\"Compartir en Linkedin\">\n             <\/a>\n        <\/div><\/div><\/article><\/li><br><li><article style=\"padding:10px;border: 2px solid black;\">\n\t\t\t<title>An\u00e1lisis, proposici\u00f3n y evaluaci\u00f3n de estrategias tecnol\u00f3gicas constructivas para el mejoramiento de la eficiencia energ\u00e9tica de la envolvente edilicia del sector salud<\/title>\n                        <div id=\"sedici-title\"> \n                            <a class=\"link\" href=\"http:\/\/sedici.unlp.edu.ar\/handle\/10915\/145582\" target=\"_blank\">An\u00e1lisis, proposici\u00f3n y evaluaci\u00f3n de estrategias tecnol\u00f3gicas constructivas para el mejoramiento de la eficiencia energ\u00e9tica de la envolvente edilicia del sector salud<\/a>\n                        <\/div><div id=\"sedici-title\">Autores: <author><name><a href=http:\/\/sedici.unlp.edu.ar\/discover?filtertype=author&filter_relational_operator=equals&filter=Urteneche%2C%20Emilia target=\"_blank\">Urteneche, Emilia<\/a><\/name><\/author><\/div><a class=\"btn-dspace-show\"><i style=\"font-size: 3em;\" class=\"displayDesc fas fa-angle-down\" aria-hidden=\"true\"><\/i><\/a>\n                    <a class=\"btn-dspace-hide\" style=\"display:none;\"><i style=\"font-size: 3em;\" class=\"displayDesc fas fa-angle-up\" aria-hidden=\"true\"><\/i><\/a>\n                    <div class=\"avancedDescription\" style=\"display:none;\">\n                                   <p id=\"http:\/\/sedici.unlp.edu.ar\/handle\/10915\/145582\"> <\/p>\n                                   <published>\n                                        <div id=\"sedici-title\" >Fecha: <span class=\"sedici-content\">01\/01\/2022<\/span><\/div>\n                                    <\/published><summary> <div id=\"sedici-title\">Resumen:<span class=\"sedici-content\">El parque edilicio actual de Argentina es, en general, ineficiente con respecto al consumo energ\u00e9tico, especialmente en sectores de alta sensibilidad, que incluyen servicios energo-intensivos, como el sector salud. Esto genera desequilibrios entre la habitabilidad, las altas tarifas y los presupuestos necesarios para afrontar las demandas requeridas de climatizaci\u00f3n, entre otras.A partir del an\u00e1lisis de la situaci\u00f3n observada, se advierte la necesidad de actuar sobre dicha demanda, principalmente en pol\u00edticas que incidan sobre el uso final de la energ\u00eda en el sector construido, a trav\u00e9s de estrategias, metodolog\u00edas y herramientas que permitan evaluar, dimensionar y accionar sobre la edilicia existente, mejorando la eficiencia de su envolvente. La aplicaci\u00f3n de dichas estrategias implicar\u00eda no solamente una reducci\u00f3n del consumo de energ\u00eda, sino tambi\u00e9n una disminuci\u00f3n de los gastos presupuestarios correspondientes y de las emisiones asociadas, manteniendo las condiciones de habitabilidad y contribuyendo a una mejor calidad de vida.A los efectos de profundizar en esta tem\u00e1tica, se plantea una metodolog\u00eda orientada al reciclado edilicio que permita identificar y cuantificar la situaci\u00f3n t\u00e9cnico-constructiva de base de la edilicia construida y analizar las variables de dise\u00f1o, relacionadas a la envolvente edilicia, que tengan mayor incidencia en el ahorro energ\u00e9tico y la habitabilidad, tanto a nivel global (establecimiento) como diferencial (\u00e1reas). Esto tiene por objetivo proponer alternativas tecnol\u00f3gicas constructivas orientadas al reciclado integral de la envolvente edilicia, a partir de t\u00e9cnicas de \u201cdise\u00f1o pasivo\u201d, para luego realizar un estudio comparativo y determinar la estrategia \u00f3ptima aplicando el m\u00e9todo de evaluaci\u00f3n multicriterio, considerando simult\u00e1neamente aspectos relacionados con la eficiencia energ\u00e9tica y el costo de la inversi\u00f3n, que sirvan como insumo a la construcci\u00f3n de escenarios energ\u00e9ticos de la red de salud en el \u00e1mbito urbano.Esta tem\u00e1tica se incluye en la l\u00ednea de investigaci\u00f3n de \u201cH\u00e1bitat, energ\u00eda y medio ambiente\u201d de la Facultad de Arquitectura y Urbanismo (FAU), IIPAC-CONICET\/UNLP. Asimismo, el presente plan de trabajo se fundamenta en la necesidad de avanzar sobre las l\u00edneas prioritarias del CONICET, en el marco de los Temas Estrat\u00e9gicos para la Convocatoria de Becas Internas Doctorales y Postdoctorales 2018 del Plan Argentina Innovadora 2020. En particular, esta tem\u00e1tica se incluye en las l\u00edneas de H\u00e1bitat del Sector Desarrollo y Tecnolog\u00eda Social.Los avances producidos con respecto a la edici\u00f3n anterior del EBEC (2020), se sintetizan en la presentaci\u00f3n de tres (3) art\u00edculos a congresos, 2 (dos) art\u00edculos en revistas con referato de la especialidad y 2 (dos) informes t\u00e9cnicos. Parte de los avances metodol\u00f3gicos desarrollados se transfirieron al Hospital Interzonal de Agudos y Cr\u00f3nicos (HIAC) Dr. Alejandro Korn y al UIDET-IAME, a partir de una auditor\u00eda energ\u00e9tica de primer orden.<\/span><\/div><\/summary><div class=\"a_unline\">Compartir: <a href=\"https:\/\/www.facebook.com\/sharer\/sharer.php?p[title]=An\u00e1lisis, proposici\u00f3n y evaluaci\u00f3n de estrategias tecnol\u00f3gicas constructivas para el mejoramiento de la eficiencia energ\u00e9tica de la envolvente edilicia del sector salud&p[url]=http:\/\/sedici.unlp.edu.ar\/handle\/10915\/145582\" target=\"_blank\"><img decoding=\"async\" src=\"https:\/\/congresos.unlp.edu.ar\/ebec2022\/wp-content\/plugins\/wp-dspace\/media\/img\/share-facebook.png\" alt=\"Facebook logo\" title=\"Compartir en Facebook\">\n             <\/a>\n             <a href=\"https:\/\/twitter.com\/?status=An\u00e1lisis, proposici\u00f3n y evaluaci\u00f3n de estrategias tecnol\u00f3gicas constructivas para el mejoramiento de la eficiencia energ\u00e9tica de la envolvente edilicia del sector salud http:\/\/sedici.unlp.edu.ar\/handle\/10915\/145582 via @sedici_unlp\" target=\"_blank\"><img decoding=\"async\" src=\"https:\/\/congresos.unlp.edu.ar\/ebec2022\/wp-content\/plugins\/wp-dspace\/media\/img\/share-twitter.png\" alt=\"Twitter logo\" title=\"Compartir en Twitter\"><\/a>\n             <a href=\"https:\/\/plus.google.com\/share?url=http:\/\/sedici.unlp.edu.ar\/handle\/10915\/145582\" target=\"_blank\"><img decoding=\"async\" src=\"https:\/\/congresos.unlp.edu.ar\/ebec2022\/wp-content\/plugins\/wp-dspace\/media\/img\/share-plus.png\" alt=\"Google+ logo\" title=\"Compartir en Google+\">\n             <\/a>\n             <a href=\"http:\/\/www.linkedin.com\/shareArticle?url=http:\/\/sedici.unlp.edu.ar\/handle\/10915\/145582\" target=\"_blank\"><img decoding=\"async\" src=\"https:\/\/congresos.unlp.edu.ar\/ebec2022\/wp-content\/plugins\/wp-dspace\/media\/img\/share-linkedin.png\" alt=\"Linkedin logo\" title=\"Compartir en Linkedin\">\n             <\/a>\n        <\/div><\/div><\/article><\/li><br><\/ul>\n            <div class=\"page_navigation \" ><\/div>\n            <\/div>\n","protected":false},"excerpt":{"rendered":"","protected":false},"author":161,"featured_media":0,"parent":0,"menu_order":0,"comment_status":"closed","ping_status":"closed","template":"","meta":{"advgb_blocks_editor_width":"","advgb_blocks_columns_visual_guide":"","footnotes":""},"class_list":["post-486","page","type-page","status-publish","hentry","post"],"aioseo_notices":[],"coauthors":[],"author_meta":{"author_link":"https:\/\/congresos.unlp.edu.ar\/ebec2022\/author\/pablot\/","display_name":"pablot"},"relative_dates":{"created":"Posted 3 a\u00f1os ago","modified":"Updated 3 a\u00f1os ago"},"absolute_dates":{"created":"Posted on 18 noviembre, 2022","modified":"Updated on 22 noviembre, 2022"},"absolute_dates_time":{"created":"Posted on 18 noviembre, 2022 9:44 am","modified":"Updated on 22 noviembre, 2022 10:12 am"},"featured_img_caption":"","featured_img":false,"series_order":"","_links":{"self":[{"href":"https:\/\/congresos.unlp.edu.ar\/ebec2022\/wp-json\/wp\/v2\/pages\/486","targetHints":{"allow":["GET"]}}],"collection":[{"href":"https:\/\/congresos.unlp.edu.ar\/ebec2022\/wp-json\/wp\/v2\/pages"}],"about":[{"href":"https:\/\/congresos.unlp.edu.ar\/ebec2022\/wp-json\/wp\/v2\/types\/page"}],"author":[{"embeddable":true,"href":"https:\/\/congresos.unlp.edu.ar\/ebec2022\/wp-json\/wp\/v2\/users\/161"}],"replies":[{"embeddable":true,"href":"https:\/\/congresos.unlp.edu.ar\/ebec2022\/wp-json\/wp\/v2\/comments?post=486"}],"version-history":[{"count":0,"href":"https:\/\/congresos.unlp.edu.ar\/ebec2022\/wp-json\/wp\/v2\/pages\/486\/revisions"}],"wp:attachment":[{"href":"https:\/\/congresos.unlp.edu.ar\/ebec2022\/wp-json\/wp\/v2\/media?parent=486"}],"curies":[{"name":"wp","href":"https:\/\/api.w.org\/{rel}","templated":true}]}}