{"id":176,"date":"2022-11-14T14:42:37","date_gmt":"2022-11-14T17:42:37","guid":{"rendered":"https:\/\/congresos.unlp.edu.ar\/ebec2022\/?page_id=176"},"modified":"2022-11-15T18:01:26","modified_gmt":"2022-11-15T21:01:26","slug":"talleres","status":"publish","type":"page","link":"https:\/\/congresos.unlp.edu.ar\/ebec2022\/talleres\/","title":{"rendered":"Talleres"},"content":{"rendered":"<h3><img loading=\"lazy\" decoding=\"async\" class=\"alignnone wp-image-81\" src=\"http:\/\/congresos.unlp.edu.ar\/ebec2022\/wp-content\/uploads\/sites\/58\/2022\/08\/3-300x150.png\" alt=\"\" width=\"814\" height=\"407\" srcset=\"https:\/\/congresos.unlp.edu.ar\/ebec2022\/wp-content\/uploads\/sites\/58\/2022\/08\/3-300x150.png 300w, https:\/\/congresos.unlp.edu.ar\/ebec2022\/wp-content\/uploads\/sites\/58\/2022\/08\/3-1024x512.png 1024w, https:\/\/congresos.unlp.edu.ar\/ebec2022\/wp-content\/uploads\/sites\/58\/2022\/08\/3-768x384.png 768w, https:\/\/congresos.unlp.edu.ar\/ebec2022\/wp-content\/uploads\/sites\/58\/2022\/08\/3-1536x768.png 1536w, https:\/\/congresos.unlp.edu.ar\/ebec2022\/wp-content\/uploads\/sites\/58\/2022\/08\/3-2048x1024.png 2048w, https:\/\/congresos.unlp.edu.ar\/ebec2022\/wp-content\/uploads\/sites\/58\/2022\/08\/3-960x480.png 960w\" sizes=\"auto, (max-width: 814px) 100vw, 814px\" \/><\/h3>\n<h3>Los talleres, conferencias, y mesas redondas se realizar\u00e1n durante la jornada de la tarde del d\u00eda 23 de Noviembre.<\/h3>\n<h3>Todas las actividades se organizaron desde el Comit\u00e9 Organizador integrado por las 17 Facultades, a fin de pensar actividades transdisciplinarias y que aborden diversos debates de manera global.<\/h3>\n<h3><\/h3>\n<h3>Las actividades estar\u00e1n organizadas en dos bloques horarias:<\/h3>\n<h3><strong><a href=\"https:\/\/congresos.unlp.edu.ar\/ebec2022\/primer-bloque\/\">1er Bloque<\/a>:<\/strong> de 13hs a 15hs<\/h3>\n<h3><strong><a href=\"https:\/\/congresos.unlp.edu.ar\/ebec2022\/segundo-bloque\/\">2do Bloque<\/a>:<\/strong> de 15:30 a 17:30hs.<\/h3>\n<h3><\/h3>\n<h3>La inscripci\u00f3n para las actividades se realizar\u00e1 a trav\u00e9s de un formulario enviado a quienes realizaron la inscripci\u00f3n al EBEC 2022, y se dispondr\u00e1 de un formulario destinado a estudiantes de grado que posean actualmente becas de est\u00edmulo a las vocaciones cient\u00edficas (CIN) o becas de entrenamiento (CIC-PBA)<\/h3>\n","protected":false},"excerpt":{"rendered":"<p>Los talleres, conferencias, y mesas redondas se realizar\u00e1n durante la jornada de la tarde del d\u00eda 23 de Noviembre. Todas las actividades se organizaron desde el Comit\u00e9 Organizador integrado por las 17 Facultades, a fin de pensar actividades transdisciplinarias y que aborden diversos debates de manera global. Las actividades estar\u00e1n organizadas en dos bloques horarias: [&hellip;]<\/p>\n","protected":false},"author":155,"featured_media":0,"parent":0,"menu_order":0,"comment_status":"closed","ping_status":"closed","template":"","meta":{"advgb_blocks_editor_width":"","advgb_blocks_columns_visual_guide":"","footnotes":""},"class_list":["post-176","page","type-page","status-publish","hentry","post"],"aioseo_notices":[],"coauthors":[],"author_meta":{"author_link":"https:\/\/congresos.unlp.edu.ar\/ebec2022\/author\/jmdevida\/","display_name":"jmdevida"},"relative_dates":{"created":"Posted 3 a\u00f1os ago","modified":"Updated 3 a\u00f1os ago"},"absolute_dates":{"created":"Posted on 14 noviembre, 2022","modified":"Updated on 15 noviembre, 2022"},"absolute_dates_time":{"created":"Posted on 14 noviembre, 2022 2:42 pm","modified":"Updated on 15 noviembre, 2022 6:01 pm"},"featured_img_caption":"","featured_img":false,"series_order":"","_links":{"self":[{"href":"https:\/\/congresos.unlp.edu.ar\/ebec2022\/wp-json\/wp\/v2\/pages\/176","targetHints":{"allow":["GET"]}}],"collection":[{"href":"https:\/\/congresos.unlp.edu.ar\/ebec2022\/wp-json\/wp\/v2\/pages"}],"about":[{"href":"https:\/\/congresos.unlp.edu.ar\/ebec2022\/wp-json\/wp\/v2\/types\/page"}],"author":[{"embeddable":true,"href":"https:\/\/congresos.unlp.edu.ar\/ebec2022\/wp-json\/wp\/v2\/users\/155"}],"replies":[{"embeddable":true,"href":"https:\/\/congresos.unlp.edu.ar\/ebec2022\/wp-json\/wp\/v2\/comments?post=176"}],"version-history":[{"count":0,"href":"https:\/\/congresos.unlp.edu.ar\/ebec2022\/wp-json\/wp\/v2\/pages\/176\/revisions"}],"wp:attachment":[{"href":"https:\/\/congresos.unlp.edu.ar\/ebec2022\/wp-json\/wp\/v2\/media?parent=176"}],"curies":[{"name":"wp","href":"https:\/\/api.w.org\/{rel}","templated":true}]}}