{"id":128,"date":"2022-09-13T12:33:37","date_gmt":"2022-09-13T15:33:37","guid":{"rendered":"https:\/\/congresos.unlp.edu.ar\/ebec2022\/?page_id=128"},"modified":"2022-09-15T12:29:00","modified_gmt":"2022-09-15T15:29:00","slug":"convocatoria-producciones-2022","status":"publish","type":"page","link":"https:\/\/congresos.unlp.edu.ar\/ebec2022\/convocatoria-producciones-2022\/","title":{"rendered":"Convocatoria Producciones  2022"},"content":{"rendered":"<h3 style=\"text-align: center\"><span style=\"color: #008080\"><strong>Convocatoria de Producciones<\/strong><\/span><\/h3>\n<h3 style=\"text-align: center\"><span style=\"color: #008080\"><strong>Encuentro de Becaries \u2013 UNLP 2022<\/strong><\/span><span style=\"color: #008080\"><strong>\u00a0<\/strong><\/span><\/h3>\n<h5 style=\"text-align: center\"><span style=\"font-weight: 400\">\u00a0\u00a0\u00a0\u00a0\u00a0\u00a0\u00a0\u00a0\u00a0\u00a0\u00a0\u00a0\u00a0\u00a0\u00a0\u00a0\u00a0\u00a0\u00a0\u00a0<\/span> <span style=\"font-weight: 400\">En esta edici\u00f3n, y en forma complementaria a la publicaci\u00f3n de res\u00famenes de los trabajos de cada Becarie,\u00a0 convocamos nuevamente a la presentaci\u00f3n de producciones que aporten reflexiones sobre la consigna <em>\u201c<\/em><\/span><em><b>\u201cInvestigar en la pospandemia. Desaf\u00edos de Re-encontrarnos\u2013 UNLP 2022<\/b><span style=\"font-weight: 400\">\u201d.\u00a0\u00a0<\/span><\/em><\/h5>\n<h5 style=\"text-align: center\"><span style=\"font-weight: 400\">\u00a0<\/span><\/h5>\n<h5 style=\"text-align: center\"><span style=\"font-weight: 400\">\u00a0\u00a0\u00a0\u00a0\u00a0\u00a0\u00a0\u00a0\u00a0\u00a0\u00a0\u00a0\u00a0\u00a0\u00a0\u00a0\u00a0\u00a0\u00a0\u00a0<\/span> <span style=\"font-weight: 400\">En la edici\u00f3n anterior,\u00a0 se convoc\u00f3 a la presentaci\u00f3n de producciones que aportaran a la consigna <\/span><i><span style=\"font-weight: 400\">\u201cProducir conocimiento con el contexto de la Pandemia del Covid-19 &#8211; UNLP 2020\u201d. <\/span><\/i><span style=\"font-weight: 400\">El objetivo principal fue interpelar y visibilizar las voces de les becaries brindando un espacio para la comunicaci\u00f3n de sus pr\u00e1cticas acad\u00e9micas, cient\u00edficas y tecnol\u00f3gicas de manera situada, partiendo de las diversas dimensiones que se abrieron ante el contexto de pandemia. Para la edici\u00f3n final se confirm\u00f3 un Comit\u00e9 Editorial integrado por referentes de las diferentes \u00e1reas de investigaci\u00f3n, docencia y extensi\u00f3n de nuestra Universidad, que luego de la evaluaci\u00f3n, dio lugar a la publicaci\u00f3n del\u00a0 libro <\/span><b><i>\u201cVoces de becaries en pandemia\u201d.\u00a0\u00a0<\/i><\/b><\/h5>\n<h5><span style=\"font-weight: 400\">\u00a0<\/span><\/h5>\n<h5 style=\"text-align: center\"><span style=\"font-weight: 400\">\u00a0\u00a0\u00a0\u00a0\u00a0\u00a0\u00a0\u00a0\u00a0\u00a0\u00a0\u00a0\u00a0\u00a0\u00a0\u00a0\u00a0\u00a0\u00a0\u00a0<\/span> <span style=\"font-weight: 400\">Nuevamente en el marco del EBEC, realizamos esta convocatoria para la presentaci\u00f3n de\u00a0 producciones en diferentes formatos: ensayos, posters, res\u00famenes, videos, cr\u00f3nicas y\/o descripciones de pr\u00e1cticas y procesos, en diferentes tipos de lenguajes: escrito, visual (fotos, dibujos, croquis, planos), audiovisual, sonoro, transmedial, entre otros. El objetivo principal es brindar un espacio para la comunicaci\u00f3n de sus pr\u00e1cticas acad\u00e9micas, cient\u00edficas y tecnol\u00f3gicas de manera situada en relaci\u00f3n con las diversas dimensiones que se abren ante los desaf\u00edos de la pospandemia. .<\/span><\/h5>\n<h5><b>\u00a0<\/b><\/h5>\n<h5><b>Objetivo:<\/b><\/h5>\n<h5><span style=\"font-weight: 400\">\u00a0<\/span><\/h5>\n<h5><span style=\"font-weight: 400\">Visibilizar, interpelar, compilar, las voces y aportes de les Becaries en torno a sus pr\u00e1cticas y resultados acad\u00e9micos, cient\u00edficos, tecnol\u00f3gicos, situadamente.<\/span><\/h5>\n<h5><span style=\"font-weight: 400\">\u00a0<\/span><\/h5>\n<h5><b>Convocatoria:<\/b><\/h5>\n<ul>\n<li>\n<h5><span style=\"font-weight: 400\">\u00a0<\/span><span style=\"font-weight: 400\">La convocatoria contempla desde ensayos, cr\u00f3nicas y\/o descripciones de pr\u00e1cticas y procesos, en cualquier tipo de lenguaje (gr\u00e1fico, escrito, visual fijo -fotogr\u00e1fico, dibujos, croquis, planos-, audiovisual, sonoro, transmedial).<\/span><\/h5>\n<\/li>\n<li>\n<h5><span style=\"font-weight: 400\">\u00a0<\/span><span style=\"font-weight: 400\">Los trabajos deben tener como autor\/es principal\/es a un Becarie\/s y cada becarie podr\u00e1 participar en varias producciones.<\/span><\/h5>\n<\/li>\n<li>\n<h5><span style=\"font-weight: 400\">\u00a0<\/span><span style=\"font-weight: 400\">Las caracter\u00edsticas t\u00e9cnicas, tecnol\u00f3gicas y ling\u00fc\u00edsticas de cada producci\u00f3n deber\u00e1n ser descriptas brevemente en la primera Nota al Pie, y ser\u00e1n de exclusiva decisi\u00f3n de cada autor\/es. Se deber\u00e1n observar, as\u00ed mismo, las caracter\u00edsticas usuales de citaci\u00f3n, reconocimiento de autor\u00edas, derechos de propiedad intelectual, con menciones expresas en respectivas Notas al Pie.<\/span><\/h5>\n<\/li>\n<li>\n<h5><span style=\"font-weight: 400\">\u00a0<\/span><span style=\"font-weight: 400\">Los materiales recibidos ser\u00e1n analizados por un Comit\u00e9 Editorial para determinar la viabilidad y sentido de su publicaci\u00f3n en los medios que la UNLP tiene al efecto (Edulp, TVU, Radio Universidad, P\u00e1ginas Web). En este sentido, este Comit\u00e9 podr\u00e1 hacer recomendaciones a los autores para la publicaci\u00f3n final integral.<\/span><\/h5>\n<\/li>\n<\/ul>\n<p><span style=\"font-weight: 400\"><br \/>\n<\/span><span style=\"font-weight: 400\">Las presentaciones podr\u00e1n realizarse desde el 6 de octubre al <\/span><b><i>8 de noviembre de 2022.<\/i><\/b><\/p>\n<h4><span style=\"font-weight: 400\">Deber\u00e1n enviarse v\u00eda mail a ebec@presi.unlp.edu.ar con el asunto: <\/span><b><i>\u201cConvocatoria Producciones EBEC 2022\u201d.<\/i><\/b><\/h4>\n<p>Fecha L\u00edmite presentaci\u00f3n: 24 de Octubre de 2022<\/p>\n","protected":false},"excerpt":{"rendered":"<p>Convocatoria de Producciones Encuentro de Becaries \u2013 UNLP 2022\u00a0 \u00a0\u00a0\u00a0\u00a0\u00a0\u00a0\u00a0\u00a0\u00a0\u00a0\u00a0\u00a0\u00a0\u00a0\u00a0\u00a0\u00a0\u00a0\u00a0\u00a0 En esta edici\u00f3n, y en forma complementaria a la publicaci\u00f3n de res\u00famenes de los trabajos de cada Becarie,\u00a0 convocamos nuevamente a la presentaci\u00f3n de producciones que aporten reflexiones sobre la consigna \u201c\u201cInvestigar en la pospandemia. Desaf\u00edos de Re-encontrarnos\u2013 UNLP 2022\u201d.\u00a0\u00a0 \u00a0 \u00a0\u00a0\u00a0\u00a0\u00a0\u00a0\u00a0\u00a0\u00a0\u00a0\u00a0\u00a0\u00a0\u00a0\u00a0\u00a0\u00a0\u00a0\u00a0\u00a0 En la edici\u00f3n [&hellip;]<\/p>\n","protected":false},"author":54,"featured_media":0,"parent":0,"menu_order":0,"comment_status":"closed","ping_status":"closed","template":"","meta":{"advgb_blocks_editor_width":"","advgb_blocks_columns_visual_guide":"","footnotes":""},"class_list":["post-128","page","type-page","status-publish","hentry","post"],"aioseo_notices":[],"coauthors":[],"author_meta":{"author_link":"https:\/\/congresos.unlp.edu.ar\/ebec2022\/author\/victorialuciaho\/","display_name":"victorialuciaho"},"relative_dates":{"created":"Posted 4 a\u00f1os ago","modified":"Updated 4 a\u00f1os ago"},"absolute_dates":{"created":"Posted on 13 septiembre, 2022","modified":"Updated on 15 septiembre, 2022"},"absolute_dates_time":{"created":"Posted on 13 septiembre, 2022 12:33 pm","modified":"Updated on 15 septiembre, 2022 12:29 pm"},"featured_img_caption":"","featured_img":false,"series_order":"","_links":{"self":[{"href":"https:\/\/congresos.unlp.edu.ar\/ebec2022\/wp-json\/wp\/v2\/pages\/128","targetHints":{"allow":["GET"]}}],"collection":[{"href":"https:\/\/congresos.unlp.edu.ar\/ebec2022\/wp-json\/wp\/v2\/pages"}],"about":[{"href":"https:\/\/congresos.unlp.edu.ar\/ebec2022\/wp-json\/wp\/v2\/types\/page"}],"author":[{"embeddable":true,"href":"https:\/\/congresos.unlp.edu.ar\/ebec2022\/wp-json\/wp\/v2\/users\/54"}],"replies":[{"embeddable":true,"href":"https:\/\/congresos.unlp.edu.ar\/ebec2022\/wp-json\/wp\/v2\/comments?post=128"}],"version-history":[{"count":0,"href":"https:\/\/congresos.unlp.edu.ar\/ebec2022\/wp-json\/wp\/v2\/pages\/128\/revisions"}],"wp:attachment":[{"href":"https:\/\/congresos.unlp.edu.ar\/ebec2022\/wp-json\/wp\/v2\/media?parent=128"}],"curies":[{"name":"wp","href":"https:\/\/api.w.org\/{rel}","templated":true}]}}