{"id":333,"date":"2020-08-14T10:15:30","date_gmt":"2020-08-14T13:15:30","guid":{"rendered":"http:\/\/congresos.unlp.edu.ar\/ebec2020\/?page_id=333"},"modified":"2020-11-06T12:54:23","modified_gmt":"2020-11-06T15:54:23","slug":"comite-organizador","status":"publish","type":"page","link":"https:\/\/congresos.unlp.edu.ar\/ebec2020\/inicio\/comite-organizador\/","title":{"rendered":"Comit\u00e9 Organizador"},"content":{"rendered":"<p>COMIT\u00c9 ORGANIZADOR<\/p>\n<p style=\"margin: 0cm\"><strong>Marcelo Caball\u00e9<\/strong> &#8211; Secretario de Ciencia y T\u00e9cnica<br \/>\n<strong>Nicol\u00e1s Maximiliano Rendtorff<\/strong>\u00a0&#8211; Prosecretario de Pol\u00edticas en Ciencia y T\u00e9cnica<\/p>\n<p style=\"margin: 0cm\"><strong>Adriana Dertiano<\/strong> &#8211; Prosecretaria de gesti\u00f3n en Ciencia y T\u00e9cnica<\/p>\n<p style=\"margin: 0cm\"><strong>Victoria Luc\u00eda Homberger<\/strong> &#8211; Asistente, Prosecretar\u00eda de Pol\u00edticas en Ciencia y T\u00e9cnica<\/p>\n<p style=\"margin: 0cm\"><strong>Jezabel Primost<\/strong> &#8211; Asistente, Prosecretar\u00eda de Pol\u00edticas en Ciencia y T\u00e9cnica<\/p>\n<p>Unidades Acad\u00e9micas<\/p>\n<p style=\"margin: 0cm\"><strong>Cristian Matias Ortiz<\/strong> &#8211; Facultad de Ciencias Agrarias y Forestales<br \/>\n<strong>Malena Ferreyra<\/strong> &#8211; Facultad de Ciencias Exactas<br \/>\n<strong>Magdalena Rambeaud<\/strong> &#8211; Facultad de Ciencias Veterinarias<br \/>\n<strong>Laura Lanzarini<\/strong> &#8211; Facultad de Inform\u00e1tica<br \/>\n<strong>Daiana Bruzzone<\/strong> &#8211; Facultad de Periodismo y Comunicaci\u00f3n Social<br \/>\n<strong>Candela Luquet<\/strong> &#8211; Facultad De Periodismo y Comunicaci\u00f3n Social<br \/>\n<strong>Agustina D&#8217;agostino<\/strong> &#8211; Facultad de Psicolog\u00eda<\/p>\n<p style=\"margin: 0cm\"><strong>Marina Laura Lanfranco V\u00e1zquez <\/strong>-Facultad de Ciencias Jur\u00eddicas y Sociales<\/p>\n<p style=\"margin: 0cm\"><strong>Gast\u00f3n Guzm\u00e1n<\/strong> &#8211; Facultad de Humanidades y Ciencias de la Educaci\u00f3n<\/p>\n<p style=\"margin: 0cm\"><strong>Ana Clara Rucci<\/strong> &#8211; Facultad de Ciencias Econ\u00f3micas<\/p>\n<p style=\"margin: 0cm\"><strong>Sebasti\u00e1n Bosi<\/strong> &#8211; Facultad de Odontolog\u00eda<\/p>\n<p style=\"margin: 0cm\"><strong>Amalia Luy<\/strong> &#8211; Facultad de Ciencias Naturales y Museo<\/p>\n<p style=\"margin: 0cm\"><strong>Mar\u00eda F. Rossi Batiz<\/strong> &#8211; Facultad de Ciencias Naturales y Museo<\/p>\n<p style=\"margin: 0cm\"><strong>Fabiana Carbonari<\/strong> &#8211; Facultad de Arquitectura y Urbanismo<\/p>\n<p style=\"margin: 0cm\"><strong>Martin Enrique Rabassa &#8211; <\/strong>Facultad de Ciencias M\u00e9dicas<\/p>\n<p style=\"margin: 0cm\"><strong>Silvina Cavallieri<\/strong> &#8211; Facultad de Trabajo Social<br \/>\n<strong>Paula Mara Danel<\/strong> &#8211; Facultad de Trabajo Social<\/p>\n<p>&nbsp;<\/p>\n<p>&nbsp;<\/p>\n<p>&nbsp;<\/p>\n","protected":false},"excerpt":{"rendered":"<p>COMIT\u00c9 ORGANIZADOR Marcelo Caball\u00e9 &#8211; Secretario de Ciencia y T\u00e9cnica Nicol\u00e1s Maximiliano Rendtorff\u00a0&#8211; Prosecretario de Pol\u00edticas en Ciencia y T\u00e9cnica Adriana Dertiano &#8211; Prosecretaria de gesti\u00f3n en Ciencia y T\u00e9cnica Victoria Luc\u00eda Homberger &#8211; Asistente, Prosecretar\u00eda de Pol\u00edticas en Ciencia y T\u00e9cnica Jezabel Primost &#8211; Asistente, Prosecretar\u00eda de Pol\u00edticas en Ciencia y T\u00e9cnica Unidades Acad\u00e9micas [&hellip;]<\/p>\n","protected":false},"author":53,"featured_media":0,"parent":12,"menu_order":0,"comment_status":"closed","ping_status":"closed","template":"templates\/template-full-notitle.php","meta":{"_acf_changed":false,"advgb_blocks_editor_width":"","advgb_blocks_columns_visual_guide":"","footnotes":""},"class_list":["post-333","page","type-page","status-publish","hentry","post"],"aioseo_notices":[],"acf":[],"coauthors":[],"author_meta":{"author_link":"https:\/\/congresos.unlp.edu.ar\/ebec2020\/author\/danidcv\/","display_name":"EBEC2020"},"relative_dates":{"created":"Posted 6 a\u00f1os ago","modified":"Updated 5 a\u00f1os ago"},"absolute_dates":{"created":"Posted on ","modified":"Updated on "},"absolute_dates_time":{"created":"Posted on  10:15 am","modified":"Updated on  12:54 pm"},"featured_img_caption":"","featured_img":false,"series_order":"","jetpack_sharing_enabled":true,"_links":{"self":[{"href":"https:\/\/congresos.unlp.edu.ar\/ebec2020\/wp-json\/wp\/v2\/pages\/333","targetHints":{"allow":["GET"]}}],"collection":[{"href":"https:\/\/congresos.unlp.edu.ar\/ebec2020\/wp-json\/wp\/v2\/pages"}],"about":[{"href":"https:\/\/congresos.unlp.edu.ar\/ebec2020\/wp-json\/wp\/v2\/types\/page"}],"author":[{"embeddable":true,"href":"https:\/\/congresos.unlp.edu.ar\/ebec2020\/wp-json\/wp\/v2\/users\/53"}],"replies":[{"embeddable":true,"href":"https:\/\/congresos.unlp.edu.ar\/ebec2020\/wp-json\/wp\/v2\/comments?post=333"}],"version-history":[{"count":0,"href":"https:\/\/congresos.unlp.edu.ar\/ebec2020\/wp-json\/wp\/v2\/pages\/333\/revisions"}],"up":[{"embeddable":true,"href":"https:\/\/congresos.unlp.edu.ar\/ebec2020\/wp-json\/wp\/v2\/pages\/12"}],"wp:attachment":[{"href":"https:\/\/congresos.unlp.edu.ar\/ebec2020\/wp-json\/wp\/v2\/media?parent=333"}],"curies":[{"name":"wp","href":"https:\/\/api.w.org\/{rel}","templated":true}]}}