{"id":12,"date":"2020-06-09T10:16:12","date_gmt":"2020-06-09T13:16:12","guid":{"rendered":"http:\/\/congresos.unlp.edu.ar\/ebec2020\/?page_id=12"},"modified":"2020-11-12T09:28:52","modified_gmt":"2020-11-12T12:28:52","slug":"inicio","status":"publish","type":"page","link":"https:\/\/congresos.unlp.edu.ar\/ebec2020\/","title":{"rendered":"EBEC 2020"},"content":{"rendered":"<p style=\"text-align: center\"><strong>&#8220;En este Hecho Social Total que estamos atravesando, es necesario <\/strong><br \/>\n<strong>y oportuno encontrarnos, para reflexionar sobre nuestra labor y nuestro rol\u201d<\/strong><\/p>\n<p style=\"text-align: center\">\u00a0 \u00a0<a href=\"https:\/\/www.instagram.com\/ebec2020\/?hl=es-la\" target=\"_blank\" rel=\"noopener noreferrer\"><img loading=\"lazy\" decoding=\"async\" class=\"alignnone size-full wp-image-167\" src=\"https:\/\/congresos.unlp.edu.ar\/ebec2020\/wp-content\/uploads\/sites\/24\/2020\/07\/ig48.png\" alt=\"\" width=\"48\" height=\"48\" \/><\/a> \u00a0\u00a0\u00a0\u00a0\u00a0\u00a0\u00a0\u00a0\u00a0 <a href=\"https:\/\/www.facebook.com\/Ebec2020unlp\/\" target=\"_blank\" rel=\"noopener noreferrer\"><img loading=\"lazy\" decoding=\"async\" class=\"alignnone size-full wp-image-166\" src=\"https:\/\/congresos.unlp.edu.ar\/ebec2020\/wp-content\/uploads\/sites\/24\/2020\/07\/fb48.png\" alt=\"\" width=\"48\" height=\"48\" \/><\/a><\/p>\n<p style=\"text-align: center\">Descubr\u00ed las novedades del <strong>Encuentro de Becarios 2020<\/strong> y compart\u00ed tus ideas en las redes<\/p>\n<p>&nbsp;<\/p>\n<p style=\"text-align: center\">La <strong>transmisi\u00f3n<\/strong> del encuentro se realizar\u00e1 por el canal de<a href=\"https:\/\/www.youtube.com\/watch?v=bRm9tC9gFZ4\"> YouTube de la UNLP<\/a><\/p>\n<p style=\"text-align: center\"><a href=\"https:\/\/www.youtube.com\/channel\/UCYR4c89hmT9FLNyOw4fN7YQ\"><img loading=\"lazy\" decoding=\"async\" class=\"alignnone wp-image-6664\" src=\"https:\/\/congresos.unlp.edu.ar\/ebec2020\/wp-content\/uploads\/sites\/24\/2020\/11\/El-televisor-en-el-logo-de-YouTube-que-identifica-a-la-red-social.jpg\" alt=\"\" width=\"109\" height=\"73\" srcset=\"https:\/\/congresos.unlp.edu.ar\/ebec2020\/wp-content\/uploads\/sites\/24\/2020\/11\/El-televisor-en-el-logo-de-YouTube-que-identifica-a-la-red-social.jpg 900w, https:\/\/congresos.unlp.edu.ar\/ebec2020\/wp-content\/uploads\/sites\/24\/2020\/11\/El-televisor-en-el-logo-de-YouTube-que-identifica-a-la-red-social-300x200.jpg 300w, https:\/\/congresos.unlp.edu.ar\/ebec2020\/wp-content\/uploads\/sites\/24\/2020\/11\/El-televisor-en-el-logo-de-YouTube-que-identifica-a-la-red-social-768x512.jpg 768w, https:\/\/congresos.unlp.edu.ar\/ebec2020\/wp-content\/uploads\/sites\/24\/2020\/11\/El-televisor-en-el-logo-de-YouTube-que-identifica-a-la-red-social-272x182.jpg 272w\" sizes=\"auto, (max-width: 109px) 100vw, 109px\" \/><\/a><\/p>\n","protected":false},"excerpt":{"rendered":"<p>&#8220;En este Hecho Social Total que estamos atravesando, es necesario y oportuno encontrarnos, para reflexionar sobre nuestra labor y nuestro rol\u201d \u00a0 \u00a0 \u00a0\u00a0\u00a0\u00a0\u00a0\u00a0\u00a0\u00a0\u00a0 Descubr\u00ed las novedades del Encuentro de Becarios 2020 y compart\u00ed tus ideas en las redes &nbsp; La transmisi\u00f3n del encuentro se realizar\u00e1 por el canal de YouTube de la UNLP<\/p>\n","protected":false},"author":2,"featured_media":0,"parent":0,"menu_order":0,"comment_status":"closed","ping_status":"closed","template":"","meta":{"_acf_changed":false,"advgb_blocks_editor_width":"","advgb_blocks_columns_visual_guide":"","footnotes":""},"class_list":["post-12","page","type-page","status-publish","hentry","post"],"aioseo_notices":[],"acf":[],"coauthors":[],"author_meta":{"author_link":"https:\/\/congresos.unlp.edu.ar\/ebec2020\/author\/congresos\/","display_name":"congresos"},"relative_dates":{"created":"Posted 6 a\u00f1os ago","modified":"Updated 5 a\u00f1os ago"},"absolute_dates":{"created":"Posted on ","modified":"Updated on "},"absolute_dates_time":{"created":"Posted on  10:16 am","modified":"Updated on  9:28 am"},"featured_img_caption":"","featured_img":false,"series_order":"","jetpack_sharing_enabled":true,"_links":{"self":[{"href":"https:\/\/congresos.unlp.edu.ar\/ebec2020\/wp-json\/wp\/v2\/pages\/12","targetHints":{"allow":["GET"]}}],"collection":[{"href":"https:\/\/congresos.unlp.edu.ar\/ebec2020\/wp-json\/wp\/v2\/pages"}],"about":[{"href":"https:\/\/congresos.unlp.edu.ar\/ebec2020\/wp-json\/wp\/v2\/types\/page"}],"author":[{"embeddable":true,"href":"https:\/\/congresos.unlp.edu.ar\/ebec2020\/wp-json\/wp\/v2\/users\/2"}],"replies":[{"embeddable":true,"href":"https:\/\/congresos.unlp.edu.ar\/ebec2020\/wp-json\/wp\/v2\/comments?post=12"}],"version-history":[{"count":0,"href":"https:\/\/congresos.unlp.edu.ar\/ebec2020\/wp-json\/wp\/v2\/pages\/12\/revisions"}],"wp:attachment":[{"href":"https:\/\/congresos.unlp.edu.ar\/ebec2020\/wp-json\/wp\/v2\/media?parent=12"}],"curies":[{"name":"wp","href":"https:\/\/api.w.org\/{rel}","templated":true}]}}