{"id":47,"date":"2019-02-25T12:17:21","date_gmt":"2019-02-25T15:17:21","guid":{"rendered":"https:\/\/congresos.unlp.edu.ar\/eamgyfm\/?page_id=47"},"modified":"2019-06-04T14:47:11","modified_gmt":"2019-06-04T17:47:11","slug":"posters","status":"publish","type":"page","link":"https:\/\/congresos.unlp.edu.ar\/eamgyfm\/posters\/","title":{"rendered":"Sesi\u00f3n de posters"},"content":{"rendered":"<p>Durante el encuentro tendr\u00e1 lugar una sesi\u00f3n de posters. Si quer\u00e9s participar, ten\u00e9s que enviar un correo a <a href=\"mailto:eamgyfm2019@gmail.com\"><strong>eamgyfm2019@gmail.com<\/strong><\/a> con el asunto &#8220;poster-APELLIDO&#8221; reemplazando &#8220;APELLIDO&#8221; por tu apellido. En el mismo deber\u00e1s adjuntar un archivo en formato PDF con un resumen del poster que no exceda una p\u00e1gina de extensi\u00f3n. Adem\u00e1s, el archivo deber\u00e1 contener la informaci\u00f3n de autoras\/es con sus respectivas filiaciones y datos de contacto.<\/p>\n<p>La aceptaci\u00f3n de los trabajos estar\u00e1 sujeta a la aprobaci\u00f3n de los mismos por el Comit\u00e9 Cient\u00edfico, cuya decisi\u00f3n se comunicar\u00e1 con posterioridad a la fecha l\u00edmite.<\/p>\n<p><strong>Fecha l\u00edmite:<\/strong>\u00a0<span style=\"text-decoration: line-through\">5 de mayo de 2019<\/span> <strong><span style=\"color: red;text-decoration: line-through\">Extendida a 15 de mayo de 2019 <\/span><\/strong><strong><span style=\"color: blue\"> FINALIZADA<\/span><\/strong><\/p>\n<p><strong>El ancho de cada poster no deber\u00e1 exceder los 90 cm preferentemente.<\/strong><\/p>\n\n\n<h3 class=\"wp-block-heading\">Posters<\/h3>\n\n\n\n<ul class=\"wp-block-list\"><li>Algebroides y grupoides de discontinuidades y una construcci\u00f3n de tipo Virasoro. <em>Dar\u00edo Mart\u00edn Aza<\/em><\/li><li>Aproximaciones, resultados y cuestiones abiertos sobre el problema de los N-cuerpos. <em>Miguel Angel Reyes<\/em><\/li><li>Conservaci\u00f3n de ciertas estructuras geom\u00e9tricas en el marco de la reducci\u00f3n de Routh discreta. <em>Mat\u00edas I. Caruso, Javier Fern\u00e1ndez, Cora Tori, Marcela Zuccalli<\/em><\/li><li>Din\u00e1mica ca\u00f3tica de un hamiltoniano semicu\u00e1ntico en la vecindad de un r\u00e9gimen inestable cu\u00e1ntico. <em>A. M. Kowalski, R. Rossignoli<\/em><\/li><li>Estad\u00edstica cortical de correlaciones densas de orden superior. <em>Rom\u00e1n Baravalle, Fernando Montani<\/em><\/li><li>Estructuras geom\u00e9trico-informacionales derivadas de entrop\u00edas relativas de grupo. <em>Mariela Portesi<\/em><\/li><li>Estructuras producto-complejas sobre el fibrado cotangente de un grupo de Lie y dualidad T de Poisson-Lie. <em>A. Latosinski, H. Montani<\/em><\/li><li>Formalismo de l\u00ednea de mundo en espacios de Snyder curvos. <em>S. A. Franchino-Vi\u00f1as<\/em><\/li><li>Formalismo l\u00ednea de mundo para un campo escalar confinado. <em>Olindo Corradini, James P. Edwards, Idrish Huet, Lucas Manzo, Pablo Pisani<\/em><\/li><li>Generaci\u00f3n de oscilaciones de relajaci\u00f3n en un modelo de circuito con diodo t\u00fanel. <em>Ana Torresi, Guillermo Calandrini, Andrea Bel, Walter Reartes<\/em><\/li><li>Grupos de isometr\u00eda de espacios compactos Lorentzianos homog\u00e9neos. <em>Pablo Ra\u00fal Montenegro<\/em><\/li><li>La no conmutaci\u00f3n bajo operaci\u00f3n cu\u00e1nticas locales. <em>D. G. Bussandri, A. P. Majtey, A. Vald\u00e9s-Hern\u00e1ndez<\/em><\/li><li>Potencial macrosc\u00f3pico e inestabilidades en procesos de Uhlenbeck-Ornstein. <em>Augusto Melgarejo, Claudia Ruscitti, Laura Langoni<\/em><\/li><li>Reducci\u00f3n de Routh h\u00edbrida para sistemas h\u00edbridos simples dependientes del tiempo. <em>Leonardo J. Colombo, Mar\u00eda Emma Eyrea Iraz\u00fa, Eduardo Garc\u00eda-Tora\u00f1o Andr\u00e9s<\/em><\/li><li>Una interpretaci\u00f3n del tensor m\u00e9trico para sistemas termoestad\u00edsticos. <em>Yanet Alvarez, Mariela Portesi<\/em><\/li><li>Un integrador geom\u00e9trico para control \u00f3ptimo en SE(3). <em>Guadalupe Quij\u00f3n, Sebasti\u00e1n Ferraro<\/em><\/li><\/ul>\n","protected":false},"excerpt":{"rendered":"<p>Durante el encuentro tendr\u00e1 lugar una sesi\u00f3n de posters. Si quer\u00e9s participar, ten\u00e9s que enviar un correo a eamgyfm2019@gmail.com con el asunto &#8220;poster-APELLIDO&#8221; reemplazando &#8220;APELLIDO&#8221; por tu apellido. En el mismo deber\u00e1s adjuntar un archivo en formato PDF con un resumen del poster que no exceda una p\u00e1gina de extensi\u00f3n. Adem\u00e1s, el archivo deber\u00e1 contener [&hellip;]<\/p>\n","protected":false},"author":6,"featured_media":0,"parent":0,"menu_order":0,"comment_status":"closed","ping_status":"closed","template":"","meta":{"advgb_blocks_editor_width":"","advgb_blocks_columns_visual_guide":"","footnotes":""},"class_list":["post-47","page","type-page","status-publish","hentry","post"],"aioseo_notices":[],"coauthors":[],"author_meta":{"author_link":"https:\/\/congresos.unlp.edu.ar\/eamgyfm\/author\/lemasalomone\/","display_name":"lemasalomone"},"relative_dates":{"created":"Posted 7 a\u00f1os ago","modified":"Updated 7 a\u00f1os ago"},"absolute_dates":{"created":"Posted on 25 febrero, 2019","modified":"Updated on 4 junio, 2019"},"absolute_dates_time":{"created":"Posted on 25 febrero, 2019 12:17 pm","modified":"Updated on 4 junio, 2019 2:47 pm"},"featured_img_caption":"","featured_img":false,"series_order":"","_links":{"self":[{"href":"https:\/\/congresos.unlp.edu.ar\/eamgyfm\/wp-json\/wp\/v2\/pages\/47","targetHints":{"allow":["GET"]}}],"collection":[{"href":"https:\/\/congresos.unlp.edu.ar\/eamgyfm\/wp-json\/wp\/v2\/pages"}],"about":[{"href":"https:\/\/congresos.unlp.edu.ar\/eamgyfm\/wp-json\/wp\/v2\/types\/page"}],"author":[{"embeddable":true,"href":"https:\/\/congresos.unlp.edu.ar\/eamgyfm\/wp-json\/wp\/v2\/users\/6"}],"replies":[{"embeddable":true,"href":"https:\/\/congresos.unlp.edu.ar\/eamgyfm\/wp-json\/wp\/v2\/comments?post=47"}],"version-history":[{"count":0,"href":"https:\/\/congresos.unlp.edu.ar\/eamgyfm\/wp-json\/wp\/v2\/pages\/47\/revisions"}],"wp:attachment":[{"href":"https:\/\/congresos.unlp.edu.ar\/eamgyfm\/wp-json\/wp\/v2\/media?parent=47"}],"curies":[{"name":"wp","href":"https:\/\/api.w.org\/{rel}","templated":true}]}}