{"id":371,"date":"2021-06-03T21:26:45","date_gmt":"2021-06-04T00:26:45","guid":{"rendered":"https:\/\/congresos.unlp.edu.ar\/diageogebra\/?page_id=371"},"modified":"2021-06-10T23:16:54","modified_gmt":"2021-06-11T02:16:54","slug":"pk7","status":"publish","type":"page","link":"https:\/\/congresos.unlp.edu.ar\/diageogebra\/pechakuchas\/pk7\/","title":{"rendered":"P7. Simulaci\u00f3n de Circuitos El\u00e9ctricos B\u00e1sicos con GeoGebra"},"content":{"rendered":"<div id=\"pl-371\"  class=\"panel-layout\" ><div id=\"pg-371-0\"  class=\"panel-grid panel-no-style\" ><div id=\"pgc-371-0-0\"  class=\"panel-grid-cell\" ><div id=\"panel-371-0-0-0\" class=\"so-panel widget widget_text panel-first-child panel-last-child\" data-index=\"0\" ><h3 class=\"widget-title\">Resumen<\/h3>\t\t\t<div class=\"textwidget\"><p><span data-sheets-value=\"{&quot;1&quot;:2,&quot;2&quot;:&quot;Los estudiantes de la Facultad de Arquitectura y Urbanismo de la Universidad Nacional de La Plata (UNLP) que se hallan el primer a\u00f1o de la Carrera deben cursar Matem\u00e1tica y F\u00edsica Aplicadas. En estos cursos se desarrollan conceptos b\u00e1sicos de electricidad. Es frecuente que muchos alumnos tengan dificultad en entender los conceptos f\u00edsicos relacionados con circuitos el\u00e9ctricos. Habitualmente, durante los cursos presenciales realizamos experiencias demostrativas con tableros el\u00e9ctricos para favorecer el entendimiento conceptual del tema. Aqu\u00ed presentamos una actividad pr\u00e1ctica complementaria implementada en GeoGebra para simular las experiencias realizadas en el aula con tableros de electricidad. Se trata de una serie de actividades cualitativas y cuantitativas que pueden ser implementadas en cursos no presenciales.&quot;}\" data-sheets-userformat=\"{&quot;2&quot;:513,&quot;3&quot;:{&quot;1&quot;:0},&quot;12&quot;:0}\">Los estudiantes de la Facultad de Arquitectura y Urbanismo de la Universidad Nacional de La Plata (UNLP) que se hallan el primer a\u00f1o de la Carrera deben cursar Matem\u00e1tica y F\u00edsica Aplicadas. En estos cursos se desarrollan conceptos b\u00e1sicos de electricidad. Es frecuente que muchos alumnos tengan dificultad en entender los conceptos f\u00edsicos relacionados con circuitos el\u00e9ctricos. Habitualmente, durante los cursos presenciales realizamos experiencias demostrativas con tableros el\u00e9ctricos para favorecer el entendimiento conceptual del tema. Aqu\u00ed presentamos una actividad pr\u00e1ctica complementaria implementada en GeoGebra para simular las experiencias realizadas en el aula con tableros de electricidad. Se trata de una serie de actividades cualitativas y cuantitativas que pueden ser implementadas en cursos no presenciales.<\/span><\/p>\n<p><span data-sheets-value=\"{&quot;1&quot;:2,&quot;2&quot;:&quot;Claudio Magnoni, Creus Mariano, Fornari Gustavo y Rosa Enrich&quot;}\" data-sheets-userformat=\"{&quot;2&quot;:513,&quot;3&quot;:{&quot;1&quot;:0},&quot;12&quot;:0}\"><strong>Autores:<\/strong> Magnoni, Claudio &#8211; Creus, Mariano &#8211; Fornari, Gustavo &#8211; Enrich, Rosa<\/span><\/p>\n<p><strong>Contacto:<\/strong> <a href=\"mailto:claudio.magnoni@gmail.com\"><span data-sheets-value=\"{&quot;1&quot;:2,&quot;2&quot;:&quot;claudio.magnoni@gail.com&quot;}\" data-sheets-userformat=\"{&quot;2&quot;:513,&quot;3&quot;:{&quot;1&quot;:0},&quot;12&quot;:0}\">claudio.magnoni@gmail.com<\/span><\/a><\/p>\n<p><iframe title=\"P7   Simulaci\u00f3n de Circuitos B\u00e1sicos con GeoGebra\" src=\"https:\/\/www.youtube.com\/embed\/0-9WuU1qaiY?list=PLdN4O1f3u6pg99Qo-72AmfG9g9UlrGljn\" frameborder=\"0\" allow=\"accelerometer; autoplay; clipboard-write; encrypted-media; gyroscope; picture-in-picture\" allowfullscreen><\/iframe><\/p>\n<\/div>\n\t\t<\/div><\/div><\/div><\/div>","protected":false},"excerpt":{"rendered":"<p>Los estudiantes de la Facultad de Arquitectura y Urbanismo de la Universidad Nacional de La Plata (UNLP) que se hallan el primer a\u00f1o de la Carrera deben cursar Matem\u00e1tica y F\u00edsica Aplicadas. En estos cursos se desarrollan conceptos b\u00e1sicos de electricidad. Es frecuente que muchos alumnos tengan dificultad en entender los conceptos f\u00edsicos relacionados con [&hellip;]<\/p>\n","protected":false},"author":85,"featured_media":0,"parent":227,"menu_order":7,"comment_status":"closed","ping_status":"closed","template":"","meta":{"advgb_blocks_editor_width":"","advgb_blocks_columns_visual_guide":"","footnotes":""},"class_list":["post-371","page","type-page","status-publish","hentry","post"],"aioseo_notices":[],"coauthors":[],"author_meta":{"author_link":"https:\/\/congresos.unlp.edu.ar\/diageogebra\/author\/gonzalo98\/","display_name":"gonzalo"},"relative_dates":{"created":"Posted 5 a\u00f1os ago","modified":"Updated 5 a\u00f1os ago"},"absolute_dates":{"created":"Posted on 3 junio, 2021","modified":"Updated on 10 junio, 2021"},"absolute_dates_time":{"created":"Posted on 3 junio, 2021 9:26 pm","modified":"Updated on 10 junio, 2021 11:16 pm"},"featured_img_caption":"","featured_img":false,"series_order":"","_links":{"self":[{"href":"https:\/\/congresos.unlp.edu.ar\/diageogebra\/wp-json\/wp\/v2\/pages\/371","targetHints":{"allow":["GET"]}}],"collection":[{"href":"https:\/\/congresos.unlp.edu.ar\/diageogebra\/wp-json\/wp\/v2\/pages"}],"about":[{"href":"https:\/\/congresos.unlp.edu.ar\/diageogebra\/wp-json\/wp\/v2\/types\/page"}],"author":[{"embeddable":true,"href":"https:\/\/congresos.unlp.edu.ar\/diageogebra\/wp-json\/wp\/v2\/users\/85"}],"replies":[{"embeddable":true,"href":"https:\/\/congresos.unlp.edu.ar\/diageogebra\/wp-json\/wp\/v2\/comments?post=371"}],"version-history":[{"count":0,"href":"https:\/\/congresos.unlp.edu.ar\/diageogebra\/wp-json\/wp\/v2\/pages\/371\/revisions"}],"up":[{"embeddable":true,"href":"https:\/\/congresos.unlp.edu.ar\/diageogebra\/wp-json\/wp\/v2\/pages\/227"}],"wp:attachment":[{"href":"https:\/\/congresos.unlp.edu.ar\/diageogebra\/wp-json\/wp\/v2\/media?parent=371"}],"curies":[{"name":"wp","href":"https:\/\/api.w.org\/{rel}","templated":true}]}}