{"id":117,"date":"2024-05-27T19:46:06","date_gmt":"2024-05-27T22:46:06","guid":{"rendered":"https:\/\/congresos.unlp.edu.ar\/congresohica\/?page_id=117"},"modified":"2024-07-15T15:39:03","modified_gmt":"2024-07-15T18:39:03","slug":"prorroga-y-tarifas","status":"publish","type":"page","link":"https:\/\/congresos.unlp.edu.ar\/congresohica\/prorroga-y-tarifas\/","title":{"rendered":"Pr\u00f3rroga y tarifas"},"content":{"rendered":"<p>Estimados\/as,<\/p>\n<p>Les informamos que se ha establecido una pr\u00f3rroga para la presentaci\u00f3n de las ponencias completas. El nuevo l\u00edmite es el 15 de julio de 2024.<\/p>\n<p>Agradecemos confirmar su participaci\u00f3n.<\/p>\n<p>Finalmente, les informamos los montos de inscripci\u00f3n al congreso:<\/p>\n<p>* Expositor\/a nacional: $ 25.000<br \/>\n* Expositor\/a internacional: US$ 20<br \/>\n* Asistente con certificado: $ 10.000<br \/>\n* Asistente estudiante: gratis<\/p>\n<p>A partir del 9 de septiembre y hasta la realizaci\u00f3n del congreso, los montos ser\u00e1n:<\/p>\n<p>* Expositor\/a nacional: $ 35.000<br \/>\n* Expositor\/a internacional: US$ 50<br \/>\n* Asistente con certificado: $ 15.000<br \/>\n* Asistente estudiante: gratis<\/p>\n<p>&nbsp;<\/p>\n<p>Dear all,<\/p>\n<p>We would like to inform you about the extended deadline for the presentation of complete papers. The new limit is June 30, 2024.<\/p>\n<p>We appreciate the confirmation of your attendance.<\/p>\n<p>Finally, we would like to inform about the registration fees for the congress:<\/p>\n<p>* National presenter: $25,000<br \/>\n* International presenter: US$ 20<br \/>\n* Assistant with certificate: $10,000<br \/>\n* Student assistant: free<\/p>\n<p>From September 9th, and until the congress is held, the fees will be:<\/p>\n<p>* National presenter: $35,000<br \/>\n* International presenter: US$ 50<br \/>\n* Assistant with certificate: $15,000<br \/>\n* Student assistant: free<\/p>\n","protected":false},"excerpt":{"rendered":"<p>Estimados\/as, Les informamos que se ha establecido una pr\u00f3rroga para la presentaci\u00f3n de las ponencias completas. El nuevo l\u00edmite es el 15 de julio de 2024. Agradecemos confirmar su participaci\u00f3n. Finalmente, les informamos los montos de inscripci\u00f3n al congreso: * Expositor\/a nacional: $ 25.000 * Expositor\/a internacional: US$ 20 * Asistente con certificado: $ 10.000 [&hellip;]<\/p>\n","protected":false},"author":198,"featured_media":0,"parent":0,"menu_order":0,"comment_status":"closed","ping_status":"closed","template":"","meta":{"advgb_blocks_editor_width":"","advgb_blocks_columns_visual_guide":"","footnotes":""},"class_list":["post-117","page","type-page","status-publish","hentry","post"],"aioseo_notices":[],"coauthors":[],"author_meta":{"author_link":"https:\/\/congresos.unlp.edu.ar\/congresohica\/author\/anabrandoni\/","display_name":"anabrandoni"},"relative_dates":{"created":"Posted 2 a\u00f1os ago","modified":"Updated 2 a\u00f1os ago"},"absolute_dates":{"created":"Posted on 27 mayo, 2024","modified":"Updated on 15 julio, 2024"},"absolute_dates_time":{"created":"Posted on 27 mayo, 2024 7:46 pm","modified":"Updated on 15 julio, 2024 3:39 pm"},"featured_img_caption":"","featured_img":false,"series_order":"","_links":{"self":[{"href":"https:\/\/congresos.unlp.edu.ar\/congresohica\/wp-json\/wp\/v2\/pages\/117","targetHints":{"allow":["GET"]}}],"collection":[{"href":"https:\/\/congresos.unlp.edu.ar\/congresohica\/wp-json\/wp\/v2\/pages"}],"about":[{"href":"https:\/\/congresos.unlp.edu.ar\/congresohica\/wp-json\/wp\/v2\/types\/page"}],"author":[{"embeddable":true,"href":"https:\/\/congresos.unlp.edu.ar\/congresohica\/wp-json\/wp\/v2\/users\/198"}],"replies":[{"embeddable":true,"href":"https:\/\/congresos.unlp.edu.ar\/congresohica\/wp-json\/wp\/v2\/comments?post=117"}],"version-history":[{"count":0,"href":"https:\/\/congresos.unlp.edu.ar\/congresohica\/wp-json\/wp\/v2\/pages\/117\/revisions"}],"wp:attachment":[{"href":"https:\/\/congresos.unlp.edu.ar\/congresohica\/wp-json\/wp\/v2\/media?parent=117"}],"curies":[{"name":"wp","href":"https:\/\/api.w.org\/{rel}","templated":true}]}}