{"id":13,"date":"2021-07-07T16:32:16","date_gmt":"2021-07-07T19:32:16","guid":{"rendered":"https:\/\/congresos.unlp.edu.ar\/conebios7\/?page_id=13"},"modified":"2021-09-16T12:13:38","modified_gmt":"2021-09-16T15:13:38","slug":"historia","status":"publish","type":"page","link":"https:\/\/congresos.unlp.edu.ar\/conebios7\/historia\/","title":{"rendered":"Bienvenida"},"content":{"rendered":"<div id=\"pl-13\"  class=\"panel-layout\" ><div id=\"pg-13-0\"  class=\"panel-grid panel-no-style\" ><div id=\"pgc-13-0-0\"  class=\"panel-grid-cell\" ><div id=\"panel-13-0-0-0\" class=\"so-panel widget widget_text panel-first-child panel-last-child\" data-index=\"0\" ><div class=\"panel-widget-style panel-widget-style-for-13-0-0-0\" >\t\t\t<div class=\"textwidget\"><p>\u00a1Saludos!<\/p>\n<p>Estos encuentros surgieron hace alrededor de 14 a\u00f1os y en los 6 previos nos hemos reunido en diferentes partes del pa\u00eds para compartir experiencias, saberes y sentires, todos los que por vocaci\u00f3n estudiamos al suelo. Con mucha alegr\u00eda, desde La Plata, les convocamos al S\u00e9ptimo Congreso de Ecolog\u00eda y Biolog\u00eda de Suelos.<\/p>\n<p>La pandemia nos ha condicionado a realizar CONEBIOS VII unos meses m\u00e1s tarde de lo esperado, considerando adem\u00e1s que el encuentro puede ser virtual, total o parcialmente, \u00a0dependiendo de las condiciones sanitarias imperantes en Abril 2022. \u00a0Nos complace darle continuidad a estos encuentros, incluyendo los cambios desafiantes del\u00a0 ambiente, que nos invitan a abrirnos para reiterar nuestro compromiso de reunirnos una vez m\u00e1s.<\/p>\n<p>Convocamos hoy a quienes desde diversas disciplinas y con diferentes miradas estudian, ense\u00f1an, trabajan o se ocupan del suelo, para integrarnos con buena voluntad en la tarea de conservarlo respetando su din\u00e1mica.<\/p>\n<p>Les proponemos un encuentro para sentipensar en conjunto sobre nuestra relaci\u00f3n con el suelo, ya que entendemos que nuestro hacer responsable surge bajo la influencia de nuestro modo consciente de pensar y sentir. Bajo el modelo que ha dominado hasta el presente, hemos aprendido a pensar que la naturaleza est\u00e1 a nuestro servicio y el lenguaje nos ofrece \u201cuso del suelo\u201d para nombrar esta relaci\u00f3n. Vemos los resultados de las acciones que hemos ejecutado hasta ahora y sentimos la necesidad de cambiar este modelo de pensamiento por otro que nos incluya en los sistemas naturales en los que habitamos.<\/p>\n<p>En esta reuni\u00f3n hemos introducido como ejes expl\u00edcitos a la educaci\u00f3n, ya que a trav\u00e9s de este proceso nos incorporamos a la sociedad con un modelo de pensamiento aprehendido y a la problem\u00e1tica de g\u00e9nero, porque entendemos que somos iguales ante la naturaleza y que todos juntos en igualdad podemos producir el conocimiento necesario para incluirnos en nuestros sistemas naturales en el lugar arm\u00f3nico que nos corresponde. Formamos parte de una entidad compleja superior a nosotros que debemos aprender a honrar y respetar.<\/p>\n<p>Esperamos que de la interacci\u00f3n entre bi\u00f3logos, agroec\u00f3logos, ingenieros agr\u00f3nomos, productores agroecol\u00f3gicos, educadores, y todos los actores sociales interesados, podamos ampliar la mirada y revalorizar saberes que nos permitan conocer y dar a conocer en la sociedad nuestro objeto de estudio: el suelo<\/p>\n<p>\u00a1Les esperamos!<\/p>\n<p>&nbsp;<\/p>\n<\/div>\n\t\t<\/div><\/div><\/div><\/div><\/div>","protected":false},"excerpt":{"rendered":"<p>\u00a1Saludos! Estos encuentros surgieron hace alrededor de 14 a\u00f1os y en los 6 previos nos hemos reunido en diferentes partes del pa\u00eds para compartir experiencias, saberes y sentires, todos los que por vocaci\u00f3n estudiamos al suelo. Con mucha alegr\u00eda, desde La Plata, les convocamos al S\u00e9ptimo Congreso de Ecolog\u00eda y Biolog\u00eda de Suelos. La pandemia [&hellip;]<\/p>\n","protected":false},"author":2,"featured_media":0,"parent":0,"menu_order":0,"comment_status":"closed","ping_status":"closed","template":"","meta":{"advgb_blocks_editor_width":"","advgb_blocks_columns_visual_guide":"","footnotes":""},"class_list":["post-13","page","type-page","status-publish","hentry","post"],"aioseo_notices":[],"coauthors":[],"author_meta":{"author_link":"https:\/\/congresos.unlp.edu.ar\/conebios7\/author\/congresos\/","display_name":"congresos"},"relative_dates":{"created":"Publicado 5 a\u00f1os hace","modified":"Actualizado 5 a\u00f1os hace"},"absolute_dates":{"created":"Publicado el 7 julio, 2021","modified":"Actualizado el 16 septiembre, 2021"},"absolute_dates_time":{"created":"Publicado el 7 julio, 2021 4:32 pm","modified":"Actualizado el 16 septiembre, 2021 12:13 pm"},"featured_img_caption":"","featured_img":false,"series_order":"","_links":{"self":[{"href":"https:\/\/congresos.unlp.edu.ar\/conebios7\/wp-json\/wp\/v2\/pages\/13","targetHints":{"allow":["GET"]}}],"collection":[{"href":"https:\/\/congresos.unlp.edu.ar\/conebios7\/wp-json\/wp\/v2\/pages"}],"about":[{"href":"https:\/\/congresos.unlp.edu.ar\/conebios7\/wp-json\/wp\/v2\/types\/page"}],"author":[{"embeddable":true,"href":"https:\/\/congresos.unlp.edu.ar\/conebios7\/wp-json\/wp\/v2\/users\/2"}],"replies":[{"embeddable":true,"href":"https:\/\/congresos.unlp.edu.ar\/conebios7\/wp-json\/wp\/v2\/comments?post=13"}],"version-history":[{"count":0,"href":"https:\/\/congresos.unlp.edu.ar\/conebios7\/wp-json\/wp\/v2\/pages\/13\/revisions"}],"wp:attachment":[{"href":"https:\/\/congresos.unlp.edu.ar\/conebios7\/wp-json\/wp\/v2\/media?parent=13"}],"curies":[{"name":"wp","href":"https:\/\/api.w.org\/{rel}","templated":true}]}}

<div id="pl-13"  class="panel-layout" ><div id="pg-13-0"  class="panel-grid panel-no-style" ><div id="pgc-13-0-0"  class="panel-grid-cell" ><div id="panel-13-0-0-0" class="so-panel widget widget_text panel-first-child panel-last-child" data-index="0" ><div class="panel-widget-style panel-widget-style-for-13-0-0-0" >			<div class="textwidget"><p>¡Saludos!</p>
<p>Estos encuentros surgieron hace alrededor de 14 años y en los 6 previos nos hemos reunido en diferentes partes del país para compartir experiencias, saberes y sentires, todos los que por vocación estudiamos al suelo. Con mucha alegría, desde La Plata, les convocamos al Séptimo Congreso de Ecología y Biología de Suelos.</p>
<p>La pandemia nos ha condicionado a realizar CONEBIOS VII unos meses más tarde de lo esperado, considerando además que el encuentro puede ser virtual, total o parcialmente,  dependiendo de las condiciones sanitarias imperantes en Abril 2022.  Nos complace darle continuidad a estos encuentros, incluyendo los cambios desafiantes del  ambiente, que nos invitan a abrirnos para reiterar nuestro compromiso de reunirnos una vez más.</p>
<p>Convocamos hoy a quienes desde diversas disciplinas y con diferentes miradas estudian, enseñan, trabajan o se ocupan del suelo, para integrarnos con buena voluntad en la tarea de conservarlo respetando su dinámica.</p>
<p>Les proponemos un encuentro para sentipensar en conjunto sobre nuestra relación con el suelo, ya que entendemos que nuestro hacer responsable surge bajo la influencia de nuestro modo consciente de pensar y sentir. Bajo el modelo que ha dominado hasta el presente, hemos aprendido a pensar que la naturaleza está a nuestro servicio y el lenguaje nos ofrece “uso del suelo” para nombrar esta relación. Vemos los resultados de las acciones que hemos ejecutado hasta ahora y sentimos la necesidad de cambiar este modelo de pensamiento por otro que nos incluya en los sistemas naturales en los que habitamos.</p>
<p>En esta reunión hemos introducido como ejes explícitos a la educación, ya que a través de este proceso nos incorporamos a la sociedad con un modelo de pensamiento aprehendido y a la problemática de género, porque entendemos que somos iguales ante la naturaleza y que todos juntos en igualdad podemos producir el conocimiento necesario para incluirnos en nuestros sistemas naturales en el lugar armónico que nos corresponde. Formamos parte de una entidad compleja superior a nosotros que debemos aprender a honrar y respetar.</p>
<p>Esperamos que de la interacción entre biólogos, agroecólogos, ingenieros agrónomos, productores agroecológicos, educadores, y todos los actores sociales interesados, podamos ampliar la mirada y revalorizar saberes que nos permitan conocer y dar a conocer en la sociedad nuestro objeto de estudio: el suelo</p>
<p>¡Les esperamos!</p>
<p>&nbsp;</p>
</div>
		</div></div></div></div></div>

<p>¡Saludos! Estos encuentros surgieron hace alrededor de 14 años y en los 6 previos nos hemos reunido en diferentes partes del país para compartir experiencias, saberes y sentires, todos los que por vocación estudiamos al suelo. Con mucha alegría, desde La Plata, les convocamos al Séptimo Congreso de Ecología y Biología de Suelos. La pandemia [&hellip;]</p>

Publicado 5 años hace

Actualizado 5 años hace
