{"id":218,"date":"2023-03-15T16:38:47","date_gmt":"2023-03-15T19:38:47","guid":{"rendered":"https:\/\/congresos.unlp.edu.ar\/condetlaplata\/?page_id=218"},"modified":"2023-08-25T17:46:08","modified_gmt":"2023-08-25T20:46:08","slug":"portal-de-envios","status":"publish","type":"page","link":"https:\/\/congresos.unlp.edu.ar\/condetlaplata\/portal-de-envios\/","title":{"rendered":"Portal de env\u00edos e instructivos"},"content":{"rendered":"<h5><strong>Los env\u00edos de los trabajos ser\u00e1n realizados a trav\u00e9s del siguiente <a href=\"https:\/\/backend.congresos.unlp.edu.ar\/index.php\/condetlaplata\/about\/submissions\">link<\/a><\/strong><\/h5>\n<p><span style=\"color: #000000\">En este portal <strong>deber\u00e1 registrarse el primer autor del trabajo<\/strong>, y seguir los siguientes pasos:<\/span><\/p>\n<ol>\n<li><span style=\"color: #000000\">En la pesta\u00f1a &#8220;Env\u00edos&#8221; encontrar\u00e1 los links para subir el documento seg\u00fan el tipo de formato (trabajo de investigaci\u00f3n, experiencias o p\u00f3ster) que corresponda. <\/span><\/li>\n<li><span style=\"color: #000000\">Al seleccionar el link debajo del formato, se desplegar\u00e1 un formulario en d\u00f3nde se deber\u00e1 seleccionar la categor\u00eda a la que se presenta (Mesa de trabajo o Eje tem\u00e1tico). <\/span><\/li>\n<li><span style=\"color: #000000\">Al pasar al siguiente paso, una vez cargado el documento, se procede a completar algunos datos sobre el mismo (T\u00edtulo, subt\u00edtulo, autores, palabras claves) y al env\u00edo del mismo.<\/span><\/li>\n<\/ol>\n<p><span style=\"color: #000000\">Toda la informaci\u00f3n sobre el mismo ser\u00e1 comunicada a trav\u00e9s de dicho portal. Por favor, <strong>prestar atenci\u00f3n a las instrucciones y pautas detalladas para la carga de archivos<\/strong>.<\/span><\/p>\n<h3><span style=\"color: #3366ff\"><strong>Instructivos:\u00a0 \u00a0 \u00a0 \u00a0 \u00a0 \u00a0 \u00a0 \u00a0 \u00a0 \u00a0 \u00a0 \u00a0 \u00a0 \u00a0 \u00a0 \u00a0 \u00a0 \u00a0 \u00a0 \u00a0 \u00a0 \u00a0 \u00a0 \u00a0 \u00a0 \u00a0 \u00a0 \u00a0 \u00a0 \u00a0 \u00a0 \u00a0 \u00a0 \u00a0 \u00a0 \u00a0 \u00a0 \u00a0 \u00a0 \u00a0 \u00a0 \u00a0 \u00a0 \u00a0Modelos PARA DESCARGAR de:<\/strong><\/span><\/h3>\n<p><strong><a href=\"http:\/\/congresos.unlp.edu.ar\/condetlaplata\/wp-content\/uploads\/sites\/64\/2023\/03\/Instructivo-portal-envios_autores.pdf\" target=\"_blank\" rel=\"noopener\">Instructivo para env\u00edos &#8211; autores<\/a>\u00a0 \u00a0 \u00a0 \u00a0 \u00a0 \u00a0 \u00a0 \u00a0 \u00a0 \u00a0 \u00a0 \u00a0 \u00a0 \u00a0 \u00a0 \u00a0 \u00a0 \u00a0 \u00a0 \u00a0 \u00a0 \u00a0 \u00a0 \u00a0 \u00a0 \u00a0 \u00a0 \u00a0 \u00a0 \u00a0 \u00a0 \u00a0 \u00a0 \u00a0 \u00a0 \u00a0 \u00a0 \u00a0 \u00a0 \u00a0 \u00a0 \u00a0 \u00a0 \u00a0 \u00a0 \u00a0 \u00a0 \u00a0 \u00a0 \u00a0 \u00a0 \u00a0 \u00a0 <a href=\"https:\/\/docs.google.com\/document\/d\/1EH-BoA4p5SZY0dgoP-lfn4C7GKMEvrQfxJifLJwvykI\/edit?usp=sharing\" target=\"_blank\" rel=\"noopener\">Declaraci\u00f3n jurada de publicaci\u00f3n<\/a><\/strong><\/p>\n<p><a href=\"http:\/\/congresos.unlp.edu.ar\/condetlaplata\/wp-content\/uploads\/sites\/64\/2023\/05\/Instructivo-envio-de-ponencia-completa.pdf\" target=\"_blank\" rel=\"noopener\"><strong>Instructivo para env\u00edo de ponencias completas<\/strong><\/a>\u00a0 \u00a0 \u00a0 \u00a0 \u00a0 \u00a0 \u00a0 \u00a0 \u00a0 \u00a0 \u00a0 \u00a0 \u00a0 \u00a0 \u00a0 \u00a0 \u00a0 \u00a0 \u00a0 \u00a0 \u00a0 \u00a0 \u00a0 \u00a0 \u00a0 \u00a0 \u00a0 \u00a0 \u00a0 \u00a0 \u00a0 \u00a0 \u00a0 \u00a0 \u00a0 \u00a0 \u00a0 \u00a0 \u00a0 \u00a0 \u00a0 \u00a0 \u00a0 \u00a0 <a href=\"https:\/\/docs.google.com\/presentation\/d\/1A5-EPd7VgQNjciw9VUCH9PZmF3pD0V30\/edit?usp=sharing&amp;ouid=110510007457722911889&amp;rtpof=true&amp;sd=true\" target=\"_blank\" rel=\"noopener\"><strong>Plantilla p\u00f3ster editable (formato pptx)<\/strong><\/a><\/p>\n<p><strong><a href=\"http:\/\/congresos.unlp.edu.ar\/condetlaplata\/wp-content\/uploads\/sites\/64\/2023\/03\/Instructivo-portal-envios_revisores.pdf\" target=\"_blank\" rel=\"noopener\">Instructivo para Revisores<\/a>\u00a0 \u00a0 \u00a0 \u00a0 \u00a0 \u00a0 \u00a0 \u00a0 \u00a0 \u00a0 \u00a0 \u00a0 \u00a0 \u00a0 \u00a0 \u00a0 \u00a0 \u00a0 \u00a0 \u00a0 \u00a0 \u00a0 \u00a0 \u00a0 \u00a0 \u00a0 \u00a0 \u00a0 \u00a0 \u00a0 \u00a0 \u00a0 \u00a0 \u00a0 \u00a0 \u00a0 \u00a0 \u00a0 \u00a0 \u00a0 \u00a0 \u00a0 \u00a0 \u00a0 \u00a0 \u00a0 \u00a0 \u00a0 \u00a0 \u00a0 \u00a0 \u00a0 \u00a0 \u00a0 \u00a0 \u00a0 \u00a0 \u00a0 \u00a0 <a href=\"http:\/\/congresos.unlp.edu.ar\/condetlaplata\/wp-content\/uploads\/sites\/64\/2023\/05\/plantilla-poster-CONDET2023.pdf\" target=\"_blank\" rel=\"noopener\">Plantilla P\u00f3ster (formato pdf)<\/a><\/strong><\/p>\n<p><strong><a href=\"http:\/\/congresos.unlp.edu.ar\/condetlaplata\/wp-content\/uploads\/sites\/64\/2023\/03\/Instructivo-portal-envios_coord.-de-mesa.pdf\" target=\"_blank\" rel=\"noopener\">Instructivo para Coordinadores de Mesas de trabajo<\/a>\u00a0 \u00a0 \u00a0 \u00a0 \u00a0 \u00a0 \u00a0 \u00a0 \u00a0 \u00a0 \u00a0 \u00a0 \u00a0 \u00a0 \u00a0 \u00a0 \u00a0 \u00a0 \u00a0 \u00a0 \u00a0 \u00a0 \u00a0 \u00a0 \u00a0 \u00a0 \u00a0 \u00a0 \u00a0 \u00a0 \u00a0 \u00a0 \u00a0 \u00a0 \u00a0 \u00a0<a href=\"https:\/\/docs.google.com\/presentation\/d\/18N7jYSY1byyPLM3eCxBwWxGcVXfKdC3Ol73mCJSG74s\/edit?usp=sharing\">Plantilla Presentaci\u00f3n\u00a0<\/a><\/strong><\/p>\n<p>&nbsp;<\/p>\n","protected":false},"excerpt":{"rendered":"<p>Los env\u00edos de los trabajos ser\u00e1n realizados a trav\u00e9s del siguiente link En este portal deber\u00e1 registrarse el primer autor del trabajo, y seguir los siguientes pasos: En la pesta\u00f1a &#8220;Env\u00edos&#8221; encontrar\u00e1 los links para subir el documento seg\u00fan el tipo de formato (trabajo de investigaci\u00f3n, experiencias o p\u00f3ster) que corresponda. Al seleccionar el link [&hellip;]<\/p>\n","protected":false},"author":169,"featured_media":0,"parent":0,"menu_order":0,"comment_status":"closed","ping_status":"closed","template":"","meta":{"advgb_blocks_editor_width":"","advgb_blocks_columns_visual_guide":"","footnotes":""},"class_list":["post-218","page","type-page","status-publish","hentry","post"],"aioseo_notices":[],"coauthors":[],"author_meta":{"author_link":"https:\/\/congresos.unlp.edu.ar\/condetlaplata\/author\/lucianarenzella\/","display_name":"lucianarenzella"},"relative_dates":{"created":"Posted 3 a\u00f1os ago","modified":"Updated 3 a\u00f1os ago"},"absolute_dates":{"created":"Posted on 15 marzo, 2023","modified":"Updated on 25 agosto, 2023"},"absolute_dates_time":{"created":"Posted on 15 marzo, 2023 4:38 pm","modified":"Updated on 25 agosto, 2023 5:46 pm"},"featured_img_caption":"","featured_img":false,"series_order":"","_links":{"self":[{"href":"https:\/\/congresos.unlp.edu.ar\/condetlaplata\/wp-json\/wp\/v2\/pages\/218","targetHints":{"allow":["GET"]}}],"collection":[{"href":"https:\/\/congresos.unlp.edu.ar\/condetlaplata\/wp-json\/wp\/v2\/pages"}],"about":[{"href":"https:\/\/congresos.unlp.edu.ar\/condetlaplata\/wp-json\/wp\/v2\/types\/page"}],"author":[{"embeddable":true,"href":"https:\/\/congresos.unlp.edu.ar\/condetlaplata\/wp-json\/wp\/v2\/users\/169"}],"replies":[{"embeddable":true,"href":"https:\/\/congresos.unlp.edu.ar\/condetlaplata\/wp-json\/wp\/v2\/comments?post=218"}],"version-history":[{"count":0,"href":"https:\/\/congresos.unlp.edu.ar\/condetlaplata\/wp-json\/wp\/v2\/pages\/218\/revisions"}],"wp:attachment":[{"href":"https:\/\/congresos.unlp.edu.ar\/condetlaplata\/wp-json\/wp\/v2\/media?parent=218"}],"curies":[{"name":"wp","href":"https:\/\/api.w.org\/{rel}","templated":true}]}}