{"id":22,"date":"2021-09-03T09:01:37","date_gmt":"2021-09-03T12:01:37","guid":{"rendered":"https:\/\/congresos.unlp.edu.ar\/cnza\/?page_id=22"},"modified":"2022-02-23T20:02:00","modified_gmt":"2022-02-23T23:02:00","slug":"mesa-general","status":"publish","type":"page","link":"https:\/\/congresos.unlp.edu.ar\/cnza\/mesa-general\/","title":{"rendered":"Mesa de comunicaciones generales"},"content":{"rendered":"<p>En este espacio podr\u00e1n remitirse presentaciones orales de trabajos cuyas tem\u00e1ticas no se adec\u00faen a las propuestas de simposios anteriormente descriptas.<\/p>\n<p><strong>Coordinadores: <\/strong><strong>Emiliano Mange<\/strong>, Divisi\u00f3n Arqueolog\u00eda, FCNyM- UNLP\/ CONICET. <a href=\"mailto:emilianomange@gmail.com\">emilianomange@gmail.com<\/a><\/p>\n<p><strong>Laura Bastourre,<\/strong> Divisi\u00f3n Arqueolog\u00eda, FCNyM- UNLP. <a href=\"mailto:laurabastourre@yahoo.com.ar\">laurabastourre@yahoo.com.ar<\/a><\/p>\n<p><strong>Relator: <\/strong>Mat\u00edas Medina: Divisi\u00f3n Arqueolog\u00eda, FCNyM- UNLP\/ CONICET. <a href=\"mailto:paleomedina@gmail.com\">paleomedina@gmail.com<\/a><\/p>\n","protected":false},"excerpt":{"rendered":"<p>En este espacio podr\u00e1n remitirse presentaciones orales de trabajos cuyas tem\u00e1ticas no se adec\u00faen a las propuestas de simposios anteriormente descriptas. Coordinadores: Emiliano Mange, Divisi\u00f3n Arqueolog\u00eda, FCNyM- UNLP\/ CONICET. emilianomange@gmail.com Laura Bastourre, Divisi\u00f3n Arqueolog\u00eda, FCNyM- UNLP. laurabastourre@yahoo.com.ar Relator: Mat\u00edas Medina: Divisi\u00f3n Arqueolog\u00eda, FCNyM- UNLP\/ CONICET. paleomedina@gmail.com<\/p>\n","protected":false},"author":2,"featured_media":0,"parent":0,"menu_order":0,"comment_status":"closed","ping_status":"closed","template":"","meta":{"advgb_blocks_editor_width":"","advgb_blocks_columns_visual_guide":"","footnotes":""},"class_list":["post-22","page","type-page","status-publish","hentry","post"],"aioseo_notices":[],"coauthors":[],"author_meta":{"author_link":"https:\/\/congresos.unlp.edu.ar\/cnza\/author\/congresos\/","display_name":"congresos"},"relative_dates":{"created":"Posted 5 a\u00f1os ago","modified":"Updated 4 a\u00f1os ago"},"absolute_dates":{"created":"Posted on 3 septiembre, 2021","modified":"Updated on 23 febrero, 2022"},"absolute_dates_time":{"created":"Posted on 3 septiembre, 2021 9:01 am","modified":"Updated on 23 febrero, 2022 8:02 pm"},"featured_img_caption":"","featured_img":false,"series_order":"","_links":{"self":[{"href":"https:\/\/congresos.unlp.edu.ar\/cnza\/wp-json\/wp\/v2\/pages\/22","targetHints":{"allow":["GET"]}}],"collection":[{"href":"https:\/\/congresos.unlp.edu.ar\/cnza\/wp-json\/wp\/v2\/pages"}],"about":[{"href":"https:\/\/congresos.unlp.edu.ar\/cnza\/wp-json\/wp\/v2\/types\/page"}],"author":[{"embeddable":true,"href":"https:\/\/congresos.unlp.edu.ar\/cnza\/wp-json\/wp\/v2\/users\/2"}],"replies":[{"embeddable":true,"href":"https:\/\/congresos.unlp.edu.ar\/cnza\/wp-json\/wp\/v2\/comments?post=22"}],"version-history":[{"count":0,"href":"https:\/\/congresos.unlp.edu.ar\/cnza\/wp-json\/wp\/v2\/pages\/22\/revisions"}],"wp:attachment":[{"href":"https:\/\/congresos.unlp.edu.ar\/cnza\/wp-json\/wp\/v2\/media?parent=22"}],"curies":[{"name":"wp","href":"https:\/\/api.w.org\/{rel}","templated":true}]}}