{"id":167,"date":"2022-02-23T20:15:03","date_gmt":"2022-02-23T23:15:03","guid":{"rendered":"https:\/\/congresos.unlp.edu.ar\/cnza\/?page_id=167"},"modified":"2022-02-23T20:15:03","modified_gmt":"2022-02-23T23:15:03","slug":"mesa-redonda-base-de-datos-osteometricos-de-camelidos-sudamericanos","status":"publish","type":"page","link":"https:\/\/congresos.unlp.edu.ar\/cnza\/mesa-redonda-base-de-datos-osteometricos-de-camelidos-sudamericanos\/","title":{"rendered":"Mesa redonda. Base de datos osteom\u00e9tricos de cam\u00e9lidos sudamericanos"},"content":{"rendered":"<p>MESA REDONDA<\/p>\n<p><strong>BASE DE DATOS OSTEOM\u00c9TRICOS DE CAM\u00c9LIDOS SUDAMERICANOS. UNA EXPERIENCIA DE CIENCIA ABIERTA Y COLABORATIVA EN LA ZOOARQUEOLOG\u00cdA ARGENTINA Y LATINOAMERICANA.<\/strong><\/p>\n<p><strong>Coordinadores: <\/strong><strong>Lorena L\u2019Heureux<\/strong>, IMHICIHU, Facultad de Humanidades y Artes, Universidad Nacional de Rosario, Rosario, Argentina. <a href=\"mailto:lorenalheureux@gmail.com\">lorenalheureux@gmail.com<\/a><\/p>\n<p><strong>Carlos Belotti L\u00f3pez de Medina<\/strong>, IDECU- CONICET, Universidad de Buenos Aires. <a href=\"mailto:crbelotti@gmail.com\">crbelotti@gmail.com<\/a><\/p>\n<p><strong>Mariana Mondini<\/strong>, LaZTA, IDACOR, CONICET, Universidad Nacional de C\u00f3rdoba. Universidad de Buenos Aires, Facultad de Filosof\u00eda y Letras, Departamento de Ciencias Antropol\u00f3gicas. <a href=\"mailto:mariana.mondini@gmail.com\">mariana.mondini@gmail.com<\/a><\/p>\n<p>&nbsp;<\/p>\n<p>Desde hace d\u00e9cadas, zooarque\u00f3logos y zooarque\u00f3logas de Latinoam\u00e9rica estudian, entre los restos \u00f3seos procedentes de contextos arqueol\u00f3gicos, diferentes especies de cam\u00e9lidos sudamericanos representados por especies y subespecies con requerimientos biol\u00f3gicos y porte diversos, que generaron distintos tipos de interacci\u00f3n con las poblaciones humanas a lo largo del tiempo.<\/p>\n<p>Se han propuesto diferentes criterios morfol\u00f3gicos para distinguir, a partir de los espec\u00edmenes arqueol\u00f3gicos, los taxones que integran la familia de cam\u00e9lidos sudamericanos. El abordaje metodol\u00f3gico m\u00e1s utilizado fue, y sigue siendo, la morfometr\u00eda lineal dirigida a la identificaci\u00f3n taxon\u00f3mica basada en el gradiente de tama\u00f1os de las especies que conforma este grupo (llama-guanaco-alpaca-vicu\u00f1a), as\u00ed como tambi\u00e9n a los estudios microevolutivos que buscan detectar las variaciones clinales de cada tax\u00f3n a trav\u00e9s del Holoceno, y a los estudios intraespec\u00edficos de identificaci\u00f3n del sexo y las clases de edad.<\/p>\n<p>Entre las ventajas de la osteometr\u00eda podemos destacar la posibilidad de analizar una gran cantidad de espec\u00edmenes\/elementos en un tiempo relativamente acotado, utilizar un equipamiento econ\u00f3mico, aplicar diferentes alternativas de an\u00e1lisis estad\u00edsticos, entre otras.\u00a0 Entre sus limitaciones, la m\u00e1s relevante se relaciona con que su sensibilidad diagn\u00f3stica depende de la informaci\u00f3n provista por la muestra moderna de referencia utilizada como base de comparaci\u00f3n, el tama\u00f1o de la misma y la variabilidad intra e interespec\u00edfica de los cam\u00e9lidos que la componen.<\/p>\n<p>La informaci\u00f3n osteom\u00e9trica sobre cam\u00e9lidos sudamericanos, fundamentalmente la de referentes modernos, se encuentra mayormente en la literatura gris y dispersa. La limitaci\u00f3n de acceso a este corpus de informaci\u00f3n impacta negativamente sobre las investigaciones zooarqueol\u00f3gicas taxon\u00f3micas, microevolutivas, y poblacionales de los cam\u00e9lidos sudamericanos, y sobre la confianza de los an\u00e1lisis cuantitativos aplicados y sus resultados. En este sentido, la compilaci\u00f3n y publicaci\u00f3n colaborativa y abierta de los datos m\u00e9tricos pretende subsanar esta dificultad.<\/p>\n<p>El proyecto Base de Datos Osteom\u00e9tricos de Cam\u00e9lidos Sudamericanos (BDOC), surgido en el marco del Grupo de Trabajo de Zooarqueolog\u00eda Neotropical del International Council for Archaeozoology (NZWG-ICAZ), busca almacenar y hacer libremente accesibles medidas osteom\u00e9tricas de cam\u00e9lidos sudamericanos para que puedan ser f\u00e1cilmente consultables y comparables, as\u00ed como adecuadamente citables, ya que cada registro tiene la autor\u00eda del dato m\u00e9trico claramente indicada. La BDOC contempla, en una primera etapa, la carga de informaci\u00f3n de espec\u00edmenes modernos y, a futuro, de espec\u00edmenes arqueol\u00f3gicos y paleontol\u00f3gicos. La misma ser\u00e1 publicada en Open Context (https:\/\/opencontext.org\/projects\/40-osteometric-database-of-south-american-camelids), y actualizada peri\u00f3dicamente.<\/p>\n<p>El proyecto se encuadra en un movimiento m\u00e1s amplio de Ciencia Abierta, que busca la apertura de la investigaci\u00f3n cient\u00edfica para beneficio de toda la comunidad arqueol\u00f3gica y la sociedad en general, dinamizando la producci\u00f3n cient\u00edfica y sus aplicaciones, y fomentando nuevas l\u00edneas de investigaci\u00f3n basadas en datos de acceso libre, gratuito y abierto.<\/p>\n<p>Esta mesa redonda busca generar un espacio para la interacci\u00f3n, discusi\u00f3n e intercambio de ideas y opiniones con colegas acerca de la presentaci\u00f3n, din\u00e1mica, carga de datos y uso de la BDOC, lo cual ser\u00e1 de gran valor y utilidad para la conformaci\u00f3n y puesta en marcha de la misma y, a futuro, para los estudios zooarqueol\u00f3gicos de cam\u00e9lidos de diferentes regiones de Argentina y Sudam\u00e9rica.<\/p>\n","protected":false},"excerpt":{"rendered":"<p>MESA REDONDA BASE DE DATOS OSTEOM\u00c9TRICOS DE CAM\u00c9LIDOS SUDAMERICANOS. UNA EXPERIENCIA DE CIENCIA ABIERTA Y COLABORATIVA EN LA ZOOARQUEOLOG\u00cdA ARGENTINA Y LATINOAMERICANA. Coordinadores: Lorena L\u2019Heureux, IMHICIHU, Facultad de Humanidades y Artes, Universidad Nacional de Rosario, Rosario, Argentina. lorenalheureux@gmail.com Carlos Belotti L\u00f3pez de Medina, IDECU- CONICET, Universidad de Buenos Aires. crbelotti@gmail.com Mariana Mondini, LaZTA, IDACOR, CONICET, [&hellip;]<\/p>\n","protected":false},"author":116,"featured_media":0,"parent":0,"menu_order":0,"comment_status":"closed","ping_status":"closed","template":"","meta":{"advgb_blocks_editor_width":"","advgb_blocks_columns_visual_guide":"","footnotes":""},"class_list":["post-167","page","type-page","status-publish","hentry","post"],"aioseo_notices":[],"coauthors":[],"author_meta":{"author_link":"https:\/\/congresos.unlp.edu.ar\/cnza\/author\/dhermo\/","display_name":"dhermo"},"relative_dates":{"created":"Posted 4 a\u00f1os ago","modified":"Updated 4 a\u00f1os ago"},"absolute_dates":{"created":"Posted on 23 febrero, 2022","modified":"Updated on 23 febrero, 2022"},"absolute_dates_time":{"created":"Posted on 23 febrero, 2022 8:15 pm","modified":"Updated on 23 febrero, 2022 8:15 pm"},"featured_img_caption":"","featured_img":false,"series_order":"","_links":{"self":[{"href":"https:\/\/congresos.unlp.edu.ar\/cnza\/wp-json\/wp\/v2\/pages\/167","targetHints":{"allow":["GET"]}}],"collection":[{"href":"https:\/\/congresos.unlp.edu.ar\/cnza\/wp-json\/wp\/v2\/pages"}],"about":[{"href":"https:\/\/congresos.unlp.edu.ar\/cnza\/wp-json\/wp\/v2\/types\/page"}],"author":[{"embeddable":true,"href":"https:\/\/congresos.unlp.edu.ar\/cnza\/wp-json\/wp\/v2\/users\/116"}],"replies":[{"embeddable":true,"href":"https:\/\/congresos.unlp.edu.ar\/cnza\/wp-json\/wp\/v2\/comments?post=167"}],"version-history":[{"count":0,"href":"https:\/\/congresos.unlp.edu.ar\/cnza\/wp-json\/wp\/v2\/pages\/167\/revisions"}],"wp:attachment":[{"href":"https:\/\/congresos.unlp.edu.ar\/cnza\/wp-json\/wp\/v2\/media?parent=167"}],"curies":[{"name":"wp","href":"https:\/\/api.w.org\/{rel}","templated":true}]}}