{"id":232,"date":"2023-06-15T08:46:12","date_gmt":"2023-06-15T11:46:12","guid":{"rendered":"https:\/\/congresos.unlp.edu.ar\/cnis\/?page_id=232"},"modified":"2023-07-03T18:35:25","modified_gmt":"2023-07-03T21:35:25","slug":"resumenes-presentados","status":"publish","type":"page","link":"https:\/\/congresos.unlp.edu.ar\/cnis\/resumenes-presentados\/","title":{"rendered":"Ponencias presentadas"},"content":{"rendered":"<p style=\"text-align: justify;font-size: 20px\">Ponencias Ma\u00f1ana<\/p>\n<p style=\"text-align: justify;font-size: 20px\"> <a target=\"_blank\" rel=\"noopener\" href=\"https:\/\/drive.google.com\/drive\/folders\/1ra0xWGhxBi56tQIGPvWg3KEXS9h9LlDd\">Bioinsumos para la producci\u00f3n y Control de Vectores<\/a><\/p>\n<p style=\"text-align: justify;font-size: 20px\"> <a target=\"_blank\" rel=\"noopener\" href=\"https:\/\/drive.google.com\/drive\/folders\/1ivLu2mmjH4P_5YCAoEp3Jee0ivgb8YDl\">Reciclado y recuperaci\u00f3n de residuos \/ Estudios de cadenas de valor \/ Simbiosis industrial.(Bloque A)<\/a><\/p>\n<p style=\"text-align: justify;font-size: 20px\"> <a target=\"_blank\" rel=\"noopener\" href=\"https:\/\/drive.google.com\/drive\/folders\/14wcDgx7lQyI6Buqok_LGcl8Qzr3dQxTz\">Reciclado y recuperaci\u00f3n de residuos \/ Estudios de cadenas de valor \/ Simbiosis industrial.(Bloque B)<\/a><\/p>\n<p style=\"text-align: justify;font-size: 20px\"> <a target=\"_blank\" rel=\"noopener\" href=\"https:\/\/drive.google.com\/drive\/folders\/1PWeJZd_YoNk-smjjDvJ6WMrqWpZgntYL\">Sensibilizaci\u00f3n para la transici\u00f3n a la Econom\u00eda Circular en los territorios (Bloque A)<\/a><\/p>\n<p><\/p>\n<p style=\"text-align: justify;font-size: 20px\">Ponencias Tarde<\/p>\n<p style=\"text-align: justify;font-size: 20px\"> <a target=\"_blank\" rel=\"noopener\" href=\"https:\/\/drive.google.com\/drive\/folders\/137zo2QKLjsvTr0vo6Kw2LFR9w9qY3QdS\">Aplicaciones de energ\u00edas alternativas en el h\u00e1bitat y los espacios p\u00fablicos \/ Aprovechamiento energ\u00e9tico<\/a><\/p>\n<p style=\"text-align: justify;font-size: 20px\"> <a target=\"_blank\" rel=\"noopener\" href=\"https:\/\/drive.google.com\/drive\/folders\/12ACxkItaYegeckpHRNL0DBY-Mkl7aRds\">Reciclado y recuperaci\u00f3n de residuos \/ Estudios de cadenas de valor \/ Simbiosis industrial (ALIMENTOS)<\/a><\/p>\n<p style=\"text-align: justify;font-size: 20px\"> <a target=\"_blank\" rel=\"noopener\" href=\"https:\/\/drive.google.com\/drive\/folders\/1rG8XviRIaKB0gJUYxB9IFdp55BPYhwI-\">Sensibilizaci\u00f3n para la transici\u00f3n a la econom\u00eda circular en los territorios (B)<\/a><\/p>\n<p style=\"text-align: justify;font-size: 20px\"> <a target=\"_blank\" rel=\"noopener\" href=\"https:\/\/drive.google.com\/drive\/folders\/1X2s-nOxEkajeR7Aodg6MonUiMbAYO5-a\">Ecodise\u00f1o \/ Econom\u00eda de la funcionalidad<\/a><\/p>\n<p style=\"text-align: justify;font-size: 20px\"> <a target=\"_blank\" rel=\"noopener\" href=\"https:\/\/drive.google.com\/drive\/folders\/14PHsEsP5IKiFFVYS7USnExjFeif-Qj7H\">Tecnolog\u00edas para el acceso a agua segura<\/a><\/p>\n","protected":false},"excerpt":{"rendered":"<p>Ponencias Ma\u00f1ana Bioinsumos para la producci\u00f3n y Control de Vectores Reciclado y recuperaci\u00f3n de residuos \/ Estudios de cadenas de valor \/ Simbiosis industrial.(Bloque A) Reciclado y recuperaci\u00f3n de residuos \/ Estudios de cadenas de valor \/ Simbiosis industrial.(Bloque B) Sensibilizaci\u00f3n para la transici\u00f3n a la Econom\u00eda Circular en los territorios (Bloque A) Ponencias Tarde [&hellip;]<\/p>\n","protected":false},"author":172,"featured_media":0,"parent":0,"menu_order":0,"comment_status":"closed","ping_status":"closed","template":"","meta":{"advgb_blocks_editor_width":"","advgb_blocks_columns_visual_guide":"","footnotes":""},"class_list":["post-232","page","type-page","status-publish","hentry","post"],"aioseo_notices":[],"coauthors":[],"author_meta":{"author_link":"https:\/\/congresos.unlp.edu.ar\/cnis\/author\/innovacionsocial\/","display_name":"innovacionsocial"},"relative_dates":{"created":"Posted 3 a\u00f1os ago","modified":"Updated 3 a\u00f1os ago"},"absolute_dates":{"created":"Posted on 15 junio, 2023","modified":"Updated on 3 julio, 2023"},"absolute_dates_time":{"created":"Posted on 15 junio, 2023 8:46 am","modified":"Updated on 3 julio, 2023 6:35 pm"},"featured_img_caption":"","featured_img":false,"series_order":"","_links":{"self":[{"href":"https:\/\/congresos.unlp.edu.ar\/cnis\/wp-json\/wp\/v2\/pages\/232","targetHints":{"allow":["GET"]}}],"collection":[{"href":"https:\/\/congresos.unlp.edu.ar\/cnis\/wp-json\/wp\/v2\/pages"}],"about":[{"href":"https:\/\/congresos.unlp.edu.ar\/cnis\/wp-json\/wp\/v2\/types\/page"}],"author":[{"embeddable":true,"href":"https:\/\/congresos.unlp.edu.ar\/cnis\/wp-json\/wp\/v2\/users\/172"}],"replies":[{"embeddable":true,"href":"https:\/\/congresos.unlp.edu.ar\/cnis\/wp-json\/wp\/v2\/comments?post=232"}],"version-history":[{"count":0,"href":"https:\/\/congresos.unlp.edu.ar\/cnis\/wp-json\/wp\/v2\/pages\/232\/revisions"}],"wp:attachment":[{"href":"https:\/\/congresos.unlp.edu.ar\/cnis\/wp-json\/wp\/v2\/media?parent=232"}],"curies":[{"name":"wp","href":"https:\/\/api.w.org\/{rel}","templated":true}]}}