{"id":18,"date":"2023-03-07T13:45:55","date_gmt":"2023-03-07T16:45:55","guid":{"rendered":"https:\/\/congresos.unlp.edu.ar\/cnis\/?page_id=18"},"modified":"2023-03-10T16:12:10","modified_gmt":"2023-03-10T19:12:10","slug":"organizacion","status":"publish","type":"page","link":"https:\/\/congresos.unlp.edu.ar\/cnis\/organizacion\/","title":{"rendered":"Organizaci\u00f3n"},"content":{"rendered":"<p style=\"text-align: justify;font-size: 20px\">El Congreso est\u00e1 organizado por la Universidad Nacional de La Plata, el Centro Cient\u00edfico Tecnol\u00f3gico La Plata del CONICET, la Comisi\u00f3n de Investigaciones Cient\u00edfica de la Provincia de Buenos Aires y la Universidad Tecnol\u00f3gica Nacional &#8211; Facultad Regional La Plata, en el marco de la creaci\u00f3n del Centro Interinstitucional para el Desarrollo Regional de la Econom\u00eda Popular, Social y Solidaria.<\/p>\n","protected":false},"excerpt":{"rendered":"<p>El Congreso est\u00e1 organizado por la Universidad Nacional de La Plata, el Centro Cient\u00edfico Tecnol\u00f3gico La Plata del CONICET, la Comisi\u00f3n de Investigaciones Cient\u00edfica de la Provincia de Buenos Aires y la Universidad Tecnol\u00f3gica Nacional &#8211; Facultad Regional La Plata, en el marco de la creaci\u00f3n del Centro Interinstitucional para el Desarrollo Regional de la [&hellip;]<\/p>\n","protected":false},"author":2,"featured_media":0,"parent":0,"menu_order":0,"comment_status":"closed","ping_status":"closed","template":"","meta":{"advgb_blocks_editor_width":"","advgb_blocks_columns_visual_guide":"","footnotes":""},"class_list":["post-18","page","type-page","status-publish","hentry","post"],"aioseo_notices":[],"coauthors":[],"author_meta":{"author_link":"https:\/\/congresos.unlp.edu.ar\/cnis\/author\/congresos\/","display_name":"congresos"},"relative_dates":{"created":"Posted 3 a\u00f1os ago","modified":"Updated 3 a\u00f1os ago"},"absolute_dates":{"created":"Posted on 7 marzo, 2023","modified":"Updated on 10 marzo, 2023"},"absolute_dates_time":{"created":"Posted on 7 marzo, 2023 1:45 pm","modified":"Updated on 10 marzo, 2023 4:12 pm"},"featured_img_caption":"","featured_img":false,"series_order":"","_links":{"self":[{"href":"https:\/\/congresos.unlp.edu.ar\/cnis\/wp-json\/wp\/v2\/pages\/18","targetHints":{"allow":["GET"]}}],"collection":[{"href":"https:\/\/congresos.unlp.edu.ar\/cnis\/wp-json\/wp\/v2\/pages"}],"about":[{"href":"https:\/\/congresos.unlp.edu.ar\/cnis\/wp-json\/wp\/v2\/types\/page"}],"author":[{"embeddable":true,"href":"https:\/\/congresos.unlp.edu.ar\/cnis\/wp-json\/wp\/v2\/users\/2"}],"replies":[{"embeddable":true,"href":"https:\/\/congresos.unlp.edu.ar\/cnis\/wp-json\/wp\/v2\/comments?post=18"}],"version-history":[{"count":0,"href":"https:\/\/congresos.unlp.edu.ar\/cnis\/wp-json\/wp\/v2\/pages\/18\/revisions"}],"wp:attachment":[{"href":"https:\/\/congresos.unlp.edu.ar\/cnis\/wp-json\/wp\/v2\/media?parent=18"}],"curies":[{"name":"wp","href":"https:\/\/api.w.org\/{rel}","templated":true}]}}

Organización

<p style="text-align: justify;font-size: 20px">El Congreso está organizado por la Universidad Nacional de La Plata, el Centro Científico Tecnológico La Plata del CONICET, la Comisión de Investigaciones Científica de la Provincia de Buenos Aires y la Universidad Tecnológica Nacional &#8211; Facultad Regional La Plata, en el marco de la creación del Centro Interinstitucional para el Desarrollo Regional de la Economía Popular, Social y Solidaria.</p>

<p>El Congreso está organizado por la Universidad Nacional de La Plata, el Centro Científico Tecnológico La Plata del CONICET, la Comisión de Investigaciones Científica de la Provincia de Buenos Aires y la Universidad Tecnológica Nacional &#8211; Facultad Regional La Plata, en el marco de la creación del Centro Interinstitucional para el Desarrollo Regional de la [&hellip;]</p>

Posted 3 años ago

Updated 3 años ago
