{"id":17,"date":"2023-03-07T13:45:55","date_gmt":"2023-03-07T16:45:55","guid":{"rendered":"https:\/\/congresos.unlp.edu.ar\/cnis\/?page_id=17"},"modified":"2023-03-07T18:47:14","modified_gmt":"2023-03-07T21:47:14","slug":"principal","status":"publish","type":"page","link":"https:\/\/congresos.unlp.edu.ar\/cnis\/principal\/","title":{"rendered":"Principal"},"content":{"rendered":"<p style=\"text-align: justify;font-size: 20px\">El Congreso busca la presentaci\u00f3n de investigaciones, desarrollos y propuestas enmarcadas en la Econom\u00eda Circular, y orientadas a la generaci\u00f3n de procesos productivos y\/o productos que favorezcan la Innovaci\u00f3n Social y los Desarrollos Productivos con Inclusi\u00f3n Social. Estableciendo la Econom\u00eda Popular, Social y Solidaria como referencia, se incorporan como marcos necesarios los principios del comercio justo, la promoci\u00f3n del trabajo y la distribuci\u00f3n equitativa de la riqueza.<\/p>\n<p style=\"text-align: justify;font-size: 20px\">Organizado en ejes tem\u00e1ticos, el evento se orientar\u00e1 a la presentaci\u00f3n de ponencias o posters de experiencias en curso o resultados de avance o \ufb01nales de investigaciones y\/o transferencia. Cada eje tendr\u00e1 una organizaci\u00f3n espec\u00ed\ufb01ca respecto a la distribuci\u00f3n de las presentaciones y contar\u00e1 con un coordinador.<\/p>\n<p style=\"text-align: justify;font-size: 20px\">El Congreso est\u00e1 dirigido a investigadores\/as, becarios\/as doctorales y posdoctorales, estudiantes avanzados de carreras a\ufb01nes e integrantes de proyectos institucionales con pertinencia en las tem\u00e1ticas.<\/p>\n","protected":false},"excerpt":{"rendered":"<p>El Congreso busca la presentaci\u00f3n de investigaciones, desarrollos y propuestas enmarcadas en la Econom\u00eda Circular, y orientadas a la generaci\u00f3n de procesos productivos y\/o productos que favorezcan la Innovaci\u00f3n Social y los Desarrollos Productivos con Inclusi\u00f3n Social. Estableciendo la Econom\u00eda Popular, Social y Solidaria como referencia, se incorporan como marcos necesarios los principios del comercio [&hellip;]<\/p>\n","protected":false},"author":2,"featured_media":0,"parent":0,"menu_order":0,"comment_status":"closed","ping_status":"closed","template":"","meta":{"advgb_blocks_editor_width":"","advgb_blocks_columns_visual_guide":"","footnotes":""},"class_list":["post-17","page","type-page","status-publish","hentry","post"],"aioseo_notices":[],"coauthors":[],"author_meta":{"author_link":"https:\/\/congresos.unlp.edu.ar\/cnis\/author\/congresos\/","display_name":"congresos"},"relative_dates":{"created":"Posted 3 a\u00f1os ago","modified":"Updated 3 a\u00f1os ago"},"absolute_dates":{"created":"Posted on 7 marzo, 2023","modified":"Updated on 7 marzo, 2023"},"absolute_dates_time":{"created":"Posted on 7 marzo, 2023 1:45 pm","modified":"Updated on 7 marzo, 2023 6:47 pm"},"featured_img_caption":"","featured_img":false,"series_order":"","_links":{"self":[{"href":"https:\/\/congresos.unlp.edu.ar\/cnis\/wp-json\/wp\/v2\/pages\/17","targetHints":{"allow":["GET"]}}],"collection":[{"href":"https:\/\/congresos.unlp.edu.ar\/cnis\/wp-json\/wp\/v2\/pages"}],"about":[{"href":"https:\/\/congresos.unlp.edu.ar\/cnis\/wp-json\/wp\/v2\/types\/page"}],"author":[{"embeddable":true,"href":"https:\/\/congresos.unlp.edu.ar\/cnis\/wp-json\/wp\/v2\/users\/2"}],"replies":[{"embeddable":true,"href":"https:\/\/congresos.unlp.edu.ar\/cnis\/wp-json\/wp\/v2\/comments?post=17"}],"version-history":[{"count":0,"href":"https:\/\/congresos.unlp.edu.ar\/cnis\/wp-json\/wp\/v2\/pages\/17\/revisions"}],"wp:attachment":[{"href":"https:\/\/congresos.unlp.edu.ar\/cnis\/wp-json\/wp\/v2\/media?parent=17"}],"curies":[{"name":"wp","href":"https:\/\/api.w.org\/{rel}","templated":true}]}}

<p style="text-align: justify;font-size: 20px">El Congreso busca la presentación de investigaciones, desarrollos y propuestas enmarcadas en la Economía Circular, y orientadas a la generación de procesos productivos y/o productos que favorezcan la Innovación Social y los Desarrollos Productivos con Inclusión Social. Estableciendo la Economía Popular, Social y Solidaria como referencia, se incorporan como marcos necesarios los principios del comercio justo, la promoción del trabajo y la distribución equitativa de la riqueza.</p>
<p style="text-align: justify;font-size: 20px">Organizado en ejes temáticos, el evento se orientará a la presentación de ponencias o posters de experiencias en curso o resultados de avance o ﬁnales de investigaciones y/o transferencia. Cada eje tendrá una organización especíﬁca respecto a la distribución de las presentaciones y contará con un coordinador.</p>
<p style="text-align: justify;font-size: 20px">El Congreso está dirigido a investigadores/as, becarios/as doctorales y posdoctorales, estudiantes avanzados de carreras aﬁnes e integrantes de proyectos institucionales con pertinencia en las temáticas.</p>

<p>El Congreso busca la presentación de investigaciones, desarrollos y propuestas enmarcadas en la Economía Circular, y orientadas a la generación de procesos productivos y/o productos que favorezcan la Innovación Social y los Desarrollos Productivos con Inclusión Social. Estableciendo la Economía Popular, Social y Solidaria como referencia, se incorporan como marcos necesarios los principios del comercio [&hellip;]</p>

Posted 3 años ago

Updated 3 años ago
