{"id":169,"date":"2023-05-08T15:19:56","date_gmt":"2023-05-08T18:19:56","guid":{"rendered":"https:\/\/congresos.unlp.edu.ar\/cnis\/?page_id=169"},"modified":"2023-05-29T15:12:03","modified_gmt":"2023-05-29T18:12:03","slug":"programa-2","status":"publish","type":"page","link":"https:\/\/congresos.unlp.edu.ar\/cnis\/programa-2\/","title":{"rendered":"Programa"},"content":{"rendered":"<p style=\"text-align: justify;font-size: 20px\"><strong>Martes 30 de mayo<\/strong><\/p>\n<p style=\"text-align: justify;font-size: 20px\">14 hs. <strong>Apertura Institucional<\/strong><\/p>\n<p style=\"text-align: justify;font-size: 20px\">A cargo de <strong>Daniel Filmus<\/strong>, ministro de Ciencia, Tecnolog\u00eda e Innovaci\u00f3n Productiva de la Naci\u00f3n, <strong>Mart\u00edn L\u00f3pez Armengol<\/strong>, presidente de la UNLP, <strong>Gloria Chicote<\/strong>, directora CCT CONICET La Plata, <strong>Augusto Costa<\/strong>, ministro de Producci\u00f3n, Ciencia e Innovaci\u00f3n Tecnol\u00f3gica de la provincia de Buenos Aires y <strong>Lu\u00eds Agust\u00edn Ricci<\/strong>, decano de la UTN Regional La Plata.<\/p>\n<p style=\"text-align: justify;font-size: 20px\">Conferencia: <strong>Producci\u00f3n en la Universidad P\u00fablica para el desarrollo de la Econom\u00eda Popular, Social y Solidaria<\/strong>, a cargo de <strong>Fernando Tauber<\/strong>, vicepresidente acad\u00e9mico de la UNLP.<\/p>\n<p style=\"text-align: justify;font-size: 20px\">15:45 hs. Conversatorio: <strong>Estrategias de articulaci\u00f3n entre la ciencia y la tecnolog\u00eda y la econom\u00eda popular, social y solidaria. <\/strong>Panelistas: <strong>Dulce Zavalo<\/strong>, directora de Gesti\u00f3n de Tecnolog\u00edas en la Gerencia de Vinculaci\u00f3n Tecnol\u00f3gica del CONICET y <strong>Pablo Chena<\/strong>, director nacional de Econom\u00eda Social y Desarrollo Local del Ministerio de Desarrollo Social.<\/p>\n<p style=\"text-align: justify;font-size: 20px\">17 hs. Conferencia: <strong>Transici\u00f3n hacia la econom\u00eda circular en Am\u00e9rica Latina<\/strong>, a cargo de <strong>Andre\u00e9 Henriquez<\/strong>, director del Centro Innovaci\u00f3n y Econom\u00eda Circular \u2013 CircularTec &#8211; de Chile y <strong>Silvia Predassi<\/strong>, vicedirectora del Centro Tecnol\u00f3gico de Econom\u00eda Circular e Innovaci\u00f3n \u2013 CTECI &#8211; de la Provincia de Buenos Aires.<\/p>\n<p style=\"text-align: justify;font-size: 20px\"><strong>Mi\u00e9rcoles 31 de mayo<\/strong><\/p>\n<p style=\"text-align: justify;font-size: 20px\">9 hs. Conversatorio: <strong>Experiencias de vinculaci\u00f3n con ciencia y tecnolog\u00eda desde la perspectiva de espacios cooperativas. <\/strong>Panelistas: <strong>Ramiro Mart\u00ednez<\/strong>, por la Confederaci\u00f3n Argentina de Trabajadores Cooperativos Asociados (CONARCOOP), <strong>Daniel Fileni<\/strong>, por el Banco Alimentario de La Plata, y <strong>C\u00e9sar Villanueva<\/strong>, por la Cooperativa Sol Plat.<\/p>\n<p style=\"text-align: justify;font-size: 20px\">10:30 a 12:30 hs. <strong>Simult\u00e1neas<\/strong><\/p>\n<p style=\"text-align: justify;font-size: 20px\">Presentaci\u00f3n de trabajos de los ejes:<\/p>\n<ul>\n<li>Reciclado y recuperaci\u00f3n de residuos \/ Estudios de cadenas de valor \/ Simbiosis<\/li>\n<li>Bioinsumos para producci\u00f3n y\/o control de vectores<\/li>\n<li>Sensibilizaci\u00f3n para la transici\u00f3n a la Econom\u00eda Circular en los territorios<\/li>\n<\/ul>\n<p style=\"text-align: justify;font-size: 20px\"><u>ACTIVIDAD SAT\u00c9LITE<\/u>: <strong>Mesa redonda &#8220;<em>Experiencias de\u00a0innovaci\u00f3n para la sostenibilidad de la cadena de valor de alimentos en Iberoam\u00e9rica<\/em>&#8220;<\/strong>, a cargo de la\u00a0Red de Desarrollo\u00a0Industrial de CYTED, con el proyecto Econom\u00eda Circular en sistemas de producci\u00f3n agroalimentarios, y coordinada por la <strong>Dra. Cecilia Puppo<\/strong>, vicedirectora del CIDCA.<\/p>\n<p style=\"text-align: justify;font-size: 20px\">Almuerzo libre<\/p>\n<p style=\"text-align: justify;font-size: 20px\">14 a 16 hs. <strong>Simult\u00e1neas<\/strong><\/p>\n<p style=\"text-align: justify;font-size: 20px\">Presentaci\u00f3n de trabajos de los ejes:<\/p>\n<ul>\n<li>Aplicaciones de energ\u00edas alternativas en el h\u00e1bitat y los espacios p\u00fablicos \/ Aprovechamiento energ\u00e9tico<\/li>\n<li>Reciclado y recuperaci\u00f3n de residuos \/ Estudios de cadenas de valor \/ Simbiosis (\u00c1rea alimentos)<\/li>\n<li>Ecodise\u00f1o \/ Econom\u00eda de la funcionalidad<\/li>\n<li>Tecnolog\u00edas para el acceso a agua segura<\/li>\n<li>Sensibilizaci\u00f3n para la transici\u00f3n a la Econom\u00eda Circular en los territorios<\/li>\n<\/ul>\n<p style=\"text-align: justify;font-size: 20px\">16:30 hs. Conferencia: <strong>Tecnociencia Solidaria para un futuro latinoamericano<\/strong>, a cargo de <strong>Renato Dagnino<\/strong>, profesor titular del Departamento de Pol\u00edtica Cient\u00edfica y Tecnol\u00f3gica de la Universidad de Campinas, Brasil, y especialista en pol\u00edtica cient\u00edfica y estudios sociales de la ciencia y la tecnolog\u00eda.<\/p>\n<p style=\"text-align: justify;font-size: 20px\"><a href=\"http:\/\/congresos.unlp.edu.ar\/cnis\/wp-content\/uploads\/sites\/66\/2023\/05\/Programa-CONGRESO.pdf\" target=\"_blank\" rel=\"noopener\">Descargar<\/a><\/p>\n<p style=\"text-align: justify;font-size: 20px\"><a href=\"http:\/\/congresos.unlp.edu.ar\/cnis\/wp-content\/uploads\/sites\/66\/2023\/05\/Trabajos-por-simultaneas-31-de-mayo-1.pdf\" target=\"_blank\" rel=\"noopener\">Trabajos por simult\u00e1nea<\/a><\/p>\n<p style=\"text-align: justify;font-size: 20px\"><a href=\"http:\/\/congresos.unlp.edu.ar\/cnis\/wp-content\/uploads\/sites\/66\/2023\/05\/Actividad-Satelite-31-de-mayo.jpg\" target=\"_blank\" rel=\"noopener\">Actividad sat\u00e9lite 31 de mayo<\/a><\/p>\n","protected":false},"excerpt":{"rendered":"<p>Martes 30 de mayo 14 hs. Apertura Institucional A cargo de Daniel Filmus, ministro de Ciencia, Tecnolog\u00eda e Innovaci\u00f3n Productiva de la Naci\u00f3n, Mart\u00edn L\u00f3pez Armengol, presidente de la UNLP, Gloria Chicote, directora CCT CONICET La Plata, Augusto Costa, ministro de Producci\u00f3n, Ciencia e Innovaci\u00f3n Tecnol\u00f3gica de la provincia de Buenos Aires y Lu\u00eds Agust\u00edn [&hellip;]<\/p>\n","protected":false},"author":172,"featured_media":0,"parent":0,"menu_order":0,"comment_status":"closed","ping_status":"closed","template":"","meta":{"advgb_blocks_editor_width":"","advgb_blocks_columns_visual_guide":"","footnotes":""},"class_list":["post-169","page","type-page","status-publish","hentry","post"],"aioseo_notices":[],"coauthors":[],"author_meta":{"author_link":"https:\/\/congresos.unlp.edu.ar\/cnis\/author\/innovacionsocial\/","display_name":"innovacionsocial"},"relative_dates":{"created":"Posted 3 a\u00f1os ago","modified":"Updated 3 a\u00f1os ago"},"absolute_dates":{"created":"Posted on 8 mayo, 2023","modified":"Updated on 29 mayo, 2023"},"absolute_dates_time":{"created":"Posted on 8 mayo, 2023 3:19 pm","modified":"Updated on 29 mayo, 2023 3:12 pm"},"featured_img_caption":"","featured_img":false,"series_order":"","_links":{"self":[{"href":"https:\/\/congresos.unlp.edu.ar\/cnis\/wp-json\/wp\/v2\/pages\/169","targetHints":{"allow":["GET"]}}],"collection":[{"href":"https:\/\/congresos.unlp.edu.ar\/cnis\/wp-json\/wp\/v2\/pages"}],"about":[{"href":"https:\/\/congresos.unlp.edu.ar\/cnis\/wp-json\/wp\/v2\/types\/page"}],"author":[{"embeddable":true,"href":"https:\/\/congresos.unlp.edu.ar\/cnis\/wp-json\/wp\/v2\/users\/172"}],"replies":[{"embeddable":true,"href":"https:\/\/congresos.unlp.edu.ar\/cnis\/wp-json\/wp\/v2\/comments?post=169"}],"version-history":[{"count":0,"href":"https:\/\/congresos.unlp.edu.ar\/cnis\/wp-json\/wp\/v2\/pages\/169\/revisions"}],"wp:attachment":[{"href":"https:\/\/congresos.unlp.edu.ar\/cnis\/wp-json\/wp\/v2\/media?parent=169"}],"curies":[{"name":"wp","href":"https:\/\/api.w.org\/{rel}","templated":true}]}}

<p style="text-align: justify;font-size: 20px"><strong>Martes 30 de mayo</strong></p>
<p style="text-align: justify;font-size: 20px">14 hs. <strong>Apertura Institucional</strong></p>
<p style="text-align: justify;font-size: 20px">A cargo de <strong>Daniel Filmus</strong>, ministro de Ciencia, Tecnología e Innovación Productiva de la Nación, <strong>Martín López Armengol</strong>, presidente de la UNLP, <strong>Gloria Chicote</strong>, directora CCT CONICET La Plata, <strong>Augusto Costa</strong>, ministro de Producción, Ciencia e Innovación Tecnológica de la provincia de Buenos Aires y <strong>Luís Agustín Ricci</strong>, decano de la UTN Regional La Plata.</p>
<p style="text-align: justify;font-size: 20px">Conferencia: <strong>Producción en la Universidad Pública para el desarrollo de la Economía Popular, Social y Solidaria</strong>, a cargo de <strong>Fernando Tauber</strong>, vicepresidente académico de la UNLP.</p>
<p style="text-align: justify;font-size: 20px">15:45 hs. Conversatorio: <strong>Estrategias de articulación entre la ciencia y la tecnología y la economía popular, social y solidaria. </strong>Panelistas: <strong>Dulce Zavalo</strong>, directora de Gestión de Tecnologías en la Gerencia de Vinculación Tecnológica del CONICET y <strong>Pablo Chena</strong>, director nacional de Economía Social y Desarrollo Local del Ministerio de Desarrollo Social.</p>
<p style="text-align: justify;font-size: 20px">17 hs. Conferencia: <strong>Transición hacia la economía circular en América Latina</strong>, a cargo de <strong>Andreé Henriquez</strong>, director del Centro Innovación y Economía Circular – CircularTec &#8211; de Chile y <strong>Silvia Predassi</strong>, vicedirectora del Centro Tecnológico de Economía Circular e Innovación – CTECI &#8211; de la Provincia de Buenos Aires.</p>
<p style="text-align: justify;font-size: 20px"><strong>Miércoles 31 de mayo</strong></p>
<p style="text-align: justify;font-size: 20px">9 hs. Conversatorio: <strong>Experiencias de vinculación con ciencia y tecnología desde la perspectiva de espacios cooperativas. </strong>Panelistas: <strong>Ramiro Martínez</strong>, por la Confederación Argentina de Trabajadores Cooperativos Asociados (CONARCOOP), <strong>Daniel Fileni</strong>, por el Banco Alimentario de La Plata, y <strong>César Villanueva</strong>, por la Cooperativa Sol Plat.</p>
<p style="text-align: justify;font-size: 20px">10:30 a 12:30 hs. <strong>Simultáneas</strong></p>
<p style="text-align: justify;font-size: 20px">Presentación de trabajos de los ejes:</p>
<ul>
<li>Reciclado y recuperación de residuos / Estudios de cadenas de valor / Simbiosis</li>
<li>Bioinsumos para producción y/o control de vectores</li>
<li>Sensibilización para la transición a la Economía Circular en los territorios</li>
</ul>
<p style="text-align: justify;font-size: 20px"><u>ACTIVIDAD SATÉLITE</u>: <strong>Mesa redonda &#8220;<em>Experiencias de innovación para la sostenibilidad de la cadena de valor de alimentos en Iberoamérica</em>&#8220;</strong>, a cargo de la Red de Desarrollo Industrial de CYTED, con el proyecto Economía Circular en sistemas de producción agroalimentarios, y coordinada por la <strong>Dra. Cecilia Puppo</strong>, vicedirectora del CIDCA.</p>
<p style="text-align: justify;font-size: 20px">Almuerzo libre</p>
<p style="text-align: justify;font-size: 20px">14 a 16 hs. <strong>Simultáneas</strong></p>
<p style="text-align: justify;font-size: 20px">Presentación de trabajos de los ejes:</p>
<ul>
<li>Aplicaciones de energías alternativas en el hábitat y los espacios públicos / Aprovechamiento energético</li>
<li>Reciclado y recuperación de residuos / Estudios de cadenas de valor / Simbiosis (Área alimentos)</li>
<li>Ecodiseño / Economía de la funcionalidad</li>
<li>Tecnologías para el acceso a agua segura</li>
<li>Sensibilización para la transición a la Economía Circular en los territorios</li>
</ul>
<p style="text-align: justify;font-size: 20px">16:30 hs. Conferencia: <strong>Tecnociencia Solidaria para un futuro latinoamericano</strong>, a cargo de <strong>Renato Dagnino</strong>, profesor titular del Departamento de Política Científica y Tecnológica de la Universidad de Campinas, Brasil, y especialista en política científica y estudios sociales de la ciencia y la tecnología.</p>
<p style="text-align: justify;font-size: 20px"><a href="http://congresos.unlp.edu.ar/cnis/wp-content/uploads/sites/66/2023/05/Programa-CONGRESO.pdf" target="_blank" rel="noopener">Descargar</a></p>
<p style="text-align: justify;font-size: 20px"><a href="http://congresos.unlp.edu.ar/cnis/wp-content/uploads/sites/66/2023/05/Trabajos-por-simultaneas-31-de-mayo-1.pdf" target="_blank" rel="noopener">Trabajos por simultánea</a></p>
<p style="text-align: justify;font-size: 20px"><a href="http://congresos.unlp.edu.ar/cnis/wp-content/uploads/sites/66/2023/05/Actividad-Satelite-31-de-mayo.jpg" target="_blank" rel="noopener">Actividad satélite 31 de mayo</a></p>

<p>Martes 30 de mayo 14 hs. Apertura Institucional A cargo de Daniel Filmus, ministro de Ciencia, Tecnología e Innovación Productiva de la Nación, Martín López Armengol, presidente de la UNLP, Gloria Chicote, directora CCT CONICET La Plata, Augusto Costa, ministro de Producción, Ciencia e Innovación Tecnológica de la provincia de Buenos Aires y Luís Agustín [&hellip;]</p>

Posted 3 años ago

Updated 3 años ago
