{"id":7,"date":"2023-03-31T11:59:44","date_gmt":"2023-03-31T14:59:44","guid":{"rendered":"https:\/\/congresos.unlp.edu.ar\/cipsi\/?page_id=7"},"modified":"2023-10-10T10:46:38","modified_gmt":"2023-10-10T13:46:38","slug":"comites","status":"publish","type":"page","link":"https:\/\/congresos.unlp.edu.ar\/cipsi\/comites\/","title":{"rendered":"Comit\u00e9s"},"content":{"rendered":"<div id=\"pl-7\"  class=\"panel-layout\" ><div id=\"pg-7-0\"  class=\"panel-grid panel-has-style\" ><div class=\"siteorigin-panels-stretch panel-row-style panel-row-style-for-7-0\" data-stretch-type=\"full-stretched\" ><div id=\"pgc-7-0-0\"  class=\"panel-grid-cell\" ><div id=\"panel-7-0-0-0\" class=\"so-panel widget widget_sow-editor panel-first-child panel-last-child\" data-index=\"0\" ><div\n\t\t\t\n\t\t\tclass=\"so-widget-sow-editor so-widget-sow-editor-base\"\n\t\t\t\n\t\t>\n<div class=\"siteorigin-widget-tinymce textwidget\">\n\t<h2 style=\"text-align: center\"><strong>COMIT\u00c9S<\/strong><\/h2>\n<\/div>\n<\/div><\/div><\/div><\/div><\/div><div id=\"pg-7-1\"  class=\"panel-grid panel-has-style\" ><div class=\"panel-row-style panel-row-style-for-7-1\" ><div id=\"pgc-7-1-0\"  class=\"panel-grid-cell\" ><div id=\"panel-7-1-0-0\" class=\"so-panel widget widget_sow-editor panel-first-child panel-last-child\" data-index=\"1\" ><div\n\t\t\t\n\t\t\tclass=\"so-widget-sow-editor so-widget-sow-editor-base\"\n\t\t\t\n\t\t>\n<div class=\"siteorigin-widget-tinymce textwidget\">\n\t<p style=\"text-align: center\"><strong>Presidenta <\/strong>Decana Esp. Piro Mar\u00eda Cristina<br \/>\n<strong>Coordinadora General <\/strong>Lic. Centraco Ivonne<\/p>\n<p style=\"text-align: center\"><span style=\"color: #333399\"><strong>Comisi\u00f3n organizadora<br \/>\n<\/strong><\/span>Azcona Maximiliano<br \/>\nBroggi Diana<br \/>\nD\u00b4Agostino Agustina<br \/>\nGagliardi Victoria<br \/>\nG\u00f3mez Soledad<br \/>\nHern\u00e1ndez Roberto Ariel<br \/>\nMarchesotti Juan<br \/>\nMartinez Gabriela<br \/>\nMirc Andrea Elizabeth<br \/>\nParellada Cristian<br \/>\nSalum Javier<br \/>\nSosa Mart\u00edn<br \/>\nTejo Mabel<br \/>\nUrios Romina<br \/>\nZanghellini Luz<br \/>\nUrtizberea Facundo Esteban<br \/>\nUrtubey Elisa<br \/>\nValentino Alejandra<br \/>\nVidal Iara<br \/>\nVillalva Adriana<br \/>\nWeber Rosario<br \/>\nZolkower Mart\u00edn<\/p>\n<p style=\"text-align: center\"><strong><span style=\"color: #333399\">Comisi\u00f3n Cient\u00edfica Asesora<br \/>\n<\/span><\/strong>Galende Emiliano<br \/>\nMerlin Nora<br \/>\nFridman Irene<br \/>\nCastorina<br \/>\nAlem\u00e1n Jorge<br \/>\nGiordano Carlos<\/p>\n<\/div>\n<\/div><\/div><\/div><\/div><\/div><\/div>","protected":false},"excerpt":{"rendered":"<p>COMIT\u00c9S Presidenta Decana Esp. Piro Mar\u00eda Cristina Coordinadora General Lic. Centraco Ivonne Comisi\u00f3n organizadora Azcona Maximiliano Broggi Diana D\u00b4Agostino Agustina Gagliardi Victoria G\u00f3mez Soledad Hern\u00e1ndez Roberto Ariel Marchesotti Juan Martinez Gabriela Mirc Andrea Elizabeth Parellada Cristian Salum Javier Sosa Mart\u00edn Tejo Mabel Urios Romina Zanghellini Luz Urtizberea Facundo Esteban Urtubey Elisa Valentino Alejandra Vidal Iara [&hellip;]<\/p>\n","protected":false},"author":2,"featured_media":0,"parent":0,"menu_order":0,"comment_status":"closed","ping_status":"closed","template":"","meta":{"advgb_blocks_editor_width":"","advgb_blocks_columns_visual_guide":"","footnotes":""},"class_list":["post-7","page","type-page","status-publish","hentry","post"],"aioseo_notices":[],"coauthors":[],"author_meta":{"author_link":"https:\/\/congresos.unlp.edu.ar\/cipsi\/author\/congresos\/","display_name":"congresos"},"relative_dates":{"created":"Posted 3 a\u00f1os ago","modified":"Updated 2 a\u00f1os ago"},"absolute_dates":{"created":"Posted on 31 marzo, 2023","modified":"Updated on 10 octubre, 2023"},"absolute_dates_time":{"created":"Posted on 31 marzo, 2023 11:59 am","modified":"Updated on 10 octubre, 2023 10:46 am"},"featured_img_caption":"","featured_img":false,"series_order":"","_links":{"self":[{"href":"https:\/\/congresos.unlp.edu.ar\/cipsi\/wp-json\/wp\/v2\/pages\/7","targetHints":{"allow":["GET"]}}],"collection":[{"href":"https:\/\/congresos.unlp.edu.ar\/cipsi\/wp-json\/wp\/v2\/pages"}],"about":[{"href":"https:\/\/congresos.unlp.edu.ar\/cipsi\/wp-json\/wp\/v2\/types\/page"}],"author":[{"embeddable":true,"href":"https:\/\/congresos.unlp.edu.ar\/cipsi\/wp-json\/wp\/v2\/users\/2"}],"replies":[{"embeddable":true,"href":"https:\/\/congresos.unlp.edu.ar\/cipsi\/wp-json\/wp\/v2\/comments?post=7"}],"version-history":[{"count":0,"href":"https:\/\/congresos.unlp.edu.ar\/cipsi\/wp-json\/wp\/v2\/pages\/7\/revisions"}],"wp:attachment":[{"href":"https:\/\/congresos.unlp.edu.ar\/cipsi\/wp-json\/wp\/v2\/media?parent=7"}],"curies":[{"name":"wp","href":"https:\/\/api.w.org\/{rel}","templated":true}]}}