{"id":15,"date":"2023-03-31T12:01:32","date_gmt":"2023-03-31T15:01:32","guid":{"rendered":"https:\/\/congresos.unlp.edu.ar\/cipsi\/?page_id=15"},"modified":"2024-03-11T10:20:21","modified_gmt":"2024-03-11T13:20:21","slug":"envio-de-trabajos","status":"publish","type":"page","link":"https:\/\/congresos.unlp.edu.ar\/cipsi\/envio-de-trabajos\/","title":{"rendered":"Carga de trabajos completos"},"content":{"rendered":"<div id=\"pl-15\"  class=\"panel-layout\" ><div id=\"pg-15-0\"  class=\"panel-grid panel-has-style\" ><div class=\"siteorigin-panels-stretch panel-row-style panel-row-style-for-15-0\" data-stretch-type=\"full-width-stretch\" ><div id=\"pgc-15-0-0\"  class=\"panel-grid-cell\" ><div id=\"panel-15-0-0-0\" class=\"so-panel widget widget_sow-editor panel-first-child panel-last-child\" data-index=\"0\" ><div\n\t\t\t\n\t\t\tclass=\"so-widget-sow-editor so-widget-sow-editor-base\"\n\t\t\t\n\t\t>\n<div class=\"siteorigin-widget-tinymce textwidget\">\n\t<h2 style=\"text-align: center\"><strong>CARGA DE TRABAJOS COMPLETOS<\/strong><\/h2>\n<\/div>\n<\/div><\/div><\/div><\/div><\/div><div id=\"pg-15-1\"  class=\"panel-grid panel-has-style\" ><div class=\"panel-row-style panel-row-style-for-15-1\" ><div id=\"pgc-15-1-0\"  class=\"panel-grid-cell\" ><div id=\"panel-15-1-0-0\" class=\"so-panel widget widget_sow-editor panel-first-child\" data-index=\"1\" ><div class=\"panel-widget-style panel-widget-style-for-15-1-0-0\" ><div\n\t\t\t\n\t\t\tclass=\"so-widget-sow-editor so-widget-sow-editor-base\"\n\t\t\t\n\t\t>\n<div class=\"siteorigin-widget-tinymce textwidget\">\n\t<p style=\"text-align: center\">ENV\u00cdO DE TRABAJOS COMPLETOS:<br \/>\nHASTA EL 3 DE ABRIL DE 2024<\/p>\n<\/div>\n<\/div><\/div><\/div><div id=\"panel-15-1-0-1\" class=\"so-panel widget widget_sow-editor panel-last-child\" data-index=\"2\" ><div\n\t\t\t\n\t\t\tclass=\"so-widget-sow-editor so-widget-sow-editor-base\"\n\t\t\t\n\t\t>\n<div class=\"siteorigin-widget-tinymce textwidget\">\n\t<p>La Facultad de Psicolog\u00eda de la Universidad Nacional de La Plata se complace en anunciar la convocatoria a trabajos completos para las Memorias del \u201cPrimer Congreso Internacional de Psicolog\u00eda. A cuarenta a\u00f1os de la recuperaci\u00f3n Democr\u00e1tica en Argentina\u201d. La convocatoria est\u00e1 dirigida exclusivamente a las expositoras y expositores que participaron en el evento que tuvo lugar los d\u00edas 15, 16 y 17 de noviembre de 2023.<\/p>\n<p>La recepci\u00f3n de trabajos completos se llevar\u00e1 a cabo a trav\u00e9s del sistema en l\u00ednea, accesible en el siguiente enlace: https:\/\/backend.congresos.unlp.edu.ar\/index.php\/cipsi. Se deber\u00e1 realizar un nuevo env\u00edo utilizando el mismo usuario y contrase\u00f1a generado previamente para el env\u00edo de res\u00famenes del evento. La fecha l\u00edmite para la recepci\u00f3n de trabajos completos es del 26 de febrero al 03 de abril de 2024.<\/p>\n<p style=\"font-weight: 400\"><strong>Para realizar la presentaci\u00f3n de un trabajo, las personas interesadas deber\u00e1n cumplir con los siguientes pasos:<\/strong><\/p>\n<ol>\n<li style=\"font-weight: 400\">Completar el documento modelo de resumen para la propuesta elegida (<a title=\"Documento Modelo de Trabajo Completo\" href=\"http:\/\/congresos.unlp.edu.ar\/cipsi\/wp-content\/uploads\/sites\/67\/2024\/03\/CIPsi-plantilla_trabajos_completos_2024.docx\" target=\"_blank\" rel=\"noopener\">plantilla de trabajos completos<\/a>)<\/li>\n<li style=\"font-weight: 400\"><a href=\"https:\/\/backend.congresos.unlp.edu.ar\/index.php\/cipsi\">Ingresar al siguiente enlace y seleccionar el bot\u00f3n \"enviar un art\u00edculo\"<\/a><\/li>\n<li style=\"font-weight: 400\"><a href=\"https:\/\/backend.congresos.unlp.edu.ar\/index.php\/cipsi\/about\/submissions\">Registrarse\/Iniciar sesi\u00f3n<\/a>\u00a0y continuar los pasos para la carga<\/li>\n<\/ol>\n<\/div>\n<\/div><\/div><\/div><\/div><\/div><\/div>","protected":false},"excerpt":{"rendered":"<p>CARGA DE TRABAJOS COMPLETOS ENV\u00cdO DE TRABAJOS COMPLETOS: HASTA EL 3 DE ABRIL DE 2024 La Facultad de Psicolog\u00eda de la Universidad Nacional de La Plata se complace en anunciar la convocatoria a trabajos completos para las Memorias del \u201cPrimer Congreso Internacional de Psicolog\u00eda. A cuarenta a\u00f1os de la recuperaci\u00f3n Democr\u00e1tica en Argentina\u201d. La convocatoria [&hellip;]<\/p>\n","protected":false},"author":2,"featured_media":0,"parent":0,"menu_order":0,"comment_status":"closed","ping_status":"closed","template":"","meta":{"advgb_blocks_editor_width":"","advgb_blocks_columns_visual_guide":"","footnotes":""},"class_list":["post-15","page","type-page","status-publish","hentry","post"],"aioseo_notices":[],"coauthors":[],"author_meta":{"author_link":"https:\/\/congresos.unlp.edu.ar\/cipsi\/author\/congresos\/","display_name":"congresos"},"relative_dates":{"created":"Posted 3 a\u00f1os ago","modified":"Updated 2 a\u00f1os ago"},"absolute_dates":{"created":"Posted on 31 marzo, 2023","modified":"Updated on 11 marzo, 2024"},"absolute_dates_time":{"created":"Posted on 31 marzo, 2023 12:01 pm","modified":"Updated on 11 marzo, 2024 10:20 am"},"featured_img_caption":"","featured_img":false,"series_order":"","_links":{"self":[{"href":"https:\/\/congresos.unlp.edu.ar\/cipsi\/wp-json\/wp\/v2\/pages\/15","targetHints":{"allow":["GET"]}}],"collection":[{"href":"https:\/\/congresos.unlp.edu.ar\/cipsi\/wp-json\/wp\/v2\/pages"}],"about":[{"href":"https:\/\/congresos.unlp.edu.ar\/cipsi\/wp-json\/wp\/v2\/types\/page"}],"author":[{"embeddable":true,"href":"https:\/\/congresos.unlp.edu.ar\/cipsi\/wp-json\/wp\/v2\/users\/2"}],"replies":[{"embeddable":true,"href":"https:\/\/congresos.unlp.edu.ar\/cipsi\/wp-json\/wp\/v2\/comments?post=15"}],"version-history":[{"count":0,"href":"https:\/\/congresos.unlp.edu.ar\/cipsi\/wp-json\/wp\/v2\/pages\/15\/revisions"}],"wp:attachment":[{"href":"https:\/\/congresos.unlp.edu.ar\/cipsi\/wp-json\/wp\/v2\/media?parent=15"}],"curies":[{"name":"wp","href":"https:\/\/api.w.org\/{rel}","templated":true}]}}