{"id":147,"date":"2023-06-14T13:10:12","date_gmt":"2023-06-14T16:10:12","guid":{"rendered":"https:\/\/congresos.unlp.edu.ar\/cipsi\/?page_id=147"},"modified":"2024-03-08T10:17:16","modified_gmt":"2024-03-08T13:17:16","slug":"pautas-de-presentacion-de-trabajos","status":"publish","type":"page","link":"https:\/\/congresos.unlp.edu.ar\/cipsi\/pautas-de-presentacion-de-trabajos\/","title":{"rendered":"Pautas de presentaci\u00f3n de trabajos"},"content":{"rendered":"<div id=\"pl-147\"  class=\"panel-layout\" ><div id=\"pg-147-0\"  class=\"panel-grid panel-has-style\" ><div class=\"siteorigin-panels-stretch panel-row-style panel-row-style-for-147-0\" data-stretch-type=\"full-width-stretch\" ><div id=\"pgc-147-0-0\"  class=\"panel-grid-cell\" ><div id=\"panel-147-0-0-0\" class=\"so-panel widget widget_sow-editor panel-first-child panel-last-child\" data-index=\"0\" ><div\n\t\t\t\n\t\t\tclass=\"so-widget-sow-editor so-widget-sow-editor-base\"\n\t\t\t\n\t\t><h3 class=\"widget-title\"> <\/h3>\n<div class=\"siteorigin-widget-tinymce textwidget\">\n\t<h2 style=\"text-align: center\"><strong>PAUTAS DE PRESENTACI\u00d3N DE LOS TRABAJOS<\/strong><\/h2>\n<\/div>\n<\/div><\/div><\/div><\/div><\/div><div id=\"pg-147-1\"  class=\"panel-grid panel-has-style\" ><div class=\"panel-row-style panel-row-style-for-147-1\" ><div id=\"pgc-147-1-0\"  class=\"panel-grid-cell\" ><div id=\"panel-147-1-0-0\" class=\"so-panel widget widget_sow-editor panel-first-child\" data-index=\"1\" ><div\n\t\t\t\n\t\t\tclass=\"so-widget-sow-editor so-widget-sow-editor-base\"\n\t\t\t\n\t\t>\n<div class=\"siteorigin-widget-tinymce textwidget\">\n\t<p><strong>Pautas de Publicaci\u00f3n:<\/strong><\/p>\n<p>Los trabajos completos deben seguir las siguientes pautas:<\/p>\n<ul>\n<li>Extensi\u00f3n: Entre 3000 y 5000 palabras, incluyendo el encabezado y las referencias bibliogr\u00e1ficas.<\/li>\n<li>Formato de p\u00e1gina: Hoja A4, margen superior de 4 cm y m\u00e1rgenes inferior, derecho e izquierdo de 2.5 cm. Orientaci\u00f3n vertical.<\/li>\n<li>T\u00edtulo: En espa\u00f1ol e ingl\u00e9s, m\u00e1ximo de 15 palabras, Arial en negrita, may\u00fasculas y centrado.<\/li>\n<li>Subt\u00edtulo (opcional): Arial 12 en negrita, may\u00fasculas y centrado.<\/li>\n<li>Datos de autores: Apellido y nombre completo alineados a la derecha, Arial 12. Correo electr\u00f3nico de autor de referencia alineado a la derecha, Arial 12.<\/li>\n<li>Eje tem\u00e1tico y Tema: Debe consignarse el Eje y el Tema en el que se presenta el trabajo.<\/li>\n<li>Resumen: En espa\u00f1ol e ingl\u00e9s, con hasta 400 palabras, con subt\u00edtulos \u201cResumen\u201d y \u201cAbstract\u201d seg\u00fan corresponda.<\/li>\n<li>Palabras clave: En espa\u00f1ol e ingl\u00e9s (4).<\/li>\n<li>Cuerpo del trabajo: Arial 12; Alineaci\u00f3n justificada; Interlineado: 1.5.<\/li>\n<li>El trabajo deber\u00e1 dar cuenta de los siguientes \u00edtems: Problema que se aborda y los objetivos; Metodolog\u00eda utilizada para abordarlo; Resultados obtenidos y\/o reflexiones alcanzadas; Discusi\u00f3n y conclusiones.<\/li>\n<\/ul>\n<p>Referencias: En un apartado al final en el que s\u00f3lo se detallar\u00e1n aquellos autores, publicaciones, sitios de Internet, etc. que hayan sido mencionados a lo largo del texto, sin excepci\u00f3n. Es decir, s\u00f3lo se mencionan las fuentes documentales que han sido citadas -de manera directa o indirecta- en el trabajo, utilizando las normas de la Asociaci\u00f3n Americana de Psicolog\u00eda (http:\/\/normasapa.com\/). La primera vez que se menciona un autor en el texto se pone nombre y apellido y entre par\u00e9ntesis a\u00f1o de publicaci\u00f3n, en las menciones siguientes puede estar solo el apellido y a\u00f1o de publicaci\u00f3n entre par\u00e9ntesis.<\/p>\n<p>Las citas directas van entre comillas, y entre par\u00e9ntesis se menciona apellido del autor seguido por coma, a\u00f1o de publicaci\u00f3n seguido por dos puntos: n\u00famero de p\u00e1gina. Si la cita directa supera las 40 palabras se pone a bando sin comillas. Si la cita es indirecta solo se menciona autor y a\u00f1o de publicaci\u00f3n entre par\u00e9ntesis.<\/p>\n<\/div>\n<\/div><\/div><div id=\"panel-147-1-0-1\" class=\"so-panel widget widget_sow-editor panel-last-child\" data-index=\"2\" ><div class=\"panel-widget-style panel-widget-style-for-147-1-0-1\" ><div\n\t\t\t\n\t\t\tclass=\"so-widget-sow-editor so-widget-sow-editor-base\"\n\t\t\t\n\t\t>\n<div class=\"siteorigin-widget-tinymce textwidget\">\n\t<p style=\"text-align: center\"><strong>Fecha para la recepci\u00f3n de trabajos completos: del 26 de febrero al 3 de abril de 2024.<\/strong><\/p>\n<\/div>\n<\/div><\/div><\/div><\/div><\/div><\/div><\/div>","protected":false},"excerpt":{"rendered":"<p>PAUTAS DE PRESENTACI\u00d3N DE LOS TRABAJOS Pautas de Publicaci\u00f3n: Los trabajos completos deben seguir las siguientes pautas: Extensi\u00f3n: Entre 3000 y 5000 palabras, incluyendo el encabezado y las referencias bibliogr\u00e1ficas. Formato de p\u00e1gina: Hoja A4, margen superior de 4 cm y m\u00e1rgenes inferior, derecho e izquierdo de 2.5 cm. Orientaci\u00f3n vertical. T\u00edtulo: En espa\u00f1ol e [&hellip;]<\/p>\n","protected":false},"author":49,"featured_media":0,"parent":0,"menu_order":0,"comment_status":"closed","ping_status":"closed","template":"","meta":{"advgb_blocks_editor_width":"","advgb_blocks_columns_visual_guide":"","footnotes":""},"class_list":["post-147","page","type-page","status-publish","hentry","post"],"aioseo_notices":[],"coauthors":[],"author_meta":{"author_link":"https:\/\/congresos.unlp.edu.ar\/cipsi\/author\/agustina\/","display_name":"agustina"},"relative_dates":{"created":"Posted 3 a\u00f1os ago","modified":"Updated 2 a\u00f1os ago"},"absolute_dates":{"created":"Posted on 14 junio, 2023","modified":"Updated on 8 marzo, 2024"},"absolute_dates_time":{"created":"Posted on 14 junio, 2023 1:10 pm","modified":"Updated on 8 marzo, 2024 10:17 am"},"featured_img_caption":"","featured_img":false,"series_order":"","_links":{"self":[{"href":"https:\/\/congresos.unlp.edu.ar\/cipsi\/wp-json\/wp\/v2\/pages\/147","targetHints":{"allow":["GET"]}}],"collection":[{"href":"https:\/\/congresos.unlp.edu.ar\/cipsi\/wp-json\/wp\/v2\/pages"}],"about":[{"href":"https:\/\/congresos.unlp.edu.ar\/cipsi\/wp-json\/wp\/v2\/types\/page"}],"author":[{"embeddable":true,"href":"https:\/\/congresos.unlp.edu.ar\/cipsi\/wp-json\/wp\/v2\/users\/49"}],"replies":[{"embeddable":true,"href":"https:\/\/congresos.unlp.edu.ar\/cipsi\/wp-json\/wp\/v2\/comments?post=147"}],"version-history":[{"count":0,"href":"https:\/\/congresos.unlp.edu.ar\/cipsi\/wp-json\/wp\/v2\/pages\/147\/revisions"}],"wp:attachment":[{"href":"https:\/\/congresos.unlp.edu.ar\/cipsi\/wp-json\/wp\/v2\/media?parent=147"}],"curies":[{"name":"wp","href":"https:\/\/api.w.org\/{rel}","templated":true}]}}