{"id":49,"date":"2021-12-16T11:13:34","date_gmt":"2021-12-16T14:13:34","guid":{"rendered":"https:\/\/congresos.unlp.edu.ar\/ciicadm\/?page_id=49"},"modified":"2025-03-12T01:32:52","modified_gmt":"2025-03-12T04:32:52","slug":"inscripcion","status":"publish","type":"page","link":"https:\/\/congresos.unlp.edu.ar\/ciicadm\/inscripcion\/","title":{"rendered":"Inscripci\u00f3n"},"content":{"rendered":"<p>La participaci\u00f3n del evento es gratuita con inscripci\u00f3n previa. Las personas que deseen participar como asistentes o como ponentes deben completar el siguiente formulario de inscripci\u00f3n indicando el car\u00e1cter de su participaci\u00f3n.<\/p>\n<p><strong>Para inscribirse, hacer click en el siguiente link:<\/strong><\/p>\n<p><a href=\"https:\/\/forms.gle\/tcNKYKQQ2zy7Wg3D6\">https:\/\/forms.gle\/tcNKYKQQ2zy7Wg3D6<\/a><\/p>\n","protected":false},"excerpt":{"rendered":"<p>La participaci\u00f3n del evento es gratuita con inscripci\u00f3n previa. Las personas que deseen participar como asistentes o como ponentes deben completar el siguiente formulario de inscripci\u00f3n indicando el car\u00e1cter de su participaci\u00f3n. Para inscribirse, hacer click en el siguiente link: https:\/\/forms.gle\/tcNKYKQQ2zy7Wg3D6<\/p>\n","protected":false},"author":120,"featured_media":0,"parent":0,"menu_order":0,"comment_status":"closed","ping_status":"closed","template":"","meta":{"advgb_blocks_editor_width":"","advgb_blocks_columns_visual_guide":"","footnotes":""},"class_list":["post-49","page","type-page","status-publish","hentry","post"],"aioseo_notices":[],"coauthors":[],"author_meta":{"author_link":"https:\/\/congresos.unlp.edu.ar\/ciicadm\/author\/agustin-santoro\/","display_name":"agustin.santoro"},"relative_dates":{"created":"Publicado 4 a\u00f1os hace","modified":"Actualizado 1 a\u00f1o hace"},"absolute_dates":{"created":"Publicado el 16 diciembre, 2021","modified":"Actualizado el 12 marzo, 2025"},"absolute_dates_time":{"created":"Publicado el 16 diciembre, 2021 11:13 am","modified":"Actualizado el 12 marzo, 2025 1:32 am"},"featured_img_caption":"","featured_img":false,"series_order":"","_links":{"self":[{"href":"https:\/\/congresos.unlp.edu.ar\/ciicadm\/wp-json\/wp\/v2\/pages\/49","targetHints":{"allow":["GET"]}}],"collection":[{"href":"https:\/\/congresos.unlp.edu.ar\/ciicadm\/wp-json\/wp\/v2\/pages"}],"about":[{"href":"https:\/\/congresos.unlp.edu.ar\/ciicadm\/wp-json\/wp\/v2\/types\/page"}],"author":[{"embeddable":true,"href":"https:\/\/congresos.unlp.edu.ar\/ciicadm\/wp-json\/wp\/v2\/users\/120"}],"replies":[{"embeddable":true,"href":"https:\/\/congresos.unlp.edu.ar\/ciicadm\/wp-json\/wp\/v2\/comments?post=49"}],"version-history":[{"count":0,"href":"https:\/\/congresos.unlp.edu.ar\/ciicadm\/wp-json\/wp\/v2\/pages\/49\/revisions"}],"wp:attachment":[{"href":"https:\/\/congresos.unlp.edu.ar\/ciicadm\/wp-json\/wp\/v2\/media?parent=49"}],"curies":[{"name":"wp","href":"https:\/\/api.w.org\/{rel}","templated":true}]}}