{"id":28,"date":"2021-11-25T21:32:37","date_gmt":"2021-11-26T00:32:37","guid":{"rendered":"https:\/\/congresos.unlp.edu.ar\/ciicadm\/?page_id=28"},"modified":"2022-03-24T11:38:51","modified_gmt":"2022-03-24T14:38:51","slug":"acerca-del-instituto","status":"publish","type":"page","link":"https:\/\/congresos.unlp.edu.ar\/ciicadm\/acerca-del-instituto\/","title":{"rendered":"Acerca del Instituto"},"content":{"rendered":"<p>El Centro de Investigaciones Administrativas (<a href=\"https:\/\/www.econo.unlp.edu.ar\/investigaciones_administrativas\">IIA<\/a>) se cre\u00f3 en el a\u00f1o 1958 bajo el auspicio de la Facultad de Ciencias Econ\u00f3micas de la Universidad Nacional de La Plata. Durante quince a\u00f1os estuvo bajo la direcci\u00f3n de quien promoviera con mayor \u00e9nfasis los estudios de Administraci\u00f3n en la Universidad Nacional de la Plata, el Profesor Pedro Delfino.<br \/>\nEl objetivo del Instituto ha sido y es el estudio e investigaci\u00f3n en el campo de las Ciencias Administrativas a fin de contribuir a su desarrollo y a la actualizaci\u00f3n docente y profesional en este campo. En \u00e9l se concentra por un lado el desarrollo de trabajos de investigaci\u00f3n y por otro la difusi\u00f3n por medio de la Revista Ciencias Administrativas, de art\u00edculos y reflexiones sobre temas vinculados con la especialidad. Actualmente en el Instituto se desarrollan varias l\u00edneas de investigaci\u00f3n, en las que trabajan investigadores de car\u00e1cter permanente, otros investigadores asociados, becarios y asistentes.<\/p>\n<p><strong>Objetivos y L\u00edneas de Investigaci\u00f3n<\/strong>:<\/p>\n<p>El Objetivo General del Centro es la investigaci\u00f3n en el campo de las Ciencias Administrativas a fin de contribuir a su desarrollo y a la actualizaci\u00f3n docente y profesional en este campo.<\/p>\n<p>Para ello el IIA dirige todo sus esfuerzos a la formaci\u00f3n de investigadores capaces, a la producci\u00f3n cient\u00edfica de relevancia acad\u00e9mica y social y a la difusi\u00f3n de los resultados obtenidos.<\/p>\n<p><strong>Funciones del IIA<\/strong>:<\/p>\n<p>a) Orientadas a la formaci\u00f3n:<\/p>\n<p>Contribuir a la formaci\u00f3n de investigadores cient\u00edficos mediante la direcci\u00f3n de becarios, tesistas e investigadores noveles.<\/p>\n<p>Realizar o participar en cursos y otras actividades de postgrado, previa aprobaci\u00f3n de la o las Unidades Acad\u00e9micas de las que depende.<\/p>\n<p>Realizar o participar en cursos y otras actividades de postgrado, previa aprobaci\u00f3n de la o las Unidades Acad\u00e9micas de las que depende.<\/p>\n<p>Apoyar las acciones de perfeccionamiento e intercambio de investigadores con otras instituciones con el prop\u00f3sito de enriquecer su formaci\u00f3n y experiencia.<\/p>\n<p>b) Orientadas a la producci\u00f3n cient\u00edfica:<\/p>\n<p>Elaborar y ejecutar planes, programas y proyectos de investigaci\u00f3n.<\/p>\n<p>Participar en la elaboraci\u00f3n y ejecuci\u00f3n de proyectos de investigaci\u00f3n y\/o desarrollo con otros organismos oficiales o privados u otras unidades de investigaci\u00f3n de la Universidad Nacional de La Plata (UNLP).<\/p>\n<p>Establecer, en el marco de acuerdos y convenios, relaciones institucionales con organismos nacionales o extranjeros atinentes al cumplimiento de sus fines, de acuerdo a la normativa vigente en la FCE &#8211; UNLP.<\/p>\n<p>Prestar colaboraci\u00f3n y\/o asesoramiento a las Instituciones o personas que lo requieran, interesadas en la investigaci\u00f3n o en el conocimiento de los problemas relacionados con los fines espec\u00edficos del IIA.<\/p>\n<p>c) Orientados a la difusi\u00f3n:<\/p>\n<p>Difundir los temas de sus especialidades por los medios y procedimientos que estime convenientes, en el marco institucional de la FCE \u2013 UNLP.<\/p>\n<p>Promover la presentaci\u00f3n de trabajos y participaci\u00f3n de los investigadores en reuniones cient\u00edficas, congresos, jornadas y encuentros que tengan como objetivo la divulgaci\u00f3n, actualizaci\u00f3n y perfeccionamiento de los investigadores.<\/p>\n<p>Organizar, cooperar y participar en la realizaci\u00f3n de Congresos, Reuniones Cient\u00edficas, Seminarios, Cursos y otros eventos.<\/p>\n","protected":false},"excerpt":{"rendered":"<p>El Centro de Investigaciones Administrativas (IIA) se cre\u00f3 en el a\u00f1o 1958 bajo el auspicio de la Facultad de Ciencias Econ\u00f3micas de la Universidad Nacional de La Plata. Durante quince a\u00f1os estuvo bajo la direcci\u00f3n de quien promoviera con mayor \u00e9nfasis los estudios de Administraci\u00f3n en la Universidad Nacional de la Plata, el Profesor Pedro [&hellip;]<\/p>\n","protected":false},"author":2,"featured_media":0,"parent":0,"menu_order":0,"comment_status":"closed","ping_status":"closed","template":"","meta":{"advgb_blocks_editor_width":"","advgb_blocks_columns_visual_guide":"","footnotes":""},"class_list":["post-28","page","type-page","status-publish","hentry","post"],"aioseo_notices":[],"coauthors":[],"author_meta":{"author_link":"https:\/\/congresos.unlp.edu.ar\/ciicadm\/author\/congresos\/","display_name":"congresos"},"relative_dates":{"created":"Publicado 4 a\u00f1os hace","modified":"Actualizado 4 a\u00f1os hace"},"absolute_dates":{"created":"Publicado el 25 noviembre, 2021","modified":"Actualizado el 24 marzo, 2022"},"absolute_dates_time":{"created":"Publicado el 25 noviembre, 2021 9:32 pm","modified":"Actualizado el 24 marzo, 2022 11:38 am"},"featured_img_caption":"","featured_img":false,"series_order":"","_links":{"self":[{"href":"https:\/\/congresos.unlp.edu.ar\/ciicadm\/wp-json\/wp\/v2\/pages\/28","targetHints":{"allow":["GET"]}}],"collection":[{"href":"https:\/\/congresos.unlp.edu.ar\/ciicadm\/wp-json\/wp\/v2\/pages"}],"about":[{"href":"https:\/\/congresos.unlp.edu.ar\/ciicadm\/wp-json\/wp\/v2\/types\/page"}],"author":[{"embeddable":true,"href":"https:\/\/congresos.unlp.edu.ar\/ciicadm\/wp-json\/wp\/v2\/users\/2"}],"replies":[{"embeddable":true,"href":"https:\/\/congresos.unlp.edu.ar\/ciicadm\/wp-json\/wp\/v2\/comments?post=28"}],"version-history":[{"count":0,"href":"https:\/\/congresos.unlp.edu.ar\/ciicadm\/wp-json\/wp\/v2\/pages\/28\/revisions"}],"wp:attachment":[{"href":"https:\/\/congresos.unlp.edu.ar\/ciicadm\/wp-json\/wp\/v2\/media?parent=28"}],"curies":[{"name":"wp","href":"https:\/\/api.w.org\/{rel}","templated":true}]}}