{"id":283,"date":"2023-07-01T00:18:07","date_gmt":"2023-07-01T03:18:07","guid":{"rendered":"https:\/\/congresos.unlp.edu.ar\/ciepaal\/?page_id=283"},"modified":"2023-07-01T00:18:07","modified_gmt":"2023-07-01T03:18:07","slug":"simposio-23","status":"publish","type":"page","link":"https:\/\/congresos.unlp.edu.ar\/ciepaal\/simposio-23\/","title":{"rendered":"Simposio 23"},"content":{"rendered":"<p><span style=\"color: #800000\"><b>La investigaci\u00f3n de colecciones de arte en museos. Estudios de caso.<\/b><\/span><\/p>\n<p><strong>Coordinadoras: Mag. Marcela Andruchow (IHAAA, FdA, UNLP) y Lic. Julieta Vernieri (IHAAA, FdA, UNLP).<\/strong><\/p>\n<p>El simposio convoca a la presentaci\u00f3n de ponencias que aborden la investigaci\u00f3n de colecciones de arte en museos que aporten conocimiento para la documentaci\u00f3n y la conservaci\u00f3n de las obras desde el siglo XIX hasta las primeras tres d\u00e9cadas del siglo XX.<\/p>\n<p>La historia del arte permite conocer las obras en el \u00e1mbito de su especialidad, produce conocimiento espec\u00edfico para la confecci\u00f3n de cat\u00e1logos y textos cr\u00edticos sobre los fondos, ejerciendo un rol fundamental en la puesta en valor de los bienes patrimoniales. Junto con los m\u00e9todos y t\u00e9cnicas de la museolog\u00eda hacen posible la identificaci\u00f3n, reconocimiento y registro de la informaci\u00f3n del objeto. Lo documentan generando conocimientos t\u00e9cnicos, materiales e iconogr\u00e1ficos. A su vez la investigaci\u00f3n de la materialidad permite a los conservadores optimizar y atenuar el deterioro de las obras preservando su valor simb\u00f3lico. Finalmente, consideramos que es indispensable promover reflexiones que incorporen la dimensi\u00f3n de la historia de la cultura material \u2013sobre todo aquellas que centran su atenci\u00f3n en sus usos y representaciones sociales- referida a los modos en que se construyen y circulan por la sociedad las producciones art\u00edsticas.<\/p>\n","protected":false},"excerpt":{"rendered":"<p>La investigaci\u00f3n de colecciones de arte en museos. Estudios de caso. Coordinadoras: Mag. Marcela Andruchow (IHAAA, FdA, UNLP) y Lic. Julieta Vernieri (IHAAA, FdA, UNLP). El simposio convoca a la presentaci\u00f3n de ponencias que aborden la investigaci\u00f3n de colecciones de arte en museos que aporten conocimiento para la documentaci\u00f3n y la conservaci\u00f3n de las obras [&hellip;]<\/p>\n","protected":false},"author":188,"featured_media":0,"parent":0,"menu_order":0,"comment_status":"closed","ping_status":"closed","template":"","meta":{"advgb_blocks_editor_width":"","advgb_blocks_columns_visual_guide":"","footnotes":""},"class_list":["post-283","page","type-page","status-publish","hentry","post"],"aioseo_notices":[],"coauthors":[],"author_meta":{"author_link":"https:\/\/congresos.unlp.edu.ar\/ciepaal\/author\/juanvelis96\/","display_name":"juanvelis96"},"relative_dates":{"created":"Posted 3 a\u00f1os ago","modified":"Updated 3 a\u00f1os ago"},"absolute_dates":{"created":"Posted on 1 julio, 2023","modified":"Updated on 1 julio, 2023"},"absolute_dates_time":{"created":"Posted on 1 julio, 2023 12:18 am","modified":"Updated on 1 julio, 2023 12:18 am"},"featured_img_caption":"","featured_img":false,"series_order":"","_links":{"self":[{"href":"https:\/\/congresos.unlp.edu.ar\/ciepaal\/wp-json\/wp\/v2\/pages\/283","targetHints":{"allow":["GET"]}}],"collection":[{"href":"https:\/\/congresos.unlp.edu.ar\/ciepaal\/wp-json\/wp\/v2\/pages"}],"about":[{"href":"https:\/\/congresos.unlp.edu.ar\/ciepaal\/wp-json\/wp\/v2\/types\/page"}],"author":[{"embeddable":true,"href":"https:\/\/congresos.unlp.edu.ar\/ciepaal\/wp-json\/wp\/v2\/users\/188"}],"replies":[{"embeddable":true,"href":"https:\/\/congresos.unlp.edu.ar\/ciepaal\/wp-json\/wp\/v2\/comments?post=283"}],"version-history":[{"count":0,"href":"https:\/\/congresos.unlp.edu.ar\/ciepaal\/wp-json\/wp\/v2\/pages\/283\/revisions"}],"wp:attachment":[{"href":"https:\/\/congresos.unlp.edu.ar\/ciepaal\/wp-json\/wp\/v2\/media?parent=283"}],"curies":[{"name":"wp","href":"https:\/\/api.w.org\/{rel}","templated":true}]}}