{"id":16,"date":"2024-05-14T11:04:13","date_gmt":"2024-05-14T14:04:13","guid":{"rendered":"https:\/\/congresos.unlp.edu.ar\/cidear\/?page_id=16"},"modified":"2024-07-05T15:08:09","modified_gmt":"2024-07-05T18:08:09","slug":"programa","status":"publish","type":"page","link":"https:\/\/congresos.unlp.edu.ar\/cidear\/programa\/","title":{"rendered":"Pr\u00e1cticas preprofesionales"},"content":{"rendered":"<p><img loading=\"lazy\" decoding=\"async\" class=\"alignnone wp-image-150\" src=\"https:\/\/congresos.unlp.edu.ar\/cidear\/wp-content\/uploads\/sites\/86\/2024\/07\/WhatsApp-Image-2024-07-05-at-15.01.28-300x225.jpeg\" alt=\"\" width=\"451\" height=\"338\" srcset=\"https:\/\/congresos.unlp.edu.ar\/cidear\/wp-content\/uploads\/sites\/86\/2024\/07\/WhatsApp-Image-2024-07-05-at-15.01.28-300x225.jpeg 300w, https:\/\/congresos.unlp.edu.ar\/cidear\/wp-content\/uploads\/sites\/86\/2024\/07\/WhatsApp-Image-2024-07-05-at-15.01.28-1024x768.jpeg 1024w, https:\/\/congresos.unlp.edu.ar\/cidear\/wp-content\/uploads\/sites\/86\/2024\/07\/WhatsApp-Image-2024-07-05-at-15.01.28-768x576.jpeg 768w, https:\/\/congresos.unlp.edu.ar\/cidear\/wp-content\/uploads\/sites\/86\/2024\/07\/WhatsApp-Image-2024-07-05-at-15.01.28-1536x1152.jpeg 1536w, https:\/\/congresos.unlp.edu.ar\/cidear\/wp-content\/uploads\/sites\/86\/2024\/07\/WhatsApp-Image-2024-07-05-at-15.01.28.jpeg 1600w\" sizes=\"auto, (max-width: 451px) 100vw, 451px\" \/><\/p>\n<p><strong>\ud83d\udce2 CONVOCATORIAS ABIERTAS | Pr\u00e1cticas Preprofesionales Voluntarias<\/strong><\/p>\n<p>El Instituto de Investigaci\u00f3n en Producci\u00f3n y Ense\u00f1anza del Arte Argentino y Latinoamericano (IPEAL) y el Departamento de Estudios Hist\u00f3ricos y Sociales, de la Facultad de Artes (UNLP), convocan a estudiantes de las carreras de Artes Audiovisuales, Artes Pl\u00e1sticas, Dise\u00f1o en Comunicaci\u00f3n Visual, Dise\u00f1o Industrial, Dise\u00f1o Multimedial, Historia de las Artes y M\u00fasica interesadxs en realizar pr\u00e1cticas preprofesionales voluntarias en el Congreso Internacional de Educaci\u00f3n Art\u00edstica &#8211; CIDEAR.<\/p>\n<p>En esta ocasi\u00f3n, se abren tres convocatorias que tienen como objetivo la vinculaci\u00f3n de lxs estudiantes a eventos cient\u00edficos, desde la organizaci\u00f3n y gesti\u00f3n de las mesas tem\u00e1ticas, la elaboraci\u00f3n de cr\u00f3nicas del evento y la instancia de edici\u00f3n y correcci\u00f3n de las actas del Congreso.<\/p>\n<p>I. Los puntos sobre las \u00edes. Pr\u00e1cticas en organizaci\u00f3n de eventos cient\u00edficos<br \/>\nII. Notas al pie. Pr\u00e1cticas de escritura en el CIDEAR<br \/>\nIII. Punto y seguido. Pr\u00e1cticas de correcci\u00f3n y edici\u00f3n de textos acad\u00e9micos<\/p>\n<p>\ud83d\uddd3\ufe0f <strong>Postulaci\u00f3n:<\/strong> hasta el 9 de agosto de 2024.<\/p>\n<p>\ud83d\udcbb <strong>Formulario de postulaci\u00f3n y bases<\/strong>: <a href=\"https:\/\/www2.fba.unlp.edu.ar\/estudioshys\/2024\/07\/05\/convocatorias-abiertas-practicas-preprofesionales-voluntarias\/\">https:\/\/www2.fba.unlp.edu.ar\/estudioshys\/2024\/07\/05\/convocatorias-abiertas-practicas-preprofesionales-voluntarias\/<\/a><\/p>\n<p>\u2714\ufe0f Se entregar\u00e1n certificados de acreditaci\u00f3n de las pr\u00e1cticas preprofesionales.<\/p>\n<p>\u2709\ufe0f Consultas: dehsoc@fba.unlp.edu.ar<br \/>\nAsunto: Inscripci\u00f3n a Pr\u00e1cticas Preprofesionales<\/p>\n<p><strong>Imagen:<\/strong> <em>Octas<\/em> (2012), Marcela Cabutti<\/p>\n","protected":false},"excerpt":{"rendered":"<p>\ud83d\udce2 CONVOCATORIAS ABIERTAS | Pr\u00e1cticas Preprofesionales Voluntarias El Instituto de Investigaci\u00f3n en Producci\u00f3n y Ense\u00f1anza del Arte Argentino y Latinoamericano (IPEAL) y el Departamento de Estudios Hist\u00f3ricos y Sociales, de la Facultad de Artes (UNLP), convocan a estudiantes de las carreras de Artes Audiovisuales, Artes Pl\u00e1sticas, Dise\u00f1o en Comunicaci\u00f3n Visual, Dise\u00f1o Industrial, Dise\u00f1o Multimedial, Historia [&hellip;]<\/p>\n","protected":false},"author":202,"featured_media":0,"parent":0,"menu_order":0,"comment_status":"closed","ping_status":"closed","template":"","meta":{"advgb_blocks_editor_width":"","advgb_blocks_columns_visual_guide":"","footnotes":""},"class_list":["post-16","page","type-page","status-publish","hentry","post"],"aioseo_notices":[],"coauthors":[],"author_meta":{"author_link":"https:\/\/congresos.unlp.edu.ar\/cidear\/author\/ssoler\/","display_name":"ssoler"},"relative_dates":{"created":"Posted 2 a\u00f1os ago","modified":"Updated 2 a\u00f1os ago"},"absolute_dates":{"created":"Posted on 14 mayo, 2024","modified":"Updated on 5 julio, 2024"},"absolute_dates_time":{"created":"Posted on 14 mayo, 2024 11:04 am","modified":"Updated on 5 julio, 2024 3:08 pm"},"featured_img_caption":"","featured_img":false,"series_order":"","jetpack_sharing_enabled":true,"_links":{"self":[{"href":"https:\/\/congresos.unlp.edu.ar\/cidear\/wp-json\/wp\/v2\/pages\/16","targetHints":{"allow":["GET"]}}],"collection":[{"href":"https:\/\/congresos.unlp.edu.ar\/cidear\/wp-json\/wp\/v2\/pages"}],"about":[{"href":"https:\/\/congresos.unlp.edu.ar\/cidear\/wp-json\/wp\/v2\/types\/page"}],"author":[{"embeddable":true,"href":"https:\/\/congresos.unlp.edu.ar\/cidear\/wp-json\/wp\/v2\/users\/202"}],"replies":[{"embeddable":true,"href":"https:\/\/congresos.unlp.edu.ar\/cidear\/wp-json\/wp\/v2\/comments?post=16"}],"version-history":[{"count":0,"href":"https:\/\/congresos.unlp.edu.ar\/cidear\/wp-json\/wp\/v2\/pages\/16\/revisions"}],"wp:attachment":[{"href":"https:\/\/congresos.unlp.edu.ar\/cidear\/wp-json\/wp\/v2\/media?parent=16"}],"curies":[{"name":"wp","href":"https:\/\/api.w.org\/{rel}","templated":true}]}}

Prácticas preprofesionales

<p><img loading="lazy" decoding="async" class="alignnone wp-image-150" src="https://congresos.unlp.edu.ar/cidear/wp-content/uploads/sites/86/2024/07/WhatsApp-Image-2024-07-05-at-15.01.28-300x225.jpeg" alt="" width="451" height="338" srcset="https://congresos.unlp.edu.ar/cidear/wp-content/uploads/sites/86/2024/07/WhatsApp-Image-2024-07-05-at-15.01.28-300x225.jpeg 300w, https://congresos.unlp.edu.ar/cidear/wp-content/uploads/sites/86/2024/07/WhatsApp-Image-2024-07-05-at-15.01.28-1024x768.jpeg 1024w, https://congresos.unlp.edu.ar/cidear/wp-content/uploads/sites/86/2024/07/WhatsApp-Image-2024-07-05-at-15.01.28-768x576.jpeg 768w, https://congresos.unlp.edu.ar/cidear/wp-content/uploads/sites/86/2024/07/WhatsApp-Image-2024-07-05-at-15.01.28-1536x1152.jpeg 1536w, https://congresos.unlp.edu.ar/cidear/wp-content/uploads/sites/86/2024/07/WhatsApp-Image-2024-07-05-at-15.01.28.jpeg 1600w" sizes="auto, (max-width: 451px) 100vw, 451px" /></p>
<p><strong>📢 CONVOCATORIAS ABIERTAS | Prácticas Preprofesionales Voluntarias</strong></p>
<p>El Instituto de Investigación en Producción y Enseñanza del Arte Argentino y Latinoamericano (IPEAL) y el Departamento de Estudios Históricos y Sociales, de la Facultad de Artes (UNLP), convocan a estudiantes de las carreras de Artes Audiovisuales, Artes Plásticas, Diseño en Comunicación Visual, Diseño Industrial, Diseño Multimedial, Historia de las Artes y Música interesadxs en realizar prácticas preprofesionales voluntarias en el Congreso Internacional de Educación Artística &#8211; CIDEAR.</p>
<p>En esta ocasión, se abren tres convocatorias que tienen como objetivo la vinculación de lxs estudiantes a eventos científicos, desde la organización y gestión de las mesas temáticas, la elaboración de crónicas del evento y la instancia de edición y corrección de las actas del Congreso.</p>
<p>I. Los puntos sobre las íes. Prácticas en organización de eventos científicos<br />
II. Notas al pie. Prácticas de escritura en el CIDEAR<br />
III. Punto y seguido. Prácticas de corrección y edición de textos académicos</p>
<p>🗓️ <strong>Postulación:</strong> hasta el 9 de agosto de 2024.</p>
<p>💻 <strong>Formulario de postulación y bases</strong>: <a href="https://www2.fba.unlp.edu.ar/estudioshys/2024/07/05/convocatorias-abiertas-practicas-preprofesionales-voluntarias/">https://www2.fba.unlp.edu.ar/estudioshys/2024/07/05/convocatorias-abiertas-practicas-preprofesionales-voluntarias/</a></p>
<p>✔️ Se entregarán certificados de acreditación de las prácticas preprofesionales.</p>
<p>✉️ Consultas: dehsoc@fba.unlp.edu.ar<br />
Asunto: Inscripción a Prácticas Preprofesionales</p>
<p><strong>Imagen:</strong> <em>Octas</em> (2012), Marcela Cabutti</p>

<p>📢 CONVOCATORIAS ABIERTAS | Prácticas Preprofesionales Voluntarias El Instituto de Investigación en Producción y Enseñanza del Arte Argentino y Latinoamericano (IPEAL) y el Departamento de Estudios Históricos y Sociales, de la Facultad de Artes (UNLP), convocan a estudiantes de las carreras de Artes Audiovisuales, Artes Plásticas, Diseño en Comunicación Visual, Diseño Industrial, Diseño Multimedial, Historia [&hellip;]</p>

Posted 2 años ago

Updated 2 años ago
