{"id":14,"date":"2024-05-14T11:04:13","date_gmt":"2024-05-14T14:04:13","guid":{"rendered":"https:\/\/congresos.unlp.edu.ar\/cidear\/?page_id=14"},"modified":"2024-05-21T12:05:38","modified_gmt":"2024-05-21T15:05:38","slug":"pautas-para-envio","status":"publish","type":"page","link":"https:\/\/congresos.unlp.edu.ar\/cidear\/pautas-para-envio\/","title":{"rendered":"Pautas para env\u00edo"},"content":{"rendered":"<h3><b>\/\/ \u00bfC\u00f3mo participar?<\/b><\/h3>\n<p>Para participar se aceptar\u00e1n res\u00famenes extendidos con un m\u00ednimo de 3000 caracteres (sin espacio) y un m\u00e1ximo de 4000 caracteres (sin espacio), seg\u00fan normas de estilo para autorxs. La selecci\u00f3n de los mismos ser\u00e1 realizada por el sistema de pares ciegos. Una vez finalizado el Congreso se editar\u00e1 una publicaci\u00f3n de los res\u00famenes aceptados con ISBN. Adem\u00e1s, las presentaciones podr\u00e1n ser evaluadas para su publicaci\u00f3n en revistas acad\u00e9micas de la FDA.<\/p>\n<h3><b>\/\/ \u00bfQu\u00e9 se debe entregar para participar con una ponencia?<\/b><\/h3>\n<p>La informaci\u00f3n y las normas de presentaci\u00f3n de las ponencias en formato resumen extendido pueden descargarse<a href=\"https:\/\/drive.google.com\/file\/d\/1D3FlQ5SMT4rsed6Xq162LO9mN9xevn09\/view?usp=drive_link\"> <b>aqu\u00ed.<\/b><\/a><\/p>\n<p><a href=\"https:\/\/drive.google.com\/file\/d\/1D3FlQ5SMT4rsed6Xq162LO9mN9xevn09\/view\"><img loading=\"lazy\" decoding=\"async\" class=\"wp-image-79 alignleft\" src=\"http:\/\/congresos.unlp.edu.ar\/cidear\/wp-content\/uploads\/sites\/86\/2024\/05\/Captura-desde-2024-05-21-12-04-40-300x118.png\" alt=\"\" width=\"470\" height=\"185\" srcset=\"https:\/\/congresos.unlp.edu.ar\/cidear\/wp-content\/uploads\/sites\/86\/2024\/05\/Captura-desde-2024-05-21-12-04-40-300x118.png 300w, https:\/\/congresos.unlp.edu.ar\/cidear\/wp-content\/uploads\/sites\/86\/2024\/05\/Captura-desde-2024-05-21-12-04-40.png 602w\" sizes=\"auto, (max-width: 470px) 100vw, 470px\" \/><\/a><\/p>\n","protected":false},"excerpt":{"rendered":"<p>\/\/ \u00bfC\u00f3mo participar? Para participar se aceptar\u00e1n res\u00famenes extendidos con un m\u00ednimo de 3000 caracteres (sin espacio) y un m\u00e1ximo de 4000 caracteres (sin espacio), seg\u00fan normas de estilo para autorxs. La selecci\u00f3n de los mismos ser\u00e1 realizada por el sistema de pares ciegos. Una vez finalizado el Congreso se editar\u00e1 una publicaci\u00f3n de los [&hellip;]<\/p>\n","protected":false},"author":202,"featured_media":0,"parent":0,"menu_order":0,"comment_status":"closed","ping_status":"closed","template":"","meta":{"advgb_blocks_editor_width":"","advgb_blocks_columns_visual_guide":"","footnotes":""},"class_list":["post-14","page","type-page","status-publish","hentry","post"],"aioseo_notices":[],"coauthors":[],"author_meta":{"author_link":"https:\/\/congresos.unlp.edu.ar\/cidear\/author\/ssoler\/","display_name":"ssoler"},"relative_dates":{"created":"Posted 2 a\u00f1os ago","modified":"Updated 2 a\u00f1os ago"},"absolute_dates":{"created":"Posted on 14 mayo, 2024","modified":"Updated on 21 mayo, 2024"},"absolute_dates_time":{"created":"Posted on 14 mayo, 2024 11:04 am","modified":"Updated on 21 mayo, 2024 12:05 pm"},"featured_img_caption":"","featured_img":false,"series_order":"","jetpack_sharing_enabled":true,"_links":{"self":[{"href":"https:\/\/congresos.unlp.edu.ar\/cidear\/wp-json\/wp\/v2\/pages\/14","targetHints":{"allow":["GET"]}}],"collection":[{"href":"https:\/\/congresos.unlp.edu.ar\/cidear\/wp-json\/wp\/v2\/pages"}],"about":[{"href":"https:\/\/congresos.unlp.edu.ar\/cidear\/wp-json\/wp\/v2\/types\/page"}],"author":[{"embeddable":true,"href":"https:\/\/congresos.unlp.edu.ar\/cidear\/wp-json\/wp\/v2\/users\/202"}],"replies":[{"embeddable":true,"href":"https:\/\/congresos.unlp.edu.ar\/cidear\/wp-json\/wp\/v2\/comments?post=14"}],"version-history":[{"count":0,"href":"https:\/\/congresos.unlp.edu.ar\/cidear\/wp-json\/wp\/v2\/pages\/14\/revisions"}],"wp:attachment":[{"href":"https:\/\/congresos.unlp.edu.ar\/cidear\/wp-json\/wp\/v2\/media?parent=14"}],"curies":[{"name":"wp","href":"https:\/\/api.w.org\/{rel}","templated":true}]}}