{"id":36,"date":"2019-08-23T11:06:46","date_gmt":"2019-08-23T14:06:46","guid":{"rendered":"http:\/\/congresos.unlp.edu.ar\/cicda\/?page_id=36"},"modified":"2019-10-28T12:52:47","modified_gmt":"2019-10-28T15:52:47","slug":"pautas-para-autores","status":"publish","type":"page","link":"https:\/\/congresos.unlp.edu.ar\/cicda\/pautas-para-autores\/","title":{"rendered":"Pautas para autores"},"content":{"rendered":"<div dir=\"ltr\">\n<p><strong>PREPARACI\u00d3N Y ENV\u00cdO DE TRABAJOS COMPLETOS<\/strong><br \/>\n<strong>\/ Los trabajos completos se recibir\u00e1n hasta el 1 de noviembre.<\/strong> El objetivo de esta solicitud es asegurar la preparaci\u00f3n del trabajo de los comentaristas y moderadores de cada Simposio y favorecer el intercambio y la discusi\u00f3n durante el Congreso.<\/p>\n<p>\/ Las Pautas para autores pueden ser consultadas <a href=\"https:\/\/drive.google.com\/file\/d\/0B5bY0v_1Yg2LX2duaWhDTUYwLTRpaTdvelRRUkpKVGZaenhn\/view?usp=sharing\">aqu\u00ed.<\/a><\/p>\n<p><strong>ORGANIZACI\u00d3N Y DESARROLLO DE LAS ACTIVIDADES<\/strong><\/p>\n<p>\/ Los simposios se desarrollar\u00e1n a lo largo de una jornada de trabajo y tendr\u00e1n un m\u00ednimo de 6 y un m\u00e1ximo de 12 expositoras\/es. Se convocar\u00e1 a moderadores y comentaristas en funci\u00f3n del tema espec\u00edfico.<br \/>\n\/ Para intervenir en el Simposio correspondiente, cada autor\/a preparar\u00e1 una versi\u00f3n reducida de su trabajo para leer o comentar en un m\u00e1ximo de 15 minutos. Cada participante podr\u00e1 enviar im\u00e1genes, material sonoro o audiovisual para proyectar durante su presentaci\u00f3n.<br \/>\nLuego del Congreso y en fechas a confirmar, se revisar\u00e1n y preparar\u00e1n los trabajos para su posterior edici\u00f3n en formato electr\u00f3nico.<br \/>\nEl Congreso tendr\u00e1 dos d\u00edas de duraci\u00f3n consagrados a la presentaci\u00f3n de trabajos y a la discusi\u00f3n de los temas. Se prev\u00e9n actividades especiales como conferencias y mesas redondas.<\/p>\n<\/div>\n","protected":false},"excerpt":{"rendered":"<p>PREPARACI\u00d3N Y ENV\u00cdO DE TRABAJOS COMPLETOS \/ Los trabajos completos se recibir\u00e1n hasta el 1 de noviembre. El objetivo de esta solicitud es asegurar la preparaci\u00f3n del trabajo de los comentaristas y moderadores de cada Simposio y favorecer el intercambio y la discusi\u00f3n durante el Congreso. \/ Las Pautas para autores pueden ser consultadas aqu\u00ed. [&hellip;]<\/p>\n","protected":false},"author":12,"featured_media":0,"parent":0,"menu_order":0,"comment_status":"closed","ping_status":"closed","template":"","meta":{"advgb_blocks_editor_width":"","advgb_blocks_columns_visual_guide":"","footnotes":""},"class_list":["post-36","page","type-page","status-publish","hentry","post"],"aioseo_notices":[],"coauthors":[],"author_meta":{"author_link":"https:\/\/congresos.unlp.edu.ar\/cicda\/author\/bgustavino\/","display_name":"bgustavino"},"relative_dates":{"created":"Posted 7 a\u00f1os ago","modified":"Updated 6 a\u00f1os ago"},"absolute_dates":{"created":"Posted on 23 agosto, 2019","modified":"Updated on 28 octubre, 2019"},"absolute_dates_time":{"created":"Posted on 23 agosto, 2019 11:06 am","modified":"Updated on 28 octubre, 2019 12:52 pm"},"featured_img_caption":"","featured_img":false,"series_order":"","_links":{"self":[{"href":"https:\/\/congresos.unlp.edu.ar\/cicda\/wp-json\/wp\/v2\/pages\/36","targetHints":{"allow":["GET"]}}],"collection":[{"href":"https:\/\/congresos.unlp.edu.ar\/cicda\/wp-json\/wp\/v2\/pages"}],"about":[{"href":"https:\/\/congresos.unlp.edu.ar\/cicda\/wp-json\/wp\/v2\/types\/page"}],"author":[{"embeddable":true,"href":"https:\/\/congresos.unlp.edu.ar\/cicda\/wp-json\/wp\/v2\/users\/12"}],"replies":[{"embeddable":true,"href":"https:\/\/congresos.unlp.edu.ar\/cicda\/wp-json\/wp\/v2\/comments?post=36"}],"version-history":[{"count":0,"href":"https:\/\/congresos.unlp.edu.ar\/cicda\/wp-json\/wp\/v2\/pages\/36\/revisions"}],"wp:attachment":[{"href":"https:\/\/congresos.unlp.edu.ar\/cicda\/wp-json\/wp\/v2\/media?parent=36"}],"curies":[{"name":"wp","href":"https:\/\/api.w.org\/{rel}","templated":true}]}}