{"id":100,"date":"2019-08-24T00:43:20","date_gmt":"2019-08-24T03:43:20","guid":{"rendered":"http:\/\/congresos.unlp.edu.ar\/cicda\/?page_id=100"},"modified":"2019-11-06T01:43:50","modified_gmt":"2019-11-06T04:43:50","slug":"simposio-6","status":"publish","type":"page","link":"https:\/\/congresos.unlp.edu.ar\/cicda\/simposio-6\/","title":{"rendered":"Simposio 6"},"content":{"rendered":"<p><img loading=\"lazy\" decoding=\"async\" class=\"alignnone size-full wp-image-101\" src=\"https:\/\/congresos.unlp.edu.ar\/cicda\/wp-content\/uploads\/sites\/8\/2019\/08\/68932735_2098278140278112_5533939342260568064_n.jpg\" alt=\"\" width=\"800\" height=\"600\" srcset=\"https:\/\/congresos.unlp.edu.ar\/cicda\/wp-content\/uploads\/sites\/8\/2019\/08\/68932735_2098278140278112_5533939342260568064_n.jpg 800w, https:\/\/congresos.unlp.edu.ar\/cicda\/wp-content\/uploads\/sites\/8\/2019\/08\/68932735_2098278140278112_5533939342260568064_n-300x225.jpg 300w, https:\/\/congresos.unlp.edu.ar\/cicda\/wp-content\/uploads\/sites\/8\/2019\/08\/68932735_2098278140278112_5533939342260568064_n-768x576.jpg 768w\" sizes=\"auto, (max-width: 800px) 100vw, 800px\" \/><\/p>\n<p>SIMPOSIO 6<br \/>\n<strong>La conformaci\u00f3n disciplinar del Dise\u00f1o en Argentina y Latinoam\u00e9rica. Debates y tensiones en las trayectorias profesionales y acad\u00e9micas<\/strong><br \/>\n<em>\/ Coordinador: Prof. DCV Luciano Passarella (Facultad de Bellas Artes, UNLP)<\/em><\/p>\n<p>Para ver los res\u00famenes que componen el simposio, haga click <a href=\"https:\/\/drive.google.com\/file\/d\/0B5bY0v_1Yg2LMHU2dTZCZmxkWnJRdHBNNkFyQk44VWtrdHVz\/view?usp=sharing\">aqu\u00ed<\/a>.<\/p>\n<p>El campo disciplinar del Dise\u00f1o comienza gradualmente a conformarse en la Argentina a mediados del Siglo XX. Los movimientos ligados a la vanguardia, en un contexto de modernizaci\u00f3n e industrializaci\u00f3n, aportaron un enfoque racionalista y proyectual a una pr\u00e1ctica del oficio y la artesan\u00eda con tradiciones que se remontan al siglo XIX, relacionadas en general con las denominadas artes aplicadas. Seguidamente, las experiencias pioneras en educaci\u00f3n superior, desde fines de la d\u00e9cada del \u201850 y principios de los \u201860 -entre las que se encuentran las carreras de la Universidad Nacional de Cuyo y las de la Facultad de Bellas Artes de la Universidad Nacional de La Plata- resultan un paso decisivo hacia la profesionalizaci\u00f3n de la actividad.<\/p>\n<p>La progresiva ampliaci\u00f3n de la oferta acad\u00e9mica en d\u00e9cadas posteriores, con la creaci\u00f3n de nuevas carreras en distintos puntos del territorio nacional, plantea un complejo panorama de an\u00e1lisis en relaci\u00f3n a las trayectorias institucionales y sus respectivos enfoques formativos.<\/p>\n<p>Paralelamente, en los pa\u00edses latinoamericanos se advierten coincidencias y matices, tanto en el desarrollo de la actividad profesional, como en las trayectorias institucionales y las propuestas acad\u00e9micas. Estas similitudes y diferencias responden a los contextos hist\u00f3ricos, los rasgos identitarios, los cruces e intercambios con otras disciplinas del campo de las artes, la arquitectura y<br \/>\nla ingenier\u00eda, as\u00ed como respecto a las influencias de los pa\u00edses centrales.<\/p>\n<p>Un mayor inter\u00e9s por la historia, la teor\u00eda y la cr\u00edtica disciplinar viene ampliando en los \u00faltimos a\u00f1os el horizonte acad\u00e9mico con un panorama creciente de investigaciones. Algunos de estos estudios se han centrado en el conocimiento acerca de las producciones, los actores y las instituciones, incluso poniendo en crisis paradigmas y modelos, que fueron fundacionales para el<br \/>\nmismo campo disciplinar.<br \/>\nEl simposio propone dar cuenta de investigaciones que permitan hacer visibles debates y tensiones tanto desde el ejercicio profesional, como desde los proyectos acad\u00e9mico-institucionales desarrollados en los \u00faltimos a\u00f1os, en las universidades nacionales y latinoamericanas.<\/p>\n<p>Ejes del simposio:<br \/>\n1. Tensiones entre oficio y profesi\u00f3n.<br \/>\n2. Fronteras y solapamientos entre pr\u00e1ctica y teor\u00eda.<br \/>\n3. Herencias e innovaciones en los dise\u00f1os curriculares.<br \/>\n4. Perspectivas pedag\u00f3gicas y abordajes did\u00e1cticos en la formaci\u00f3n superior.<br \/>\n5. Enfoques te\u00f3ricos y discusiones historiogr\u00e1ficas.<br \/>\n6. Avances acad\u00e9micos hacia la Investigaci\u00f3n y la Extensi\u00f3n.<br \/>\n7. Perfiles profesionales, especialidades disciplinares y desaf\u00edos laborales.<br \/>\n8. Ejercicio profesional y problem\u00e1ticas actuales de la agenda p\u00fablica.<br \/>\n9. Cruces, desplazamientos y l\u00edmites interdisciplinarios.<br \/>\n10. Coincidencias y matices en la conformaci\u00f3n disciplinar en Latinoam\u00e9rica.<\/p>\n","protected":false},"excerpt":{"rendered":"<p>SIMPOSIO 6 La conformaci\u00f3n disciplinar del Dise\u00f1o en Argentina y Latinoam\u00e9rica. Debates y tensiones en las trayectorias profesionales y acad\u00e9micas \/ Coordinador: Prof. DCV Luciano Passarella (Facultad de Bellas Artes, UNLP) Para ver los res\u00famenes que componen el simposio, haga click aqu\u00ed. El campo disciplinar del Dise\u00f1o comienza gradualmente a conformarse en la Argentina a [&hellip;]<\/p>\n","protected":false},"author":12,"featured_media":0,"parent":0,"menu_order":0,"comment_status":"closed","ping_status":"closed","template":"","meta":{"advgb_blocks_editor_width":"","advgb_blocks_columns_visual_guide":"","footnotes":""},"class_list":["post-100","page","type-page","status-publish","hentry","post"],"aioseo_notices":[],"coauthors":[],"author_meta":{"author_link":"https:\/\/congresos.unlp.edu.ar\/cicda\/author\/bgustavino\/","display_name":"bgustavino"},"relative_dates":{"created":"Posted 7 a\u00f1os ago","modified":"Updated 6 a\u00f1os ago"},"absolute_dates":{"created":"Posted on 24 agosto, 2019","modified":"Updated on 6 noviembre, 2019"},"absolute_dates_time":{"created":"Posted on 24 agosto, 2019 12:43 am","modified":"Updated on 6 noviembre, 2019 1:43 am"},"featured_img_caption":"","featured_img":false,"series_order":"","_links":{"self":[{"href":"https:\/\/congresos.unlp.edu.ar\/cicda\/wp-json\/wp\/v2\/pages\/100","targetHints":{"allow":["GET"]}}],"collection":[{"href":"https:\/\/congresos.unlp.edu.ar\/cicda\/wp-json\/wp\/v2\/pages"}],"about":[{"href":"https:\/\/congresos.unlp.edu.ar\/cicda\/wp-json\/wp\/v2\/types\/page"}],"author":[{"embeddable":true,"href":"https:\/\/congresos.unlp.edu.ar\/cicda\/wp-json\/wp\/v2\/users\/12"}],"replies":[{"embeddable":true,"href":"https:\/\/congresos.unlp.edu.ar\/cicda\/wp-json\/wp\/v2\/comments?post=100"}],"version-history":[{"count":0,"href":"https:\/\/congresos.unlp.edu.ar\/cicda\/wp-json\/wp\/v2\/pages\/100\/revisions"}],"wp:attachment":[{"href":"https:\/\/congresos.unlp.edu.ar\/cicda\/wp-json\/wp\/v2\/media?parent=100"}],"curies":[{"name":"wp","href":"https:\/\/api.w.org\/{rel}","templated":true}]}}