{"id":37,"date":"2021-06-11T14:08:16","date_gmt":"2021-06-11T17:08:16","guid":{"rendered":"https:\/\/congresos.unlp.edu.ar\/ciciar\/?page_id=37"},"modified":"2022-10-03T17:17:02","modified_gmt":"2022-10-03T20:17:02","slug":"llamado","status":"publish","type":"page","link":"https:\/\/congresos.unlp.edu.ar\/ciaciar\/llamado\/","title":{"rendered":"Llamado"},"content":{"rendered":"<div id=\"pl-37\"  class=\"panel-layout\" ><div id=\"pg-37-0\"  class=\"panel-grid panel-no-style\" ><div id=\"pgc-37-0-0\"  class=\"panel-grid-cell\" ><div id=\"panel-37-0-0-0\" class=\"so-panel widget widget_sow-editor panel-first-child panel-last-child\" data-index=\"0\" ><div\n\t\t\t\n\t\t\tclass=\"so-widget-sow-editor so-widget-sow-editor-base\"\n\t\t\t\n\t\t>\n<div class=\"siteorigin-widget-tinymce textwidget\">\n\t<p><span style=\"font-weight: 400\">En esta edici\u00f3n tendremos tres formatos de trabajo:<\/span><\/p>\n<ul>\n<li style=\"font-weight: 400\"><span style=\"font-weight: 400\">Talleres<\/span><\/li>\n<li style=\"font-weight: 400\"><span style=\"font-weight: 400\">Sesiones tem\u00e1ticas<\/span><\/li>\n<li style=\"font-weight: 400\"><span style=\"font-weight: 400\">Art\u00edculos (con presentaci\u00f3n en ePosters)<\/span><\/li>\n<\/ul>\n<\/div>\n<\/div><\/div><\/div><\/div><div id=\"pg-37-1\"  class=\"panel-grid panel-no-style\" ><div id=\"pgc-37-1-0\"  class=\"panel-grid-cell\" ><div id=\"panel-37-1-0-0\" class=\"so-panel widget widget_sow-editor panel-first-child\" data-index=\"1\" ><div id=\"talleres\" class=\"panel-widget-style panel-widget-style-for-37-1-0-0\" ><div\n\t\t\t\n\t\t\tclass=\"so-widget-sow-editor so-widget-sow-editor-base\"\n\t\t\t\n\t\t><h3 class=\"widget-title\">Llamado a talleres y sesiones tem\u00e1ticas (abierto)<\/h3>\n<div class=\"siteorigin-widget-tinymce textwidget\">\n\t<h2><b>Talleres y sesiones tem\u00e1ticas<\/b><\/h2>\n<p><span style=\"font-weight: 400\">Los talleres abiertos y las sesiones tem\u00e1ticas est\u00e1n pensados para construir un espacio de participaci\u00f3n donde explorar las problem\u00e1ticas en torno a las diferentes comunidades que componen la ciencia abierta y ciudadana.<\/span><\/p>\n<p><span style=\"font-weight: 400\">Las propuestas deber\u00e1n dar cuenta en su justificaci\u00f3n de su potencial para fomentar el debate sobre nuevas herramientas o problem\u00e1ticas de ciencia abierta, ciencia ciudadana e innovaci\u00f3n y contribuir al desarrollo de capacidades y elementos para fomentar las pr\u00e1cticas de apertura. <\/span><\/p>\n<p><b>Se espera que los equipos tengan una composici\u00f3n de g\u00e9nero equilibrada<\/b><span style=\"font-weight: 400\">. <\/span><\/p>\n<h3><b>Presentaci\u00f3n de propuestas de talleres<\/b><\/h3>\n<p><span style=\"font-weight: 400\">Los talleres son actividades pr\u00e1cticas, relacionadas directamente a alguna de las \u00e1reas tem\u00e1ticas del congreso. Deben ser adecuadamente planificadas para realizarse durante el tiempo estimado (<\/span><b>m\u00e1ximo 2 horas<\/b><span style=\"font-weight: 400\">), teniendo en cuenta las caracter\u00edsticas de la virtualidad, y considerando un m\u00e1ximo de 20 personas. La propuesta puede ser presentada por una persona o un equipo de personas. <\/span><b>El evento no financiar\u00e1 materiales para los talleres.\u00a0<\/b><\/p>\n<p><span style=\"font-weight: 400\">Para la postulaci\u00f3n se deber\u00e1 enviar un resumen de <\/span><b>1000 palabras<\/b><span style=\"font-weight: 400\"> como m\u00e1ximo, , <\/span><span style=\"font-weight: 400\">en espa\u00f1ol o portugues,<\/span><span style=\"font-weight: 400\"> donde se indique:\u00a0<\/span><\/p>\n<ul>\n<li style=\"font-weight: 400\"><span style=\"font-weight: 400\">nombre y afiliaci\u00f3n\/comunidad de pertenencia de les facilitadores (como m\u00ednimo un facilitador)<\/span><\/li>\n<li style=\"font-weight: 400\"><span style=\"font-weight: 400\">problem\u00e1tica abordada y justificaci\u00f3n\u00a0<\/span><\/li>\n<li style=\"font-weight: 400\"><span style=\"font-weight: 400\">objetivos del taller\u00a0<\/span><\/li>\n<li style=\"font-weight: 400\"><span style=\"font-weight: 400\">metodolog\u00edas o enfoque a utilizar,\u00a0<\/span><\/li>\n<li style=\"font-weight: 400\"><span style=\"font-weight: 400\">materiales y herramientas que las personas necesitar\u00e1n para participar del taller (si corresponde)<\/span><\/li>\n<li style=\"font-weight: 400\"><span style=\"font-weight: 400\">resultados esperados<\/span><\/li>\n<\/ul>\n<p><b>Presentaci\u00f3n de propuestas de sesiones tem\u00e1ticas<\/b><\/p>\n<p><span style=\"font-weight: 400\">Las sesiones tem\u00e1ticas son discusiones grupales moderadas, relacionadas a alguna de las \u00e1reas tem\u00e1ticas del congreso. Cualquier persona puede proponer sesiones tem\u00e1ticas.\u00a0<\/span><\/p>\n<p><span style=\"font-weight: 400\">Las sesiones tem\u00e1ticas tienen una duraci\u00f3n m\u00e1xima de <\/span><b>40 minutos<\/b><span style=\"font-weight: 400\">. La propuesta puede ser presentada por una persona o un equipo de personas. La planificaci\u00f3n de las sesiones debe tener en cuenta el tiempo estimado y las caracter\u00edsticas de la virtualidad.\u00a0<\/span><\/p>\n<p><span style=\"font-weight: 400\">Para proponer una sesi\u00f3n tem\u00e1tica se deber\u00e1 enviar un resumen de 500 palabras, , <\/span><span style=\"font-weight: 400\">en espa\u00f1ol o portugues,<\/span><span style=\"font-weight: 400\"> donde se indique:\u00a0<\/span><\/p>\n<ul>\n<li style=\"font-weight: 400\"><span style=\"font-weight: 400\">nombre y afiliaci\u00f3n\/comunidad de pertenencia de les facilitadores (como m\u00ednimo un moderador)<\/span><\/li>\n<li style=\"font-weight: 400\"><span style=\"font-weight: 400\">problem\u00e1tica abordada y justificaci\u00f3n<\/span><\/li>\n<li style=\"font-weight: 400\"><span style=\"font-weight: 400\">objetivos de la discusi\u00f3n<\/span><\/li>\n<li style=\"font-weight: 400\"><span style=\"font-weight: 400\">\u00a0metodolog\u00eda con la que se guiar\u00e1 la discusi\u00f3n<\/span><\/li>\n<li style=\"font-weight: 400\"><span style=\"font-weight: 400\">resultados esperados<\/span><\/li>\n<\/ul>\n<p><b>Formato para el env\u00edo de propuestas de talleres y sesiones tem\u00e1ticas:<\/b><span style=\"font-weight: 400\"> El env\u00edo deber\u00e1 realizarse en formato PDF utilizando la <a href=\"http:\/\/congresos.unlp.edu.ar\/ciaciar\/wp-content\/uploads\/sites\/35\/2021\/07\/Plantilla-propuesta-talleres-y-sesiones-tematicas-2.docx\">plantilla provista en el <\/a><\/span><span style=\"font-weight: 400\">siguiente link<\/span><span style=\"font-weight: 400\">.<\/span><\/p>\n<\/div>\n<\/div><\/div><\/div><div id=\"panel-37-1-0-1\" class=\"so-panel widget widget_sow-editor panel-last-child\" data-index=\"2\" ><div id=\"talleres\" class=\"panel-widget-style panel-widget-style-for-37-1-0-1\" ><div\n\t\t\t\n\t\t\tclass=\"so-widget-sow-editor so-widget-sow-editor-base\"\n\t\t\t\n\t\t><h3 class=\"widget-title\">Criterios de selecci\u00f3n de talleres y sesiones tem\u00e1ticas<\/h3>\n<div class=\"siteorigin-widget-tinymce textwidget\">\n\t<p><span style=\"font-weight: 400\">Los talleres y sesiones tem\u00e1ticas postuladas son evaluadas en una primera instancia bajo un criterio de pertinencia al congreso y completitud de la informaci\u00f3n solicitada.\u00a0<\/span><\/p>\n<p><span style=\"font-weight: 400\">Las propuestas que completen esta primera instancia ser\u00e1n listadas en el sitio web del congreso, para que las personas asistentes registradas al evento se inscriban a las propuestas recibidas. Aquellos talleres y sesiones tem\u00e1ticas con mayor n\u00famero de inscriptos son seleccionadas para formar parte de la agenda del congreso. El n\u00famero de talleres y sesiones tem\u00e1ticas finales depender\u00e1 de las capacidades de la organizaci\u00f3n.\u00a0\u00a0<\/span><\/p>\n<p><span style=\"font-weight: 400\">Las propuestas deber\u00e1n dar cuenta en su justificaci\u00f3n de su potencial para fomentar el debate sobre nuevas herramientas o problem\u00e1ticas de ciencia abierta, ciencia ciudadana e innovaci\u00f3n y contribuir al desarrollo de capacidades y elementos para fomentar las pr\u00e1cticas de apertura. <\/span><b>Se espera que los equipos tengan una composici\u00f3n de g\u00e9nero equilibrada<\/b><span style=\"font-weight: 400\">.<\/span><\/p>\n<p><b>Publicaci\u00f3n:<\/b><span style=\"font-weight: 400\"> Los res\u00famenes de los talleres y sesiones tem\u00e1ticas seleccionados para ser parte del congreso ser\u00e1n publicados en las actas del congreso.<\/span><\/p>\n<p><b>Fechas de env\u00edo<\/b><span style=\"font-weight: 400\"> (ver <a href=\"https:\/\/congresos.unlp.edu.ar\/ciaciar\/fechas-importantes\/\">fechas importantes<\/a>)<\/span><\/p>\n<\/div>\n<\/div><\/div><\/div><\/div><\/div><div id=\"pg-37-2\"  class=\"panel-grid panel-no-style\" ><div id=\"pgc-37-2-0\"  class=\"panel-grid-cell\" ><div id=\"panel-37-2-0-0\" class=\"so-panel widget widget_sow-editor panel-first-child\" data-index=\"3\" ><div id=\"posters\" class=\"panel-widget-style panel-widget-style-for-37-2-0-0\" ><div\n\t\t\t\n\t\t\tclass=\"so-widget-sow-editor so-widget-sow-editor-base\"\n\t\t\t\n\t\t><h3 class=\"widget-title\">Presentaci\u00f3n en formato ePoster<\/h3>\n<div class=\"siteorigin-widget-tinymce textwidget\">\n\t<p><span style=\"font-weight: 400\">Los env\u00edos de art\u00edculos se someten a una evaluaci\u00f3n a cargo de un comit\u00e9 internacional y aquellos que sean notificados como ACEPTADOS seg\u00fan sea el caso, deber\u00e1n presentar la versi\u00f3n con las observaciones subsanadas. Los trabajos aceptados ser\u00e1n presentados durante el congreso en formato de ePosters.<\/span><\/p>\n<p><span style=\"font-weight: 400\">El poster consiste en una<\/span><b> \u00fanica hoja en formato PDF (m\u00e1x 40Mb)<\/b><span style=\"font-weight: 400\">, con texto e im\u00e1genes est\u00e1ticas, en las proporciones de tama\u00f1o A0 horizontal. El t\u00edtulo y los nombres de los autores, junto con el logo de la licencia <\/span><a href=\"https:\/\/creativecommons.org\/choose\/?lang=es\"><span style=\"font-weight: 400\">Creative Commons elegida por los autores<\/span><\/a><span style=\"font-weight: 400\">, deben aparecer en la parte superior del p\u00f3ster.<\/span><\/p>\n<p><span style=\"font-weight: 400\">Como forma de ampliar y mejorar la divulgaci\u00f3n de los resultados presentados en los p\u00f3sters, aquellos <\/span><b>posters aceptados<\/b> <span style=\"font-weight: 400\">podr\u00e1n<\/span><span style=\"font-weight: 400\"> proveer adem\u00e1s del P\u00f3ster un \u201cTwitter Poster\u201d para exhibir en las redes sociales del congreso en tiempo real, junto con el archivo PDF.<\/span><\/p>\n<p><span style=\"font-weight: 400\">El Twitter P\u00f3ster consiste en una breve presentaci\u00f3n en formato <\/span><b>gif animado<\/b><span style=\"font-weight: 400\">, que explica brevemente el contenido del estudio de forma sint\u00e9tica y f\u00e1cil de comprender:<\/span><\/p>\n<ul>\n<li style=\"font-weight: 400\"><a href=\"https:\/\/twitter.com\/DimiAbrams\/status\/1317199354189393920\"><span style=\"font-weight: 400\">Un ejemplo de Twitter P\u00f3ster<\/span><\/a><\/li>\n<li style=\"font-weight: 400\"><span style=\"font-weight: 400\"><a href=\"http:\/\/congresos.unlp.edu.ar\/ciaciar\/wp-content\/uploads\/sites\/35\/2021\/07\/Plantilla-TW-Poster.pptx\">Instrucciones y plantilla para armar el Twitter Poster<\/a><\/span><\/li>\n<\/ul>\n<\/div>\n<\/div><\/div><\/div><div id=\"panel-37-2-0-1\" class=\"so-panel widget widget_sow-button\" data-index=\"4\" ><div\n\t\t\t\n\t\t\tclass=\"so-widget-sow-button so-widget-sow-button-atom-857739567c6a-37\"\n\t\t\t\n\t\t><div class=\"ow-button-base ow-button-align-center\"\n>\n\t\t\t<a\n\t\t\t\t\thref=\"http:\/\/congresos.unlp.edu.ar\/ciaciar\/wp-content\/uploads\/sites\/35\/2021\/07\/Plantilla-TW-Poster.pptx\"\n\t\t\t\t\tclass=\"sowb-button ow-icon-placement-left ow-button-hover\" \t>\n\t\t<span>\n\t\t\t<span class=\"sow-icon-fontawesome sow-far\" data-sow-icon=\"&#xf1c4;\"\n\t\tstyle=\"\" \n\t\taria-hidden=\"true\"><\/span>\n\t\t\tPlantilla Twitter poster\t\t<\/span>\n\t\t\t<\/a>\n\t<\/div>\n<\/div><\/div><div id=\"panel-37-2-0-2\" class=\"so-panel widget widget_sow-editor panel-last-child\" data-index=\"5\" ><div id=\"publicacion\" class=\"panel-widget-style panel-widget-style-for-37-2-0-2\" ><div\n\t\t\t\n\t\t\tclass=\"so-widget-sow-editor so-widget-sow-editor-base\"\n\t\t\t\n\t\t><h3 class=\"widget-title\">Publicaci\u00f3n\u00a0<\/h3>\n<div class=\"siteorigin-widget-tinymce textwidget\">\n\t<p><span style=\"font-weight: 400\">Todos los talleres, sesiones tem\u00e1ticas y art\u00edculos aceptados ser\u00e1n publicados en las actas del evento que se publicar\u00e1 en el Repositorio Institucional de la Universidad Nacional de La Plata (<a href=\"http:\/\/sedici.unlp.edu.ar\/\">SEDICI<\/a>).\u00a0<\/span><\/p>\n<p><span style=\"font-weight: 400\">Aquellos res\u00famenes extendidos que se los invite a enviar un art\u00edculo completo a alguna de las revistas asociadas al congreso, se someter\u00e1n a los procesos de evaluaci\u00f3n y aceptaci\u00f3n definidos por la revista en forma totalmente independiente de la organizaci\u00f3n del congreso.<\/span><\/p>\n<\/div>\n<\/div><\/div><\/div><\/div><\/div><\/div>","protected":false},"excerpt":{"rendered":"<p>En esta edici\u00f3n tendremos tres formatos de trabajo: Talleres Sesiones tem\u00e1ticas Art\u00edculos (con presentaci\u00f3n en ePosters) Talleres y sesiones tem\u00e1ticas Los talleres abiertos y las sesiones tem\u00e1ticas est\u00e1n pensados para construir un espacio de participaci\u00f3n donde explorar las problem\u00e1ticas en torno a las diferentes comunidades que componen la ciencia abierta y ciudadana. Las propuestas deber\u00e1n [&hellip;]<\/p>\n","protected":false},"author":2,"featured_media":0,"parent":0,"menu_order":0,"comment_status":"closed","ping_status":"closed","template":"","meta":{"advgb_blocks_editor_width":"","advgb_blocks_columns_visual_guide":"","footnotes":""},"class_list":["post-37","page","type-page","status-publish","hentry","post"],"aioseo_notices":[],"coauthors":[],"author_meta":{"author_link":"https:\/\/congresos.unlp.edu.ar\/ciaciar\/author\/congresos\/","display_name":"congresos"},"relative_dates":{"created":"Posted 5 a\u00f1os ago","modified":"Updated 4 a\u00f1os ago"},"absolute_dates":{"created":"Posted on 11 junio, 2021","modified":"Updated on 3 octubre, 2022"},"absolute_dates_time":{"created":"Posted on 11 junio, 2021 2:08 pm","modified":"Updated on 3 octubre, 2022 5:17 pm"},"featured_img_caption":"","featured_img":false,"series_order":"","_links":{"self":[{"href":"https:\/\/congresos.unlp.edu.ar\/ciaciar\/wp-json\/wp\/v2\/pages\/37","targetHints":{"allow":["GET"]}}],"collection":[{"href":"https:\/\/congresos.unlp.edu.ar\/ciaciar\/wp-json\/wp\/v2\/pages"}],"about":[{"href":"https:\/\/congresos.unlp.edu.ar\/ciaciar\/wp-json\/wp\/v2\/types\/page"}],"author":[{"embeddable":true,"href":"https:\/\/congresos.unlp.edu.ar\/ciaciar\/wp-json\/wp\/v2\/users\/2"}],"replies":[{"embeddable":true,"href":"https:\/\/congresos.unlp.edu.ar\/ciaciar\/wp-json\/wp\/v2\/comments?post=37"}],"version-history":[{"count":0,"href":"https:\/\/congresos.unlp.edu.ar\/ciaciar\/wp-json\/wp\/v2\/pages\/37\/revisions"}],"wp:attachment":[{"href":"https:\/\/congresos.unlp.edu.ar\/ciaciar\/wp-json\/wp\/v2\/media?parent=37"}],"curies":[{"name":"wp","href":"https:\/\/api.w.org\/{rel}","templated":true}]}}