{"id":34,"date":"2021-06-11T14:08:05","date_gmt":"2021-06-11T17:08:05","guid":{"rendered":"https:\/\/congresos.unlp.edu.ar\/ciciar\/?page_id=34"},"modified":"2021-07-06T12:08:08","modified_gmt":"2021-07-06T15:08:08","slug":"lugar","status":"publish","type":"page","link":"https:\/\/congresos.unlp.edu.ar\/ciaciar\/lugar\/","title":{"rendered":"Lugar"},"content":{"rendered":"<h3>Este a\u00f1o, el evento CIACIAR &#8211; RICAP &#8211; reGOSH se realizar\u00e1 de <strong>manera enteramente virtual<\/strong>.<\/h3>\n<h3>Los enlaces de conexi\u00f3n ser\u00e1n enviados oportunamente a los\/as inscriptos\/as.<\/h3>\n","protected":false},"excerpt":{"rendered":"<p>Este a\u00f1o, el evento CIACIAR &#8211; RICAP &#8211; reGOSH se realizar\u00e1 de manera enteramente virtual. Los enlaces de conexi\u00f3n ser\u00e1n enviados oportunamente a los\/as inscriptos\/as.<\/p>\n","protected":false},"author":2,"featured_media":0,"parent":0,"menu_order":0,"comment_status":"closed","ping_status":"closed","template":"","meta":{"advgb_blocks_editor_width":"","advgb_blocks_columns_visual_guide":"","footnotes":""},"class_list":["post-34","page","type-page","status-publish","hentry","post"],"aioseo_notices":[],"coauthors":[],"author_meta":{"author_link":"https:\/\/congresos.unlp.edu.ar\/ciaciar\/author\/congresos\/","display_name":"congresos"},"relative_dates":{"created":"Posted 5 a\u00f1os ago","modified":"Updated 5 a\u00f1os ago"},"absolute_dates":{"created":"Posted on 11 junio, 2021","modified":"Updated on 6 julio, 2021"},"absolute_dates_time":{"created":"Posted on 11 junio, 2021 2:08 pm","modified":"Updated on 6 julio, 2021 12:08 pm"},"featured_img_caption":"","featured_img":false,"series_order":"","_links":{"self":[{"href":"https:\/\/congresos.unlp.edu.ar\/ciaciar\/wp-json\/wp\/v2\/pages\/34","targetHints":{"allow":["GET"]}}],"collection":[{"href":"https:\/\/congresos.unlp.edu.ar\/ciaciar\/wp-json\/wp\/v2\/pages"}],"about":[{"href":"https:\/\/congresos.unlp.edu.ar\/ciaciar\/wp-json\/wp\/v2\/types\/page"}],"author":[{"embeddable":true,"href":"https:\/\/congresos.unlp.edu.ar\/ciaciar\/wp-json\/wp\/v2\/users\/2"}],"replies":[{"embeddable":true,"href":"https:\/\/congresos.unlp.edu.ar\/ciaciar\/wp-json\/wp\/v2\/comments?post=34"}],"version-history":[{"count":0,"href":"https:\/\/congresos.unlp.edu.ar\/ciaciar\/wp-json\/wp\/v2\/pages\/34\/revisions"}],"wp:attachment":[{"href":"https:\/\/congresos.unlp.edu.ar\/ciaciar\/wp-json\/wp\/v2\/media?parent=34"}],"curies":[{"name":"wp","href":"https:\/\/api.w.org\/{rel}","templated":true}]}}