{"id":196,"date":"2021-11-08T09:08:44","date_gmt":"2021-11-08T12:08:44","guid":{"rendered":"https:\/\/congresos.unlp.edu.ar\/ciaciar\/?page_id=196"},"modified":"2021-11-30T09:21:13","modified_gmt":"2021-11-30T12:21:13","slug":"inscripcion","status":"publish","type":"page","link":"https:\/\/congresos.unlp.edu.ar\/ciaciar\/inscripcion\/","title":{"rendered":"Inscripci\u00f3n"},"content":{"rendered":"<div id=\"pl-196\"  class=\"panel-layout\" ><div id=\"pg-196-0\"  class=\"panel-grid panel-no-style\" ><div id=\"pgc-196-0-0\"  class=\"panel-grid-cell\" ><div id=\"panel-196-0-0-0\" class=\"so-panel widget widget_sow-editor panel-first-child panel-last-child\" data-index=\"0\" ><div\n\t\t\t\n\t\t\tclass=\"so-widget-sow-editor so-widget-sow-editor-base\"\n\t\t\t\n\t\t>\n<div class=\"siteorigin-widget-tinymce textwidget\">\n\t<p>La inscripci\u00f3n a talleres y sesiones tem\u00e1ticas se encuentra cerrada.<\/p>\n<p>Se puede seguir el evento v\u00eda streaming en el canal de <a href=\"https:\/\/www.youtube.com\/playlist?list=PLCdAvnels30ZW4XgiFhV7IXl6ulYKUTcv\">Youtube de Cient\u00f3polis<\/a>.<\/p>\n<p><a href=\"https:\/\/congresos.unlp.edu.ar\/ciaciar\/programa\/\">Puede ver el programa detallado aqu\u00ed.<\/a><\/p>\n<p>&nbsp;<\/p>\n<\/div>\n<\/div><\/div><\/div><\/div><\/div>","protected":false},"excerpt":{"rendered":"<p>La inscripci\u00f3n a talleres y sesiones tem\u00e1ticas se encuentra cerrada. Se puede seguir el evento v\u00eda streaming en el canal de Youtube de Cient\u00f3polis. Puede ver el programa detallado aqu\u00ed. &nbsp;<\/p>\n","protected":false},"author":25,"featured_media":0,"parent":0,"menu_order":0,"comment_status":"closed","ping_status":"closed","template":"","meta":{"advgb_blocks_editor_width":"","advgb_blocks_columns_visual_guide":"","footnotes":""},"class_list":["post-196","page","type-page","status-publish","hentry","post"],"aioseo_notices":[],"coauthors":[],"author_meta":{"author_link":"https:\/\/congresos.unlp.edu.ar\/ciaciar\/author\/jcochero\/","display_name":"jcochero"},"relative_dates":{"created":"Posted 4 a\u00f1os ago","modified":"Updated 4 a\u00f1os ago"},"absolute_dates":{"created":"Posted on 8 noviembre, 2021","modified":"Updated on 30 noviembre, 2021"},"absolute_dates_time":{"created":"Posted on 8 noviembre, 2021 9:08 am","modified":"Updated on 30 noviembre, 2021 9:21 am"},"featured_img_caption":"","featured_img":false,"series_order":"","_links":{"self":[{"href":"https:\/\/congresos.unlp.edu.ar\/ciaciar\/wp-json\/wp\/v2\/pages\/196","targetHints":{"allow":["GET"]}}],"collection":[{"href":"https:\/\/congresos.unlp.edu.ar\/ciaciar\/wp-json\/wp\/v2\/pages"}],"about":[{"href":"https:\/\/congresos.unlp.edu.ar\/ciaciar\/wp-json\/wp\/v2\/types\/page"}],"author":[{"embeddable":true,"href":"https:\/\/congresos.unlp.edu.ar\/ciaciar\/wp-json\/wp\/v2\/users\/25"}],"replies":[{"embeddable":true,"href":"https:\/\/congresos.unlp.edu.ar\/ciaciar\/wp-json\/wp\/v2\/comments?post=196"}],"version-history":[{"count":0,"href":"https:\/\/congresos.unlp.edu.ar\/ciaciar\/wp-json\/wp\/v2\/pages\/196\/revisions"}],"wp:attachment":[{"href":"https:\/\/congresos.unlp.edu.ar\/ciaciar\/wp-json\/wp\/v2\/media?parent=196"}],"curies":[{"name":"wp","href":"https:\/\/api.w.org\/{rel}","templated":true}]}}