{"id":19,"date":"2021-06-11T14:06:49","date_gmt":"2021-06-11T17:06:49","guid":{"rendered":"https:\/\/congresos.unlp.edu.ar\/ciciar\/?page_id=19"},"modified":"2021-12-01T09:11:24","modified_gmt":"2021-12-01T12:11:24","slug":"codigo-de-conducta","status":"publish","type":"page","link":"https:\/\/congresos.unlp.edu.ar\/ciaciar\/codigo-de-conducta\/","title":{"rendered":"C\u00f3digo de conducta"},"content":{"rendered":"<p>Este c\u00f3digo fue realizado tomando como ejemplos los provistos por la organizaci\u00f3n de\u00a0<a href=\"http:\/\/2018.abrelatam.org\/codigo-de-conducta\/\">Abrelatam<\/a>\u00a0y\u00a0<a href=\"https:\/\/www.opencon2018.org\/code_of_conduct\">OpenCon<\/a>. Est\u00e1 sujeto a revisiones para las pr\u00f3ximas ediciones, por lo que recibimos propuestas o comentarios a trav\u00e9s del siguiente\u00a0formulario.<\/p>\n<p>Puede bajar una version en PDF -&gt; <a href=\"https:\/\/congresos.unlp.edu.ar\/ciaciar\/wp-content\/uploads\/sites\/35\/2021\/12\/Codigo-de-conducta-virtual-CIACIAR-2021.pdf\">C\u00f3digo de conducta virtual CIACIAR 2021<\/a><\/p>\n<p><b>C\u00f3digo de Conducta<\/b><\/p>\n<p><span style=\"font-weight: 400\">El Congreso argentino de Ciencia Abierta y Ciudadana es un espacio de encuentro para cient\u00edficos, investigadores, entusiastas de la ciencia, programadores, funcionarios de Ciencia y Tecnolog\u00eda y \u00e1reas afines, estudiantes universitarios y divulgadores de la ciencia y la tecnolog\u00eda. El objetivo principal es conectar y dar cuenta de las diferentes experiencias, pr\u00e1cticas y actores que hacen ciencia abierta y ciudadana con el fin de desarrollar iniciativas que permitan consolidar el proceso de apertura del conocimiento cient\u00edfico.<\/span><\/p>\n<p><span style=\"font-weight: 400\">Para que esto sea posible creemos que todos los participantes deben poder sentirse seguros, inclu\u00eddos y respetados en sus diferencias: la diversidad es la base para que todas las experiencias de apertura tengan mayor potencia. Es por ello que desde la organizaci\u00f3n hemos elaborado un c\u00f3digo de conducta, donde volcamos algunas de las principales pautas de respeto mutuo que esperamos sigan los participantes.<\/span><\/p>\n<p><span style=\"font-weight: 400\">Estas pautas se aplican a todos los espacios virtuales del Congreso: sesiones tem\u00e1ticas, talleres, e interacciones en las exposiciones de posters.<\/span><\/p>\n<p><span style=\"font-weight: 400\">1- CIACIAR es una conferencia libre de acoso. La organizaci\u00f3n no tolerar\u00e1 situaciones de acoso tanto en las interacciones presenciales como online. El acoso incluye pero no est\u00e1 limitado a:<\/span><\/p>\n<ul>\n<li style=\"font-weight: 400\"><span style=\"font-weight: 400\">El contacto f\u00edsico sin consentimiento o despu\u00e9s de una solicitud de detenerse.<\/span><\/li>\n<li style=\"font-weight: 400\"><span style=\"font-weight: 400\">Amenazas de violencia, tanto f\u00edsicas como psicol\u00f3gicas.<\/span><\/li>\n<li style=\"font-weight: 400\"><span style=\"font-weight: 400\">Incitaci\u00f3n a la violencia hacia cualquier individuo, incluyendo el alentar a una persona a suicidarse o a auto-agredirse.<\/span><\/li>\n<li style=\"font-weight: 400\"><span style=\"font-weight: 400\">Acecho o seguimiento, inclu\u00eddo fotogr\u00e1fico o de grabaci\u00f3n.<\/span><\/li>\n<li style=\"font-weight: 400\"><span style=\"font-weight: 400\">Interrupci\u00f3n continua de la discusi\u00f3n de otres participantes.<\/span><\/li>\n<li style=\"font-weight: 400\"><span style=\"font-weight: 400\">Atenci\u00f3n sexual no deseada: proponer contacto f\u00edsico o atenci\u00f3n sexual no deseados (por ejemplo, coqueteo no solicitado o bien recibido repetido, proposiciones o avances, entre otras); reproducir im\u00e1genes sexualizadas en espacios compartidos, incluyendo charlas, talleres, y redes sociales.<\/span><\/li>\n<li style=\"font-weight: 400\"><span style=\"font-weight: 400\">Publicaci\u00f3n de comunicaciones privadas (excepto cuando su contenido es de hostigamiento).<\/span><\/li>\n<\/ul>\n<p><span style=\"font-weight: 400\">2- CIACIAR busca ser un espacio diverso, por lo que la organizaci\u00f3n no permitir\u00e1 situaciones de discriminaci\u00f3n que incluyen (pero no se limitan a) las siguientes pr\u00e1cticas:<\/span><\/p>\n<ul>\n<li style=\"font-weight: 400\"><span style=\"font-weight: 400\">Comentarios ofensivos relacionados con g\u00e9nero, identidad y expresi\u00f3n de g\u00e9nero, orientaci\u00f3n sexual, discapacidad, enfermedad mental, neuro (a)tipicidad, apariencia f\u00edsica, tama\u00f1o corporal, raza, edad, discriminaci\u00f3n regional, afiliaci\u00f3n pol\u00edtica o religiosa.<\/span><\/li>\n<li style=\"font-weight: 400\"><span style=\"font-weight: 400\">Comentarios no deseados acerca de las opciones y pr\u00e1cticas de un estilo de vida de una persona, incluyendo aquellos relacionados con alimentos, salud, crianza de los hijos, drogas y empleo.<\/span><\/li>\n<li style=\"font-weight: 400\"><span style=\"font-weight: 400\">Referenciar a alguien con el g\u00e9nero incorrecto: incluye describir o usar persistentemente un pronombre que no refleja correctamente la identidad de g\u00e9nero de una persona, luego de que este ha sido indicado.<\/span><\/li>\n<li style=\"font-weight: 400\"><span style=\"font-weight: 400\">Publicaci\u00f3n de contenido falso o inexacto, con el prop\u00f3sito de enga\u00f1ar a otres participantes.<\/span><\/li>\n<\/ul>\n<p><span style=\"font-weight: 400\">3- CIACIAR busca ser inclusivo, y por ello la organizaci\u00f3n recomienda:<\/span><\/p>\n<ul>\n<li style=\"font-weight: 400\"><span style=\"font-weight: 400\">Pensar tres veces antes de hablar: el uso del lenguaje puede generar exclusi\u00f3n con mucha facilidad; por eso recomendamos a todes los participantes prestar atenci\u00f3n y cuidado a las palabras utilizadas para que estas no sean discriminatorias. Si en las discusiones decis algo inapropiado o hiriente para alg\u00fan participante, siempre pod\u00e9s disculparte p\u00fablicamente.<\/span><\/li>\n<li style=\"font-weight: 400\"><span style=\"font-weight: 400\">Pedir consentimiento: los espacios personales, incluido el corporal, deben ser respetados para garantizar la comodidad de todes los participantes. Por eso, antes de iniciar cualquier contacto f\u00edsico recomendamos que simplemente pidas permiso para hacerlo, pregunt\u00e1ndole al otre si tiene alg\u00fan problema con ello (por ejemplo, si queres\u00a0 darle un abrazo, \u201c\u00bfpuedo abrazarte?\u201d o \u201c\u00bfte molestar\u00eda que te abrace?\u201d).<\/span><\/li>\n<li style=\"font-weight: 400\"><span style=\"font-weight: 400\">Toma conciencia de la cantidad de tiempo que ocupas en las discusiones, dando espacio para que otres hablen u opinen: muchas veces les otres participantes pueden tener experiencias valiosas pero no estar acostumbrados a hablar en p\u00fablico, por lo que recomendamos poner atenci\u00f3n en las conversaciones para dar espacio y no reproducir privilegios.<\/span><\/li>\n<\/ul>\n<p><b>Informes y sanciones<\/b><\/p>\n<p>Les miembres de la organizaci\u00f3n estar\u00e1n visiblemente identificados (con remeras del evento y\/o carteles identificatorios de PRODUCCI\u00d3N). En caso de ser v\u00edctima de alguna de estas situaciones o presenciarlas, estar\u00e1n disponibles para charlar en un espacio seguro y privado, y tratar de resolverlas.<\/p>\n<p>Si sos testigo de alg\u00fan hecho que te parezca que atenta contra el c\u00f3digo, recomendamos que antes de informarlo converses con la v\u00edctima para comentarle que te pondr\u00e1s en contacto con la organizaci\u00f3n. Tambi\u00e9n podes contactarte por correo electr\u00f3nico reportando la situaci\u00f3n de falta al c\u00f3digo a las siguientes casillas:\u00a0sol.sebastian@fund-cenit.org.ar\u00a0y\u00a0diego.torres@lifia.info.unlp.edu.ar<\/p>\n<p>Si prefer\u00eds reportar an\u00f3nimamente, pod\u00e9s hacerlo por medio del siguiente\u00a0<a href=\"https:\/\/goo.gl\/forms\/kkgw6WioZ8Vbmit42\">formulario<\/a>; nos comprometemos desde la organizaci\u00f3n a poner atenci\u00f3n sobre el comportamiento de participantes que hayan sido reportados.<\/p>\n<p>Ante un reporte de incidentes, la organizaci\u00f3n se compromete a discutir los mismos con quienes est\u00e9n faltando al c\u00f3digo y solicitar su cumplimiento. Si las faltas continuaran, la organizaci\u00f3n priorizar\u00e1 la seguridad e integridad de les participantes afectades a trav\u00e9s de distintas modalidades y posibles sanciones:<\/p>\n<ul>\n<li>Se solicitar\u00e1 a quien comete las faltas se retire del evento.<\/li>\n<li>En caso de que las faltas sean virtuales, la organizaci\u00f3n solicitar\u00e1 el cese del hostigamiento de manera privada al usuario en cuesti\u00f3n; de persistir, bloquear\u00e1 al mismo de las redes de difusi\u00f3n de la organizaci\u00f3n y potencialmente realizar\u00e1 un descargo con la informaci\u00f3n pertinente si le participante afectade lo autoriza.<\/li>\n<li>Si las violaciones al c\u00f3digo fueron registradas (en video, fotograf\u00edas o presentaciones) la organizaci\u00f3n no las reproducir\u00e1 entre el material publicado luego del Congreso<\/li>\n<li>Si la situaci\u00f3n fuera del c\u00f3digo se produjese en medio de una charla o taller, las actividades ser\u00e1n terminadas.<\/li>\n<li>La organizaci\u00f3n se compromete a no permitir que quienes hayan faltado al c\u00f3digo contin\u00faen dando charlas en el transcurso del evento.<\/li>\n<li>En caso de que le acusade tenga privilegios o responsabilidades en el evento, estas ser\u00e1n interrumpidas.<\/li>\n<\/ul>\n","protected":false},"excerpt":{"rendered":"<p>Este c\u00f3digo fue realizado tomando como ejemplos los provistos por la organizaci\u00f3n de\u00a0Abrelatam\u00a0y\u00a0OpenCon. Est\u00e1 sujeto a revisiones para las pr\u00f3ximas ediciones, por lo que recibimos propuestas o comentarios a trav\u00e9s del siguiente\u00a0formulario. Puede bajar una version en PDF -&gt; C\u00f3digo de conducta virtual CIACIAR 2021 C\u00f3digo de Conducta El Congreso argentino de Ciencia Abierta y [&hellip;]<\/p>\n","protected":false},"author":2,"featured_media":0,"parent":0,"menu_order":0,"comment_status":"closed","ping_status":"closed","template":"","meta":{"advgb_blocks_editor_width":"","advgb_blocks_columns_visual_guide":"","footnotes":""},"class_list":["post-19","page","type-page","status-publish","hentry","post"],"aioseo_notices":[],"coauthors":[],"author_meta":{"author_link":"https:\/\/congresos.unlp.edu.ar\/ciaciar\/author\/congresos\/","display_name":"congresos"},"relative_dates":{"created":"Posted 5 a\u00f1os ago","modified":"Updated 4 a\u00f1os ago"},"absolute_dates":{"created":"Posted on 11 junio, 2021","modified":"Updated on 1 diciembre, 2021"},"absolute_dates_time":{"created":"Posted on 11 junio, 2021 2:06 pm","modified":"Updated on 1 diciembre, 2021 9:11 am"},"featured_img_caption":"","featured_img":false,"series_order":"","_links":{"self":[{"href":"https:\/\/congresos.unlp.edu.ar\/ciaciar\/wp-json\/wp\/v2\/pages\/19","targetHints":{"allow":["GET"]}}],"collection":[{"href":"https:\/\/congresos.unlp.edu.ar\/ciaciar\/wp-json\/wp\/v2\/pages"}],"about":[{"href":"https:\/\/congresos.unlp.edu.ar\/ciaciar\/wp-json\/wp\/v2\/types\/page"}],"author":[{"embeddable":true,"href":"https:\/\/congresos.unlp.edu.ar\/ciaciar\/wp-json\/wp\/v2\/users\/2"}],"replies":[{"embeddable":true,"href":"https:\/\/congresos.unlp.edu.ar\/ciaciar\/wp-json\/wp\/v2\/comments?post=19"}],"version-history":[{"count":0,"href":"https:\/\/congresos.unlp.edu.ar\/ciaciar\/wp-json\/wp\/v2\/pages\/19\/revisions"}],"wp:attachment":[{"href":"https:\/\/congresos.unlp.edu.ar\/ciaciar\/wp-json\/wp\/v2\/media?parent=19"}],"curies":[{"name":"wp","href":"https:\/\/api.w.org\/{rel}","templated":true}]}}