{"id":13,"date":"2021-06-11T14:06:24","date_gmt":"2021-06-11T17:06:24","guid":{"rendered":"https:\/\/congresos.unlp.edu.ar\/ciciar\/?page_id=13"},"modified":"2021-11-29T15:41:29","modified_gmt":"2021-11-29T18:41:29","slug":"invitades","status":"publish","type":"page","link":"https:\/\/congresos.unlp.edu.ar\/ciaciar\/invitades\/","title":{"rendered":"Invitades"},"content":{"rendered":"<div id=\"pl-13\"  class=\"panel-layout\" ><div id=\"pg-13-0\"  class=\"panel-grid panel-no-style\" ><div id=\"pgc-13-0-0\"  class=\"panel-grid-cell\" ><div id=\"panel-13-0-0-0\" class=\"so-panel widget widget_sow-image panel-first-child\" data-index=\"0\" ><div class=\"imgmy-custom-class panel-widget-style panel-widget-style-for-13-0-0-0\" ><div\n\t\t\t\n\t\t\tclass=\"so-widget-sow-image so-widget-sow-image-default-113ccd71f3e6-13\"\n\t\t\t\n\t\t><h3 class=\"widget-title\">Carolina Botero<\/h3>\n<div class=\"sow-image-container\">\n\t\t<img \n\tsrc=\"https:\/\/congresos.unlp.edu.ar\/ciaciar\/wp-content\/uploads\/sites\/35\/2021\/09\/caroboterofk-300x200.jpg\" width=\"300\" height=\"200\" srcset=\"https:\/\/congresos.unlp.edu.ar\/ciaciar\/wp-content\/uploads\/sites\/35\/2021\/09\/caroboterofk-300x200.jpg 300w, https:\/\/congresos.unlp.edu.ar\/ciaciar\/wp-content\/uploads\/sites\/35\/2021\/09\/caroboterofk-1024x683.jpg 1024w, https:\/\/congresos.unlp.edu.ar\/ciaciar\/wp-content\/uploads\/sites\/35\/2021\/09\/caroboterofk-768x512.jpg 768w, https:\/\/congresos.unlp.edu.ar\/ciaciar\/wp-content\/uploads\/sites\/35\/2021\/09\/caroboterofk-1536x1024.jpg 1536w, https:\/\/congresos.unlp.edu.ar\/ciaciar\/wp-content\/uploads\/sites\/35\/2021\/09\/caroboterofk-272x182.jpg 272w, https:\/\/congresos.unlp.edu.ar\/ciaciar\/wp-content\/uploads\/sites\/35\/2021\/09\/caroboterofk.jpg 1620w\" sizes=\"(max-width: 300px) 100vw, 300px\" title=\"Carolina Botero\" alt=\"\" \t\tclass=\"so-widget-image\"\/>\n\t<\/div>\n\n<\/div><\/div><\/div><div id=\"panel-13-0-0-1\" class=\"so-panel widget widget_text panel-last-child\" data-index=\"1\" ><div class=\"panel-widget-style panel-widget-style-for-13-0-0-1\" >\t\t\t<div class=\"textwidget\"><p><span style=\"font-weight: 400\"><strong>Carolina Botero Cabrera<\/strong> dirige la <a href=\"https:\/\/karisma.org.co\/\">Fundaci\u00f3n Karisma<\/a>, organizaci\u00f3n de la sociedad civil colombiana. Es investigadora, <\/span><span style=\"font-weight: 400\">abogada<\/span><span style=\"font-weight: 400\">, conferencista, y consultora en temas de derecho y tecnolog\u00eda. <\/span><\/p>\n<p><span style=\"font-weight: 400\">Trabaja por que los derechos humanos y la justicia social gu\u00eden el desarrollo y despliegue de la tecnolog\u00eda. Se gradu\u00f3 con maestr\u00eda en derecho internacional y de la cooperaci\u00f3n (1993, <\/span><span style=\"font-weight: 400\">VUB<\/span><span style=\"font-weight: 400\"> &#8211; B\u00e9lgica), y\u00a0 en derecho de la contrataci\u00f3n (2006, UAB &#8211; Espa\u00f1a). <\/span><\/p>\n<p><span style=\"font-weight: 400\">Forma parte de la junta directiva de <a href=\"https:\/\/creativecommons.org\/\">Creative Commons<\/a> y del consejo asesor de la UNESCO para las Recomendaciones de Ciencia Abierta desde el a\u00f1o 2020.<\/span><\/p>\n<\/div>\n\t\t<\/div><\/div><\/div><div id=\"pgc-13-0-1\"  class=\"panel-grid-cell\" ><div id=\"panel-13-0-1-0\" class=\"so-panel widget widget_sow-image panel-first-child\" data-index=\"2\" ><div class=\"imgmy-custom-class panel-widget-style panel-widget-style-for-13-0-1-0\" ><div\n\t\t\t\n\t\t\tclass=\"so-widget-sow-image so-widget-sow-image-default-113ccd71f3e6-13\"\n\t\t\t\n\t\t><h3 class=\"widget-title\">Gilda Collo<\/h3>\n<div class=\"sow-image-container\">\n\t\t<img \n\tsrc=\"https:\/\/congresos.unlp.edu.ar\/ciaciar\/wp-content\/uploads\/sites\/35\/2021\/09\/Gilda-Collo-300x233.jpg\" width=\"300\" height=\"233\" srcset=\"https:\/\/congresos.unlp.edu.ar\/ciaciar\/wp-content\/uploads\/sites\/35\/2021\/09\/Gilda-Collo-300x233.jpg 300w, https:\/\/congresos.unlp.edu.ar\/ciaciar\/wp-content\/uploads\/sites\/35\/2021\/09\/Gilda-Collo-1024x794.jpg 1024w, https:\/\/congresos.unlp.edu.ar\/ciaciar\/wp-content\/uploads\/sites\/35\/2021\/09\/Gilda-Collo-768x596.jpg 768w, https:\/\/congresos.unlp.edu.ar\/ciaciar\/wp-content\/uploads\/sites\/35\/2021\/09\/Gilda-Collo-1536x1191.jpg 1536w, https:\/\/congresos.unlp.edu.ar\/ciaciar\/wp-content\/uploads\/sites\/35\/2021\/09\/Gilda-Collo-2048x1588.jpg 2048w\" sizes=\"(max-width: 300px) 100vw, 300px\" title=\"Gilda Collo\" alt=\"\" \t\tclass=\"so-widget-image\"\/>\n\t<\/div>\n\n<\/div><\/div><\/div><div id=\"panel-13-0-1-1\" class=\"so-panel widget widget_text panel-last-child\" data-index=\"3\" ><div class=\"panel-widget-style panel-widget-style-for-13-0-1-1\" >\t\t\t<div class=\"textwidget\"><p><span style=\"font-weight: 400\"><strong>Gilda Collo<\/strong> es doctora en Ciencias Geol\u00f3gicas por la Universidad Nacional de C\u00f3rdoba, Investigadora Independiente en el Centro de Investigaciones en Ciencias de la Tierra (CONICET-UNC) y Profesora Titular en la carrera de Geograf\u00eda de la Facultad de Filosof\u00eda y Humanidades de la UNC. <\/span><\/p>\n<p><span style=\"font-weight: 400\">Desde el 2018 integra la Comisi\u00f3n de articulaci\u00f3n con actores sociales y problem\u00e1ticas socioambientales del CICTERRA. Forma parte de las experiencias pedag\u00f3gicas trans-formativas de la <a href=\"https:\/\/abejar.org\/\">Comunidad Abejar<\/a> e integra la <a href=\"https:\/\/es-es.facebook.com\/bosquenativopunillasur\/\">Asamblea Socioambiental Punilla Sur<\/a>. <\/span><\/p>\n<p><span style=\"font-weight: 400\">Coordina e integra\u00a0 proyectos de investigaci\u00f3n transdisciplinar que intentan, a partir de una ecolog\u00eda de saberes y de las propuestas de la ciencia abierta, contribuir a la resoluci\u00f3n de problem\u00e1ticas socionaturales en la provincia de C\u00f3rdoba.<\/span><\/p>\n<\/div>\n\t\t<\/div><\/div><\/div><div id=\"pgc-13-0-2\"  class=\"panel-grid-cell\" ><div id=\"panel-13-0-2-0\" class=\"so-panel widget widget_sow-image panel-first-child\" data-index=\"4\" ><div class=\"imgmy-custom-class panel-widget-style panel-widget-style-for-13-0-2-0\" ><div\n\t\t\t\n\t\t\tclass=\"so-widget-sow-image so-widget-sow-image-default-113ccd71f3e6-13\"\n\t\t\t\n\t\t><h3 class=\"widget-title\">Julia Astegiano<\/h3>\n<div class=\"sow-image-container\">\n\t\t<img \n\tsrc=\"https:\/\/congresos.unlp.edu.ar\/ciaciar\/wp-content\/uploads\/sites\/35\/2021\/09\/Julia-300x225.jpg\" width=\"300\" height=\"225\" srcset=\"https:\/\/congresos.unlp.edu.ar\/ciaciar\/wp-content\/uploads\/sites\/35\/2021\/09\/Julia-300x225.jpg 300w, https:\/\/congresos.unlp.edu.ar\/ciaciar\/wp-content\/uploads\/sites\/35\/2021\/09\/Julia.jpg 720w\" sizes=\"(max-width: 300px) 100vw, 300px\" title=\"Julia Astegiano\" alt=\"\" \t\tclass=\"so-widget-image\"\/>\n\t<\/div>\n\n<\/div><\/div><\/div><div id=\"panel-13-0-2-1\" class=\"so-panel widget widget_text panel-last-child\" data-index=\"5\" ><div class=\"panel-widget-style panel-widget-style-for-13-0-2-1\" >\t\t\t<div class=\"textwidget\"><p><strong>Julia Astegiano<\/strong> es doctora en Ciencias Biol\u00f3gicas por la Universidad Nacional de C\u00f3rdoba, investigadora-trabajadora del <a href=\"https:\/\/imbiv.conicet.unc.edu.ar\/\">Instituto Multidisciplinario de Biolog\u00eda Vegetal<\/a> (UNC-CONICET).<\/p>\n<p>Desde 2016 integra distintos colectivos de investigaci\u00f3n-acci\u00f3n en Agroecolog\u00eda, en donde se cruzan diversxs actores, disciplinas y territorios de Argentina, aportando desde las distintas (socio)Ecolog\u00edas, el estudio de redes complejas, la educaci\u00f3n popular, el ecofeminismo comunitario y la producci\u00f3n de lo com\u00fan.<\/p>\n<\/div>\n\t\t<\/div><\/div><\/div><div id=\"pgc-13-0-3\"  class=\"panel-grid-cell\" ><div id=\"panel-13-0-3-0\" class=\"so-panel widget widget_sow-image panel-first-child\" data-index=\"6\" ><div class=\"imgmy-custom-class panel-widget-style panel-widget-style-for-13-0-3-0\" ><div\n\t\t\t\n\t\t\tclass=\"so-widget-sow-image so-widget-sow-image-default-113ccd71f3e6-13\"\n\t\t\t\n\t\t><h3 class=\"widget-title\">Emilio Velis<\/h3>\n<div class=\"sow-image-container\">\n\t\t<img \n\tsrc=\"https:\/\/congresos.unlp.edu.ar\/ciaciar\/wp-content\/uploads\/sites\/35\/2021\/09\/Emilio-Velis-232x300.jpg\" width=\"232\" height=\"300\" srcset=\"https:\/\/congresos.unlp.edu.ar\/ciaciar\/wp-content\/uploads\/sites\/35\/2021\/09\/Emilio-Velis-232x300.jpg 232w, https:\/\/congresos.unlp.edu.ar\/ciaciar\/wp-content\/uploads\/sites\/35\/2021\/09\/Emilio-Velis.jpg 768w\" sizes=\"(max-width: 232px) 100vw, 232px\" title=\"Emilio Velis\" alt=\"\" \t\tclass=\"so-widget-image\"\/>\n\t<\/div>\n\n<\/div><\/div><\/div><div id=\"panel-13-0-3-1\" class=\"so-panel widget widget_text panel-last-child\" data-index=\"7\" ><div class=\"panel-widget-style panel-widget-style-for-13-0-3-1\" >\t\t\t<div class=\"textwidget\"><p><span style=\"font-weight: 400\"><strong>Emilio Velis<\/strong> es un defensor del movimiento abierto en \u00e1reas de impacto social como el desarrollo internacional y la sostenibilidad, con experiencia en documentaci\u00f3n de proyectos, hardware abierto y tecnolog\u00eda apropiada. <\/span><\/p>\n<p><span style=\"font-weight: 400\">Actualmente es Director Ejecutivo de la <a href=\"https:\/\/www.appropedia.org\/\">Fundaci\u00f3n Appropedia<\/a>, L\u00edder del Cap\u00edtulo de<a href=\"https:\/\/sv.creativecommons.net\/\"> Creative Commons en El Salvador<\/a>, y miembro de la junta directiva del Cap\u00edtulo de <a href=\"https:\/\/www.isoc.sv\/\">Internet Society El Salvador<\/a>.<\/span><\/p>\n<p><span style=\"font-weight: 400\">Es profesor adjunto de un curso de Econom\u00eda de la Innovaci\u00f3n en la ESEN y del Proseminario de Medios y Tecnolog\u00eda para el Desarrollo del M\u00e1ster en Desarrollo Internacional Sostenible de la Universidad de Brandeis.<\/span><\/p>\n<\/div>\n\t\t<\/div><\/div><\/div><\/div><div id=\"pg-13-1\"  class=\"panel-grid panel-no-style\" ><div id=\"pgc-13-1-0\"  class=\"panel-grid-cell\" ><div id=\"panel-13-1-0-0\" class=\"so-panel widget widget_sow-image panel-first-child\" data-index=\"8\" ><div class=\"imgmy-custom-class panel-widget-style panel-widget-style-for-13-1-0-0\" ><div\n\t\t\t\n\t\t\tclass=\"so-widget-sow-image so-widget-sow-image-default-113ccd71f3e6-13\"\n\t\t\t\n\t\t><h3 class=\"widget-title\">Evelin Heidel<\/h3>\n<div class=\"sow-image-container\">\n\t\t<img \n\tsrc=\"https:\/\/congresos.unlp.edu.ar\/ciaciar\/wp-content\/uploads\/sites\/35\/2021\/09\/40764882374_9ce0b25a4b_c-300x200.jpg\" width=\"300\" height=\"200\" srcset=\"https:\/\/congresos.unlp.edu.ar\/ciaciar\/wp-content\/uploads\/sites\/35\/2021\/09\/40764882374_9ce0b25a4b_c-300x200.jpg 300w, https:\/\/congresos.unlp.edu.ar\/ciaciar\/wp-content\/uploads\/sites\/35\/2021\/09\/40764882374_9ce0b25a4b_c-768x512.jpg 768w, https:\/\/congresos.unlp.edu.ar\/ciaciar\/wp-content\/uploads\/sites\/35\/2021\/09\/40764882374_9ce0b25a4b_c-272x182.jpg 272w, https:\/\/congresos.unlp.edu.ar\/ciaciar\/wp-content\/uploads\/sites\/35\/2021\/09\/40764882374_9ce0b25a4b_c.jpg 799w\" sizes=\"(max-width: 300px) 100vw, 300px\" title=\"Evelin Heidel\" alt=\"\" \t\tclass=\"so-widget-image\"\/>\n\t<\/div>\n\n<\/div><\/div><\/div><div id=\"panel-13-1-0-1\" class=\"so-panel widget widget_text panel-last-child\" data-index=\"9\" ><div class=\"panel-widget-style panel-widget-style-for-13-1-0-1\" >\t\t\t<div class=\"textwidget\"><p><span style=\"font-weight: 400\"><strong>Evelin Heidel<\/strong> es Lic. en Letras (Universidad de Buenos Aires, Argentina). <\/span><\/p>\n<p><span style=\"font-weight: 400\">Trabaj\u00f3 en temas de digitalizaci\u00f3n, derecho de autor y patrimonio cultural en varios proyectos e instituciones de Argentina y en la iniciativa internacional de Creative Commons &#8220;Open GLAM&#8221;. Fue Harvard Fellow para el Library Innovation Lab en 2018 e International Visiting Scholar en el Washington College of Law, American University. <\/span><\/p>\n<p><span style=\"font-weight: 400\">Actualmente se encuentra cursando una Maestr\u00eda en Derecho y Econom\u00eda del Cambio Clim\u00e1tico en FLACSO, es fundadora del Wikiproyecto Cambio clim\u00e1tico en la Wikipedia en espa\u00f1ol y participa en la iniciativa &#8220;Open Climate&#8221;.<\/span><\/p>\n<\/div>\n\t\t<\/div><\/div><\/div><div id=\"pgc-13-1-1\"  class=\"panel-grid-cell\" ><div id=\"panel-13-1-1-0\" class=\"so-panel widget widget_sow-image panel-first-child\" data-index=\"10\" ><div class=\"imgmy-custom-class panel-widget-style panel-widget-style-for-13-1-1-0\" ><div\n\t\t\t\n\t\t\tclass=\"so-widget-sow-image so-widget-sow-image-default-113ccd71f3e6-13\"\n\t\t\t\n\t\t><h3 class=\"widget-title\">Fern\u00e1n Federici<\/h3>\n<div class=\"sow-image-container\">\n\t\t<img \n\tsrc=\"https:\/\/congresos.unlp.edu.ar\/ciaciar\/wp-content\/uploads\/sites\/35\/2021\/09\/IMG_20210917_140803_818-300x300.jpg\" width=\"300\" height=\"300\" srcset=\"https:\/\/congresos.unlp.edu.ar\/ciaciar\/wp-content\/uploads\/sites\/35\/2021\/09\/IMG_20210917_140803_818-300x300.jpg 300w, https:\/\/congresos.unlp.edu.ar\/ciaciar\/wp-content\/uploads\/sites\/35\/2021\/09\/IMG_20210917_140803_818-150x150.jpg 150w, https:\/\/congresos.unlp.edu.ar\/ciaciar\/wp-content\/uploads\/sites\/35\/2021\/09\/IMG_20210917_140803_818.jpg 593w\" sizes=\"(max-width: 300px) 100vw, 300px\" title=\"Fern\u00e1n Federici\" alt=\"\" \t\tclass=\"so-widget-image\"\/>\n\t<\/div>\n\n<\/div><\/div><\/div><div id=\"panel-13-1-1-1\" class=\"so-panel widget widget_text panel-last-child\" data-index=\"11\" ><div class=\"panel-widget-style panel-widget-style-for-13-1-1-1\" >\t\t\t<div class=\"textwidget\"><p><span style=\"font-weight: 400\"><strong>Fern\u00e1n Federici<\/strong> es un investigador del Instituto Milenio de Biolog\u00eda Integrativa (iBio), y miembro de las comunidades de tecnolog\u00edas abiertas reGOSH-CYTED, Reagents Collaboration Network (ReClone), TECNOx, opencovid-Just One Gian Lab (JOGL) y el Global Open Science Hardware (GOSH). <\/span><\/p>\n<p><span style=\"font-weight: 400\">En colaboraci\u00f3n con estas redes, su grupo de investigaci\u00f3n explora mecanismos abiertos y cooperativos de desarrollo tecnol\u00f3gico. Su principal inter\u00e9s es el uso de herramientas Free\/Libre Open Source para investigaci\u00f3n y docencia en bioingenier\u00eda y biolog\u00eda molecular.<\/span><\/p>\n<\/div>\n\t\t<\/div><\/div><\/div><div id=\"pgc-13-1-2\"  class=\"panel-grid-cell\" ><div id=\"panel-13-1-2-0\" class=\"so-panel widget widget_sow-image panel-first-child\" data-index=\"12\" ><div class=\"imgmy-custom-class panel-widget-style panel-widget-style-for-13-1-2-0\" ><div\n\t\t\t\n\t\t\tclass=\"so-widget-sow-image so-widget-sow-image-default-113ccd71f3e6-13\"\n\t\t\t\n\t\t><h3 class=\"widget-title\">Marina de Freitas<\/h3>\n<div class=\"sow-image-container\">\n\t\t<img \n\tsrc=\"https:\/\/congresos.unlp.edu.ar\/ciaciar\/wp-content\/uploads\/sites\/35\/2021\/09\/foto-1-300x225.jpg\" width=\"300\" height=\"225\" srcset=\"https:\/\/congresos.unlp.edu.ar\/ciaciar\/wp-content\/uploads\/sites\/35\/2021\/09\/foto-1-300x225.jpg 300w, https:\/\/congresos.unlp.edu.ar\/ciaciar\/wp-content\/uploads\/sites\/35\/2021\/09\/foto-1-1024x768.jpg 1024w, https:\/\/congresos.unlp.edu.ar\/ciaciar\/wp-content\/uploads\/sites\/35\/2021\/09\/foto-1-768x576.jpg 768w, https:\/\/congresos.unlp.edu.ar\/ciaciar\/wp-content\/uploads\/sites\/35\/2021\/09\/foto-1-1536x1152.jpg 1536w, https:\/\/congresos.unlp.edu.ar\/ciaciar\/wp-content\/uploads\/sites\/35\/2021\/09\/foto-1-2048x1536.jpg 2048w\" sizes=\"(max-width: 300px) 100vw, 300px\" title=\"Marina de Freitas\" alt=\"\" \t\tclass=\"so-widget-image\"\/>\n\t<\/div>\n\n<\/div><\/div><\/div><div id=\"panel-13-1-2-1\" class=\"so-panel widget widget_text panel-last-child\" data-index=\"13\" ><div class=\"panel-widget-style panel-widget-style-for-13-1-2-1\" >\t\t\t<div class=\"textwidget\"><p><span style=\"font-weight: 400\"><strong>Marina de Freitas<\/strong> \u00e9 brasileira e engenheira f\u00edsica, \u00e0 6 anos \u00e9 ativista\u00a0<\/span><span style=\"font-weight: 400\">pelo hardware aberto e livre e colaboradora do Centro de Tecnologia\u00a0<\/span><span style=\"font-weight: 400\">Acad\u00eamica (<\/span><a href=\"http:\/\/cta.if.ufrgs.br\"><span style=\"font-weight: 400\">cta.if.ufrgs.br<\/span><\/a><span style=\"font-weight: 400\"> &#8211; IF\/UFRGS). <\/span><\/p>\n<p><span style=\"font-weight: 400\">Contribuiu em diversos projetos\u00a0<\/span><span style=\"font-weight: 400\">de c\u00f3digo aberto e eventos na \u00e1rea, como o 1\u00b0 Encontro Brasileiro de\u00a0<\/span><span style=\"font-weight: 400\">Hardware Aberto e Livre (2015) e o TECNOx (2019). <\/span><\/p>\n<p><span style=\"font-weight: 400\">Atualmente \u00e9\u00a0<\/span><span style=\"font-weight: 400\">coordenadora do Nodo de Porto Alegre, Brasil, do reGOSH, e doutoranda no\u00a0<\/span><span style=\"font-weight: 400\">Programa de P\u00f3s-gradua\u00e7\u00e3o em Ensino de F\u00edsica, na Universidade Federal\u00a0<\/span><span style=\"font-weight: 400\">do Rio Grande do Sul (UFRGS), onde pesquisa as rela\u00e7\u00f5es entre\u00a0<\/span><span style=\"font-weight: 400\">tecnologias livres e ci\u00eancia aberta no ensino.<\/span><\/p>\n<\/div>\n\t\t<\/div><\/div><\/div><div id=\"pgc-13-1-3\"  class=\"panel-grid-cell\" ><div id=\"panel-13-1-3-0\" class=\"so-panel widget widget_sow-image panel-first-child\" data-index=\"14\" ><div\n\t\t\t\n\t\t\tclass=\"so-widget-sow-image so-widget-sow-image-default-89f16426b92c-13\"\n\t\t\t\n\t\t><h3 class=\"widget-title\">Mariana Varese<\/h3>\n<div class=\"sow-image-container\">\n\t\t<img \n\tsrc=\"https:\/\/congresos.unlp.edu.ar\/ciaciar\/wp-content\/uploads\/sites\/35\/2021\/10\/MarianaVarese-250x300.jpeg\" width=\"250\" height=\"300\" srcset=\"https:\/\/congresos.unlp.edu.ar\/ciaciar\/wp-content\/uploads\/sites\/35\/2021\/10\/MarianaVarese-250x300.jpeg 250w, https:\/\/congresos.unlp.edu.ar\/ciaciar\/wp-content\/uploads\/sites\/35\/2021\/10\/MarianaVarese.jpeg 533w\" sizes=\"(max-width: 250px) 100vw, 250px\" title=\"Mariana Varese\" alt=\"\" \t\tclass=\"so-widget-image\"\/>\n\t<\/div>\n\n<\/div><\/div><div id=\"panel-13-1-3-1\" class=\"so-panel widget widget_text panel-last-child\" data-index=\"15\" >\t\t\t<div class=\"textwidget\"><p><strong>Mariana Vaerese<\/strong> es economista con m\u00e1s de 25 a\u00f1os de experiencia, Mariana es Directora de Paisajes Amaz\u00f3nicos de WCS y coordina la Red de Ciencia Ciudadana para la Amazon\u00eda. Sus \u00e1reas de inter\u00e9s actual son involucramiento ciudadano en ciencia, el uso efectivo de evidencia en la toma de decisiones, y los bienes comunes.<\/p>\n<\/div>\n\t\t<\/div><\/div><\/div><div id=\"pg-13-2\"  class=\"panel-grid panel-no-style\" ><div id=\"pgc-13-2-0\"  class=\"panel-grid-cell\" ><div id=\"panel-13-2-0-0\" class=\"so-panel widget widget_sow-image panel-first-child\" data-index=\"16\" ><div\n\t\t\t\n\t\t\tclass=\"so-widget-sow-image so-widget-sow-image-default-8b5b6f678277-13\"\n\t\t\t\n\t\t><h3 class=\"widget-title\">Anabela Plos<\/h3>\n<div class=\"sow-image-container\">\n\t\t<img \n\tsrc=\"https:\/\/congresos.unlp.edu.ar\/ciaciar\/wp-content\/uploads\/sites\/35\/2021\/10\/Lillo-247x300.jpg\" width=\"247\" height=\"300\" srcset=\"https:\/\/congresos.unlp.edu.ar\/ciaciar\/wp-content\/uploads\/sites\/35\/2021\/10\/Lillo-247x300.jpg 247w, https:\/\/congresos.unlp.edu.ar\/ciaciar\/wp-content\/uploads\/sites\/35\/2021\/10\/Lillo-843x1024.jpg 843w, https:\/\/congresos.unlp.edu.ar\/ciaciar\/wp-content\/uploads\/sites\/35\/2021\/10\/Lillo-768x933.jpg 768w, https:\/\/congresos.unlp.edu.ar\/ciaciar\/wp-content\/uploads\/sites\/35\/2021\/10\/Lillo-1265x1536.jpg 1265w, https:\/\/congresos.unlp.edu.ar\/ciaciar\/wp-content\/uploads\/sites\/35\/2021\/10\/Lillo.jpg 1488w\" sizes=\"(max-width: 247px) 100vw, 247px\" title=\"Anabela Plos\" alt=\"\" \t\tclass=\"so-widget-image\"\/>\n\t<\/div>\n\n<\/div><\/div><div id=\"panel-13-2-0-1\" class=\"so-panel widget widget_text panel-last-child\" data-index=\"17\" >\t\t\t<div class=\"textwidget\"><p><strong>Anabela Plos<\/strong> es doctora en Ciencias Naturales por la Universidad Nacional de La Plata, Profesional Principal de la carrera de Personal de Apoyo CONICET en el Museo Argentino de Ciencias Naturales \u201cBernardino Rivadavia\u201d (MACN-CONICET).<\/p>\n<p>Desde 2015, administra el nodo argentino de la Global Biodiversity Information Facility (GBIF). Dentro de la comunidad de GBIF, se desempe\u00f1\u00f3 como Representante Regional de Nodos de Latinoam\u00e9rica y Caribe (2016-2021) y como miembro del comit\u00e9 del programa Biodiversity Information for Development para el Caribe BID, financiado por la Uni\u00f3n Europea, coordinado por GBIF. En el \u00e1mbito nacional, se desempe\u00f1a como miembro del Consejo Asesor del Sistema Nacional de Datos Biol\u00f3gicos (SNDB) del Ministerio de Ciencia, Tecnolog\u00eda e Innovaci\u00f3n Productiva de la Naci\u00f3n (MinCyT) de Argentina. Miembro de la Red Iberoamericana de Ciencia Abierta y Participativa (RICAP).<\/p>\n<p>Coordina y promueve proyectos de digitalizaci\u00f3n de colecciones de historia natural y de otras fuentes de datos primarios de biodiversidad, con acceso abierto y de apertura a toda la sociedad. Tambi\u00e9n promueve iniciativas de Ciencia Ciudadana a nivel nacional, en coordinaci\u00f3n con la plataforma ArgentiNat (de la red iNaturalist).<\/p>\n<\/div>\n\t\t<\/div><\/div><div id=\"pgc-13-2-1\"  class=\"panel-grid-cell\" ><div id=\"panel-13-2-1-0\" class=\"so-panel widget widget_sow-image panel-first-child\" data-index=\"18\" ><div\n\t\t\t\n\t\t\tclass=\"so-widget-sow-image so-widget-sow-image-default-89f16426b92c-13\"\n\t\t\t\n\t\t><h3 class=\"widget-title\">Karen Soacha<\/h3>\n<div class=\"sow-image-container\">\n\t\t<img \n\tsrc=\"https:\/\/congresos.unlp.edu.ar\/ciaciar\/wp-content\/uploads\/sites\/35\/2021\/10\/karensoacha-287x300.jpg\" width=\"287\" height=\"300\" srcset=\"https:\/\/congresos.unlp.edu.ar\/ciaciar\/wp-content\/uploads\/sites\/35\/2021\/10\/karensoacha-287x300.jpg 287w, https:\/\/congresos.unlp.edu.ar\/ciaciar\/wp-content\/uploads\/sites\/35\/2021\/10\/karensoacha-768x803.jpg 768w, https:\/\/congresos.unlp.edu.ar\/ciaciar\/wp-content\/uploads\/sites\/35\/2021\/10\/karensoacha.jpg 858w\" sizes=\"(max-width: 287px) 100vw, 287px\" title=\"Karen Soacha\" alt=\"\" \t\tclass=\"so-widget-image\"\/>\n\t<\/div>\n\n<\/div><\/div><div id=\"panel-13-2-1-1\" class=\"so-panel widget widget_text panel-last-child\" data-index=\"19\" >\t\t\t<div class=\"textwidget\"><p><strong>Karen Soacha<\/strong> est\u00e1 interesada en la conexi\u00f3n entre la gesti\u00f3n del conocimiento, la ciencia abierta y ciudadana y la sostenibilidad. Trabaja como investigadora en el Instituto de Ciencias del Mar en Barcelona y cursa el doctorado de Sociedad de la Informaci\u00f3n y el Conocimiento de la Universidad Abierta de Catalu\u00f1a. Desarrolla su investigaci\u00f3n sobre gesti\u00f3n del conocimiento y gobernanza en observatorios participativos (plataformas tecnol\u00f3gicas de ciencia ciudadana). Participa activamente en la consolidaci\u00f3n de la Red Iberoamericana de Ciencia Participativa (RICAP). Ha estado trabajando con organizaciones ambientales por m\u00e1s de 10 a\u00f1os en la gesti\u00f3n de redes de conocimiento e informaci\u00f3n.<\/p>\n<\/div>\n\t\t<\/div><\/div><div id=\"pgc-13-2-2\"  class=\"panel-grid-cell panel-grid-cell-mobile-last\" ><div id=\"panel-13-2-2-0\" class=\"so-panel widget widget_sow-image panel-first-child\" data-index=\"20\" ><div\n\t\t\t\n\t\t\tclass=\"so-widget-sow-image so-widget-sow-image-default-89f16426b92c-13\"\n\t\t\t\n\t\t><h3 class=\"widget-title\">Guillermina D'Onofrio<\/h3>\n<div class=\"sow-image-container\">\n\t\t<img \n\tsrc=\"https:\/\/congresos.unlp.edu.ar\/ciaciar\/wp-content\/uploads\/sites\/35\/2021\/11\/donofrio-298x300.jpg\" width=\"298\" height=\"300\" srcset=\"https:\/\/congresos.unlp.edu.ar\/ciaciar\/wp-content\/uploads\/sites\/35\/2021\/11\/donofrio-298x300.jpg 298w, https:\/\/congresos.unlp.edu.ar\/ciaciar\/wp-content\/uploads\/sites\/35\/2021\/11\/donofrio-150x150.jpg 150w, https:\/\/congresos.unlp.edu.ar\/ciaciar\/wp-content\/uploads\/sites\/35\/2021\/11\/donofrio.jpg 509w\" sizes=\"(max-width: 298px) 100vw, 298px\" title=\"Guillermina D&#039;Onofrio\" alt=\"\" \t\tclass=\"so-widget-image\"\/>\n\t<\/div>\n\n<\/div><\/div><div id=\"panel-13-2-2-1\" class=\"so-panel widget widget_text panel-last-child\" data-index=\"21\" >\t\t\t<div class=\"textwidget\"><p><strong>Guillermina D&#8217;Onofrio<\/strong> es soci\u00f3loga y Mag\u00edster en Pol\u00edtica y Gesti\u00f3n de la Ciencia y la Tecnolog\u00eda por la Universidad de Buenos Aires. Doctora en Ciencias Sociales por la Facultad Latinoamericana de Ciencias Sociales (FLACSO \u2013 Sede Argentina). Directora Nacional de Programas y Proyectos del Ministerio de Ciencia, Tecnolog\u00eda e Innovaci\u00f3n de la Naci\u00f3n<\/p>\n<\/div>\n\t\t<\/div><\/div><div id=\"pgc-13-2-3\"  class=\"panel-grid-cell panel-grid-cell-empty\" ><\/div><\/div><\/div>","protected":false},"excerpt":{"rendered":"<p>Carolina Botero Cabrera dirige la Fundaci\u00f3n Karisma, organizaci\u00f3n de la sociedad civil colombiana. Es investigadora, abogada, conferencista, y consultora en temas de derecho y tecnolog\u00eda. Trabaja por que los derechos humanos y la justicia social gu\u00eden el desarrollo y despliegue de la tecnolog\u00eda. Se gradu\u00f3 con maestr\u00eda en derecho internacional y de la cooperaci\u00f3n (1993, [&hellip;]<\/p>\n","protected":false},"author":2,"featured_media":0,"parent":0,"menu_order":0,"comment_status":"closed","ping_status":"closed","template":"","meta":{"advgb_blocks_editor_width":"","advgb_blocks_columns_visual_guide":"","footnotes":""},"class_list":["post-13","page","type-page","status-publish","hentry","post"],"aioseo_notices":[],"coauthors":[],"author_meta":{"author_link":"https:\/\/congresos.unlp.edu.ar\/ciaciar\/author\/congresos\/","display_name":"congresos"},"relative_dates":{"created":"Posted 5 a\u00f1os ago","modified":"Updated 4 a\u00f1os ago"},"absolute_dates":{"created":"Posted on 11 junio, 2021","modified":"Updated on 29 noviembre, 2021"},"absolute_dates_time":{"created":"Posted on 11 junio, 2021 2:06 pm","modified":"Updated on 29 noviembre, 2021 3:41 pm"},"featured_img_caption":"","featured_img":false,"series_order":"","_links":{"self":[{"href":"https:\/\/congresos.unlp.edu.ar\/ciaciar\/wp-json\/wp\/v2\/pages\/13","targetHints":{"allow":["GET"]}}],"collection":[{"href":"https:\/\/congresos.unlp.edu.ar\/ciaciar\/wp-json\/wp\/v2\/pages"}],"about":[{"href":"https:\/\/congresos.unlp.edu.ar\/ciaciar\/wp-json\/wp\/v2\/types\/page"}],"author":[{"embeddable":true,"href":"https:\/\/congresos.unlp.edu.ar\/ciaciar\/wp-json\/wp\/v2\/users\/2"}],"replies":[{"embeddable":true,"href":"https:\/\/congresos.unlp.edu.ar\/ciaciar\/wp-json\/wp\/v2\/comments?post=13"}],"version-history":[{"count":0,"href":"https:\/\/congresos.unlp.edu.ar\/ciaciar\/wp-json\/wp\/v2\/pages\/13\/revisions"}],"wp:attachment":[{"href":"https:\/\/congresos.unlp.edu.ar\/ciaciar\/wp-json\/wp\/v2\/media?parent=13"}],"curies":[{"name":"wp","href":"https:\/\/api.w.org\/{rel}","templated":true}]}}