{"id":6,"date":"2020-12-28T12:19:33","date_gmt":"2020-12-28T15:19:33","guid":{"rendered":"http:\/\/congresos.unlp.edu.ar\/camaya2021\/?page_id=6"},"modified":"2021-09-13T13:10:06","modified_gmt":"2021-09-13T16:10:06","slug":"inicio","status":"publish","type":"page","link":"https:\/\/congresos.unlp.edu.ar\/camaya2021\/","title":{"rendered":"Bienvenido!"},"content":{"rendered":"<div id=\"pl-6\"  class=\"panel-layout\" ><div id=\"pg-6-0\"  class=\"panel-grid panel-no-style\" ><div id=\"pgc-6-0-0\"  class=\"panel-grid-cell\" ><div id=\"panel-6-0-0-0\" class=\"so-panel widget widget_shortcodes-ultimate shortcodes-ultimate panel-first-child\" data-index=\"0\" ><div class=\"textwidget\">\n<\/div><\/div><div id=\"panel-6-0-0-1\" class=\"so-panel widget widget_sow-editor panel-last-child\" data-index=\"1\" ><div\n\t\t\t\n\t\t\tclass=\"so-widget-sow-editor so-widget-sow-editor-base\"\n\t\t\t\n\t\t>\n<div class=\"siteorigin-widget-tinymce textwidget\">\n\t<h1 style=\"text-align: center;font-size: calc(1vh + 1vw)\">El V Congreso Argentino de Microbiolog\u00eda Agr\u00edcola y Ambiental se realizar\u00e1 del 15 al 17 septiembre de 2021 bajo la modalidad virtual.<\/h1>\n<\/div>\n<\/div><\/div><\/div><\/div><div id=\"pg-6-1\"  class=\"panel-grid panel-no-style\" ><div id=\"pgc-6-1-0\"  class=\"panel-grid-cell\" ><div id=\"panel-6-1-0-0\" class=\"so-panel widget widget_sow-editor panel-first-child panel-last-child\" data-index=\"2\" ><div class=\"panel-widget-style panel-widget-style-for-6-1-0-0\" ><div\n\t\t\t\n\t\t\tclass=\"so-widget-sow-editor so-widget-sow-editor-base\"\n\t\t\t\n\t\t>\n<div class=\"siteorigin-widget-tinymce textwidget\">\n\t<h1 style=\"text-align: center;font-size: calc(1.5vh + 1.5vw)\"><b>PATROCINADORES<\/b><\/h1>\n<\/div>\n<\/div><\/div><\/div><\/div><\/div><div id=\"pg-6-2\"  class=\"panel-grid panel-no-style\" ><div id=\"pgc-6-2-0\"  class=\"panel-grid-cell panel-grid-cell-empty\" ><\/div><div id=\"pgc-6-2-1\"  class=\"panel-grid-cell\" ><div id=\"panel-6-2-1-0\" class=\"so-panel widget widget_sow-image panel-first-child\" data-index=\"3\" ><div\n\t\t\t\n\t\t\tclass=\"so-widget-sow-image so-widget-sow-image-default-c67d20f9f743-6\"\n\t\t\t\n\t\t>\n<div class=\"sow-image-container\">\n\t\t\t<a href=\"http:\/\/www.nitragin.com.ar\/\"\n\t\t\t\t\t>\n\t\t\t<img \n\tdata-src=\"https:\/\/congresos.unlp.edu.ar\/camaya2021\/wp-content\/uploads\/sites\/31\/2021\/06\/nitragene.png\" width=\"363\" height=\"339\" data-srcset=\"https:\/\/congresos.unlp.edu.ar\/camaya2021\/wp-content\/uploads\/sites\/31\/2021\/06\/nitragene.png 363w, https:\/\/congresos.unlp.edu.ar\/camaya2021\/wp-content\/uploads\/sites\/31\/2021\/06\/nitragene-300x280.png 300w\" data-sizes=\"(max-width: 363px) 100vw, 363px\" alt=\"\" \t\tclass=\"so-widget-image lazyload\" src=\"data:image\/svg+xml;base64,PHN2ZyB3aWR0aD0iMSIgaGVpZ2h0PSIxIiB4bWxucz0iaHR0cDovL3d3dy53My5vcmcvMjAwMC9zdmciPjwvc3ZnPg==\" style=\"--smush-placeholder-width: 363px; --smush-placeholder-aspect-ratio: 363\/339;\" \/>\n\t\t\t<\/a><\/div>\n\n<\/div><\/div><div id=\"panel-6-2-1-1\" class=\"so-panel widget widget_sow-image panel-last-child\" data-index=\"4\" ><div\n\t\t\t\n\t\t\tclass=\"so-widget-sow-image so-widget-sow-image-default-c67d20f9f743-6\"\n\t\t\t\n\t\t>\n<div class=\"sow-image-container\">\n\t\t\t<a href=\"https:\/\/www.veolia.com\/latamib\/es\"\n\t\t\t\t\t>\n\t\t\t<img \n\tdata-src=\"https:\/\/congresos.unlp.edu.ar\/camaya2021\/wp-content\/uploads\/sites\/31\/2021\/06\/2-LOGO_VEOLIA_HD.jpg.png\" width=\"365\" height=\"363\" data-srcset=\"https:\/\/congresos.unlp.edu.ar\/camaya2021\/wp-content\/uploads\/sites\/31\/2021\/06\/2-LOGO_VEOLIA_HD.jpg.png 365w, https:\/\/congresos.unlp.edu.ar\/camaya2021\/wp-content\/uploads\/sites\/31\/2021\/06\/2-LOGO_VEOLIA_HD.jpg-300x298.png 300w, https:\/\/congresos.unlp.edu.ar\/camaya2021\/wp-content\/uploads\/sites\/31\/2021\/06\/2-LOGO_VEOLIA_HD.jpg-150x150.png 150w\" data-sizes=\"(max-width: 365px) 100vw, 365px\" title=\"2 LOGO_VEOLIA_HD.jpg\" alt=\"\" \t\tclass=\"so-widget-image lazyload\" src=\"data:image\/svg+xml;base64,PHN2ZyB3aWR0aD0iMSIgaGVpZ2h0PSIxIiB4bWxucz0iaHR0cDovL3d3dy53My5vcmcvMjAwMC9zdmciPjwvc3ZnPg==\" style=\"--smush-placeholder-width: 365px; --smush-placeholder-aspect-ratio: 365\/363;\" \/>\n\t\t\t<\/a><\/div>\n\n<\/div><\/div><\/div><div id=\"pgc-6-2-2\"  class=\"panel-grid-cell\" ><div id=\"panel-6-2-2-0\" class=\"so-panel widget widget_sow-image panel-first-child panel-last-child\" data-index=\"5\" ><div\n\t\t\t\n\t\t\tclass=\"so-widget-sow-image so-widget-sow-image-default-c67d20f9f743-6\"\n\t\t\t\n\t\t>\n<div class=\"sow-image-container\">\n\t\t\t<a href=\"https:\/\/y-tec.com.ar\/\"\n\t\t\t\t\t>\n\t\t\t<img \n\tdata-src=\"https:\/\/congresos.unlp.edu.ar\/camaya2021\/wp-content\/uploads\/sites\/31\/2021\/09\/YTEC.png\" width=\"274\" height=\"200\" data-sizes=\"(max-width: 274px) 100vw, 274px\" alt=\"\" \t\tclass=\"so-widget-image lazyload\" src=\"data:image\/svg+xml;base64,PHN2ZyB3aWR0aD0iMSIgaGVpZ2h0PSIxIiB4bWxucz0iaHR0cDovL3d3dy53My5vcmcvMjAwMC9zdmciPjwvc3ZnPg==\" style=\"--smush-placeholder-width: 274px; --smush-placeholder-aspect-ratio: 274\/200;\" \/>\n\t\t\t<\/a><\/div>\n\n<\/div><\/div><\/div><div id=\"pgc-6-2-3\"  class=\"panel-grid-cell panel-grid-cell-mobile-last\" ><div id=\"panel-6-2-3-0\" class=\"so-panel widget widget_sow-image panel-first-child\" data-index=\"6\" ><div\n\t\t\t\n\t\t\tclass=\"so-widget-sow-image so-widget-sow-image-default-c67d20f9f743-6\"\n\t\t\t\n\t\t>\n<div class=\"sow-image-container\">\n\t\t<img \n\tdata-src=\"https:\/\/congresos.unlp.edu.ar\/camaya2021\/wp-content\/uploads\/sites\/31\/2021\/06\/dragados-1.png\" width=\"451\" height=\"150\" data-srcset=\"https:\/\/congresos.unlp.edu.ar\/camaya2021\/wp-content\/uploads\/sites\/31\/2021\/06\/dragados-1.png 451w, https:\/\/congresos.unlp.edu.ar\/camaya2021\/wp-content\/uploads\/sites\/31\/2021\/06\/dragados-1-300x100.png 300w\" data-sizes=\"(max-width: 451px) 100vw, 451px\" title=\"dragados\" alt=\"\" \t\tclass=\"so-widget-image lazyload\" src=\"data:image\/svg+xml;base64,PHN2ZyB3aWR0aD0iMSIgaGVpZ2h0PSIxIiB4bWxucz0iaHR0cDovL3d3dy53My5vcmcvMjAwMC9zdmciPjwvc3ZnPg==\" style=\"--smush-placeholder-width: 451px; --smush-placeholder-aspect-ratio: 451\/150;\" \/>\n\t<\/div>\n\n<\/div><\/div><div id=\"panel-6-2-3-1\" class=\"so-panel widget widget_sow-image\" data-index=\"7\" ><div\n\t\t\t\n\t\t\tclass=\"so-widget-sow-image so-widget-sow-image-default-c67d20f9f743-6\"\n\t\t\t\n\t\t>\n<div class=\"sow-image-container\">\n\t\t\t<a href=\"http:\/\/camvinda.org\/\"\n\t\t\t\t\t>\n\t\t\t<img \n\tdata-src=\"https:\/\/congresos.unlp.edu.ar\/camaya2021\/wp-content\/uploads\/sites\/31\/2021\/06\/camvinda-1.png\" width=\"451\" height=\"150\" data-srcset=\"https:\/\/congresos.unlp.edu.ar\/camaya2021\/wp-content\/uploads\/sites\/31\/2021\/06\/camvinda-1.png 451w, https:\/\/congresos.unlp.edu.ar\/camaya2021\/wp-content\/uploads\/sites\/31\/2021\/06\/camvinda-1-300x100.png 300w\" data-sizes=\"(max-width: 451px) 100vw, 451px\" title=\"camvinda\" alt=\"\" \t\tclass=\"so-widget-image lazyload\" src=\"data:image\/svg+xml;base64,PHN2ZyB3aWR0aD0iMSIgaGVpZ2h0PSIxIiB4bWxucz0iaHR0cDovL3d3dy53My5vcmcvMjAwMC9zdmciPjwvc3ZnPg==\" style=\"--smush-placeholder-width: 451px; --smush-placeholder-aspect-ratio: 451\/150;\" \/>\n\t\t\t<\/a><\/div>\n\n<\/div><\/div><div id=\"panel-6-2-3-2\" class=\"so-panel widget widget_sow-image\" data-index=\"8\" ><div\n\t\t\t\n\t\t\tclass=\"so-widget-sow-image so-widget-sow-image-default-c67d20f9f743-6\"\n\t\t\t\n\t\t>\n<div class=\"sow-image-container\">\n\t\t\t<a href=\"https:\/\/www.aminochem.com\/\"\n\t\t\t\t\t>\n\t\t\t<img \n\tdata-src=\"https:\/\/congresos.unlp.edu.ar\/camaya2021\/wp-content\/uploads\/sites\/31\/2021\/06\/aminochem-1.png\" width=\"454\" height=\"150\" data-srcset=\"https:\/\/congresos.unlp.edu.ar\/camaya2021\/wp-content\/uploads\/sites\/31\/2021\/06\/aminochem-1.png 454w, https:\/\/congresos.unlp.edu.ar\/camaya2021\/wp-content\/uploads\/sites\/31\/2021\/06\/aminochem-1-300x99.png 300w\" data-sizes=\"(max-width: 454px) 100vw, 454px\" title=\"aminochem\" alt=\"\" \t\tclass=\"so-widget-image lazyload\" src=\"data:image\/svg+xml;base64,PHN2ZyB3aWR0aD0iMSIgaGVpZ2h0PSIxIiB4bWxucz0iaHR0cDovL3d3dy53My5vcmcvMjAwMC9zdmciPjwvc3ZnPg==\" style=\"--smush-placeholder-width: 454px; --smush-placeholder-aspect-ratio: 454\/150;\" \/>\n\t\t\t<\/a><\/div>\n\n<\/div><\/div><div id=\"panel-6-2-3-3\" class=\"so-panel widget widget_sow-image\" data-index=\"9\" ><div\n\t\t\t\n\t\t\tclass=\"so-widget-sow-image so-widget-sow-image-default-c67d20f9f743-6\"\n\t\t\t\n\t\t>\n<div class=\"sow-image-container\">\n\t\t\t<a href=\"https:\/\/rizobacter.com.ar\/es\"\n\t\t\t\t\t>\n\t\t\t<img \n\tdata-src=\"https:\/\/congresos.unlp.edu.ar\/camaya2021\/wp-content\/uploads\/sites\/31\/2021\/08\/rizobacter.png\" width=\"451\" height=\"150\" data-srcset=\"https:\/\/congresos.unlp.edu.ar\/camaya2021\/wp-content\/uploads\/sites\/31\/2021\/08\/rizobacter.png 451w, https:\/\/congresos.unlp.edu.ar\/camaya2021\/wp-content\/uploads\/sites\/31\/2021\/08\/rizobacter-300x100.png 300w\" data-sizes=\"(max-width: 451px) 100vw, 451px\" alt=\"\" \t\tclass=\"so-widget-image lazyload\" src=\"data:image\/svg+xml;base64,PHN2ZyB3aWR0aD0iMSIgaGVpZ2h0PSIxIiB4bWxucz0iaHR0cDovL3d3dy53My5vcmcvMjAwMC9zdmciPjwvc3ZnPg==\" style=\"--smush-placeholder-width: 451px; --smush-placeholder-aspect-ratio: 451\/150;\" \/>\n\t\t\t<\/a><\/div>\n\n<\/div><\/div><div id=\"panel-6-2-3-4\" class=\"so-panel widget widget_sow-image panel-last-child\" data-index=\"10\" ><div\n\t\t\t\n\t\t\tclass=\"so-widget-sow-image so-widget-sow-image-default-c67d20f9f743-6\"\n\t\t\t\n\t\t>\n<div class=\"sow-image-container\">\n\t\t\t<a href=\"https:\/\/www.barenbrug.com.ar\/\"\n\t\t\t\t\t>\n\t\t\t<img \n\tdata-src=\"https:\/\/congresos.unlp.edu.ar\/camaya2021\/wp-content\/uploads\/sites\/31\/2021\/09\/Barenbrug-1.png\" width=\"451\" height=\"150\" data-srcset=\"https:\/\/congresos.unlp.edu.ar\/camaya2021\/wp-content\/uploads\/sites\/31\/2021\/09\/Barenbrug-1.png 451w, https:\/\/congresos.unlp.edu.ar\/camaya2021\/wp-content\/uploads\/sites\/31\/2021\/09\/Barenbrug-1-300x100.png 300w\" data-sizes=\"(max-width: 451px) 100vw, 451px\" title=\"Barenbrug\" alt=\"\" \t\tclass=\"so-widget-image lazyload\" src=\"data:image\/svg+xml;base64,PHN2ZyB3aWR0aD0iMSIgaGVpZ2h0PSIxIiB4bWxucz0iaHR0cDovL3d3dy53My5vcmcvMjAwMC9zdmciPjwvc3ZnPg==\" style=\"--smush-placeholder-width: 451px; --smush-placeholder-aspect-ratio: 451\/150;\" \/>\n\t\t\t<\/a><\/div>\n\n<\/div><\/div><\/div><div id=\"pgc-6-2-4\"  class=\"panel-grid-cell panel-grid-cell-empty\" ><\/div><\/div><div id=\"pg-6-3\"  class=\"panel-grid panel-no-style\" ><div id=\"pgc-6-3-0\"  class=\"panel-grid-cell\" ><div id=\"panel-6-3-0-0\" class=\"so-panel widget widget_sow-editor panel-first-child panel-last-child\" data-index=\"11\" ><div class=\"panel-widget-style panel-widget-style-for-6-3-0-0\" ><div\n\t\t\t\n\t\t\tclass=\"so-widget-sow-editor so-widget-sow-editor-base\"\n\t\t\t\n\t\t>\n<div class=\"siteorigin-widget-tinymce textwidget\">\n\t<h1 style=\"text-align: center;font-size: calc(1.5vh + 1.5vw)\"><b>AUSPICIAN EL CONGRESO<\/b><\/h1>\n<\/div>\n<\/div><\/div><\/div><\/div><\/div><div id=\"pg-6-4\"  class=\"panel-grid panel-no-style\" ><div id=\"pgc-6-4-0\"  class=\"panel-grid-cell panel-grid-cell-empty\" ><\/div><div id=\"pgc-6-4-1\"  class=\"panel-grid-cell\" ><div id=\"panel-6-4-1-0\" class=\"so-panel widget widget_sow-image panel-first-child\" data-index=\"12\" ><div\n\t\t\t\n\t\t\tclass=\"so-widget-sow-image so-widget-sow-image-default-c67d20f9f743-6\"\n\t\t\t\n\t\t>\n<div class=\"sow-image-container\">\n\t\t\t<a href=\"https:\/\/www.argentina.gob.ar\/ciencia\/agencia\"\n\t\t\t\t\t>\n\t\t\t<img \n\tdata-src=\"https:\/\/congresos.unlp.edu.ar\/camaya2021\/wp-content\/uploads\/sites\/31\/2021\/05\/agencia-e1620076814545.png\" width=\"451\" height=\"150\" data-sizes=\"(max-width: 451px) 100vw, 451px\" title=\"agencia\" alt=\"\" \t\tclass=\"so-widget-image lazyload\" src=\"data:image\/svg+xml;base64,PHN2ZyB3aWR0aD0iMSIgaGVpZ2h0PSIxIiB4bWxucz0iaHR0cDovL3d3dy53My5vcmcvMjAwMC9zdmciPjwvc3ZnPg==\" style=\"--smush-placeholder-width: 451px; --smush-placeholder-aspect-ratio: 451\/150;\" \/>\n\t\t\t<\/a><\/div>\n\n<\/div><\/div><div id=\"panel-6-4-1-1\" class=\"so-panel widget widget_sow-image\" data-index=\"13\" ><div\n\t\t\t\n\t\t\tclass=\"so-widget-sow-image so-widget-sow-image-default-c67d20f9f743-6\"\n\t\t\t\n\t\t>\n<div class=\"sow-image-container\">\n\t\t\t<a href=\"https:\/\/www.agro.unlp.edu.ar\/\"\n\t\t\t\t\t>\n\t\t\t<img \n\tdata-src=\"https:\/\/congresos.unlp.edu.ar\/camaya2021\/wp-content\/uploads\/sites\/31\/2021\/09\/agrarias.png\" width=\"437\" height=\"150\" data-srcset=\"https:\/\/congresos.unlp.edu.ar\/camaya2021\/wp-content\/uploads\/sites\/31\/2021\/09\/agrarias.png 437w, https:\/\/congresos.unlp.edu.ar\/camaya2021\/wp-content\/uploads\/sites\/31\/2021\/09\/agrarias-300x103.png 300w\" data-sizes=\"(max-width: 437px) 100vw, 437px\" alt=\"\" \t\tclass=\"so-widget-image lazyload\" src=\"data:image\/svg+xml;base64,PHN2ZyB3aWR0aD0iMSIgaGVpZ2h0PSIxIiB4bWxucz0iaHR0cDovL3d3dy53My5vcmcvMjAwMC9zdmciPjwvc3ZnPg==\" style=\"--smush-placeholder-width: 437px; --smush-placeholder-aspect-ratio: 437\/150;\" \/>\n\t\t\t<\/a><\/div>\n\n<\/div><\/div><div id=\"panel-6-4-1-2\" class=\"so-panel widget widget_sow-image\" data-index=\"14\" ><div\n\t\t\t\n\t\t\tclass=\"so-widget-sow-image so-widget-sow-image-default-c67d20f9f743-6\"\n\t\t\t\n\t\t>\n<div class=\"sow-image-container\">\n\t\t<img \n\tdata-src=\"https:\/\/congresos.unlp.edu.ar\/camaya2021\/wp-content\/uploads\/sites\/31\/2021\/05\/CIQyP_PCRMA.png\" width=\"451\" height=\"150\" data-srcset=\"https:\/\/congresos.unlp.edu.ar\/camaya2021\/wp-content\/uploads\/sites\/31\/2021\/05\/CIQyP_PCRMA.png 451w, https:\/\/congresos.unlp.edu.ar\/camaya2021\/wp-content\/uploads\/sites\/31\/2021\/05\/CIQyP_PCRMA-300x100.png 300w\" data-sizes=\"(max-width: 451px) 100vw, 451px\" alt=\"\" \t\tclass=\"so-widget-image lazyload\" src=\"data:image\/svg+xml;base64,PHN2ZyB3aWR0aD0iMSIgaGVpZ2h0PSIxIiB4bWxucz0iaHR0cDovL3d3dy53My5vcmcvMjAwMC9zdmciPjwvc3ZnPg==\" style=\"--smush-placeholder-width: 451px; --smush-placeholder-aspect-ratio: 451\/150;\" \/>\n\t<\/div>\n\n<\/div><\/div><div id=\"panel-6-4-1-3\" class=\"so-panel widget widget_sow-image\" data-index=\"15\" ><div\n\t\t\t\n\t\t\tclass=\"so-widget-sow-image so-widget-sow-image-default-c67d20f9f743-6\"\n\t\t\t\n\t\t>\n<div class=\"sow-image-container\">\n\t\t\t<a href=\"https:\/\/www.uces.edu.ar\/\"\n\t\t\t\t\t>\n\t\t\t<img \n\tdata-src=\"https:\/\/congresos.unlp.edu.ar\/camaya2021\/wp-content\/uploads\/sites\/31\/2021\/05\/PCRMA-e1620733685255.png\" width=\"451\" height=\"150\" data-sizes=\"(max-width: 451px) 100vw, 451px\" title=\"PCRMA\" alt=\"\" \t\tclass=\"so-widget-image lazyload\" src=\"data:image\/svg+xml;base64,PHN2ZyB3aWR0aD0iMSIgaGVpZ2h0PSIxIiB4bWxucz0iaHR0cDovL3d3dy53My5vcmcvMjAwMC9zdmciPjwvc3ZnPg==\" style=\"--smush-placeholder-width: 451px; --smush-placeholder-aspect-ratio: 451\/150;\" \/>\n\t\t\t<\/a><\/div>\n\n<\/div><\/div><div id=\"panel-6-4-1-4\" class=\"so-panel widget widget_sow-image panel-last-child\" data-index=\"16\" ><div\n\t\t\t\n\t\t\tclass=\"so-widget-sow-image so-widget-sow-image-default-c67d20f9f743-6\"\n\t\t\t\n\t\t>\n<div class=\"sow-image-container\">\n\t\t\t<a href=\"http:\/\/www.cpia.org.ar\/\"\n\t\t\t\t\t>\n\t\t\t<img \n\tdata-src=\"https:\/\/congresos.unlp.edu.ar\/camaya2021\/wp-content\/uploads\/sites\/31\/2021\/06\/cpia.png\" width=\"451\" height=\"150\" data-srcset=\"https:\/\/congresos.unlp.edu.ar\/camaya2021\/wp-content\/uploads\/sites\/31\/2021\/06\/cpia.png 451w, https:\/\/congresos.unlp.edu.ar\/camaya2021\/wp-content\/uploads\/sites\/31\/2021\/06\/cpia-300x100.png 300w\" data-sizes=\"(max-width: 451px) 100vw, 451px\" alt=\"\" \t\tclass=\"so-widget-image lazyload\" src=\"data:image\/svg+xml;base64,PHN2ZyB3aWR0aD0iMSIgaGVpZ2h0PSIxIiB4bWxucz0iaHR0cDovL3d3dy53My5vcmcvMjAwMC9zdmciPjwvc3ZnPg==\" style=\"--smush-placeholder-width: 451px; --smush-placeholder-aspect-ratio: 451\/150;\" \/>\n\t\t\t<\/a><\/div>\n\n<\/div><\/div><\/div><div id=\"pgc-6-4-2\"  class=\"panel-grid-cell panel-grid-cell-mobile-last\" ><div id=\"panel-6-4-2-0\" class=\"so-panel widget widget_sow-image panel-first-child\" data-index=\"17\" ><div\n\t\t\t\n\t\t\tclass=\"so-widget-sow-image so-widget-sow-image-default-c67d20f9f743-6\"\n\t\t\t\n\t\t>\n<div class=\"sow-image-container\">\n\t\t\t<a href=\"http:\/\/www.exactas.unlp.edu.ar\/\"\n\t\t\t\t\t>\n\t\t\t<img \n\tdata-src=\"https:\/\/congresos.unlp.edu.ar\/camaya2021\/wp-content\/uploads\/sites\/31\/2021\/07\/FCEN_UNLP.png\" width=\"451\" height=\"150\" data-srcset=\"https:\/\/congresos.unlp.edu.ar\/camaya2021\/wp-content\/uploads\/sites\/31\/2021\/07\/FCEN_UNLP.png 451w, https:\/\/congresos.unlp.edu.ar\/camaya2021\/wp-content\/uploads\/sites\/31\/2021\/07\/FCEN_UNLP-300x100.png 300w\" data-sizes=\"(max-width: 451px) 100vw, 451px\" alt=\"\" \t\tclass=\"so-widget-image lazyload\" src=\"data:image\/svg+xml;base64,PHN2ZyB3aWR0aD0iMSIgaGVpZ2h0PSIxIiB4bWxucz0iaHR0cDovL3d3dy53My5vcmcvMjAwMC9zdmciPjwvc3ZnPg==\" style=\"--smush-placeholder-width: 451px; --smush-placeholder-aspect-ratio: 451\/150;\" \/>\n\t\t\t<\/a><\/div>\n\n<\/div><\/div><div id=\"panel-6-4-2-1\" class=\"so-panel widget widget_sow-image\" data-index=\"18\" ><div\n\t\t\t\n\t\t\tclass=\"so-widget-sow-image so-widget-sow-image-default-c67d20f9f743-6\"\n\t\t\t\n\t\t>\n<div class=\"sow-image-container\">\n\t\t\t<a href=\"http:\/\/www.cpia.org.ar\/\"\n\t\t\t\t\t>\n\t\t\t<img \n\tdata-src=\"https:\/\/congresos.unlp.edu.ar\/camaya2021\/wp-content\/uploads\/sites\/31\/2021\/09\/logo_UBA_FAUBA.png\" width=\"437\" height=\"150\" data-srcset=\"https:\/\/congresos.unlp.edu.ar\/camaya2021\/wp-content\/uploads\/sites\/31\/2021\/09\/logo_UBA_FAUBA.png 437w, https:\/\/congresos.unlp.edu.ar\/camaya2021\/wp-content\/uploads\/sites\/31\/2021\/09\/logo_UBA_FAUBA-300x103.png 300w\" data-sizes=\"(max-width: 437px) 100vw, 437px\" alt=\"\" \t\tclass=\"so-widget-image lazyload\" src=\"data:image\/svg+xml;base64,PHN2ZyB3aWR0aD0iMSIgaGVpZ2h0PSIxIiB4bWxucz0iaHR0cDovL3d3dy53My5vcmcvMjAwMC9zdmciPjwvc3ZnPg==\" style=\"--smush-placeholder-width: 437px; --smush-placeholder-aspect-ratio: 437\/150;\" \/>\n\t\t\t<\/a><\/div>\n\n<\/div><\/div><div id=\"panel-6-4-2-2\" class=\"so-panel widget widget_sow-image\" data-index=\"19\" ><div\n\t\t\t\n\t\t\tclass=\"so-widget-sow-image so-widget-sow-image-default-c67d20f9f743-6\"\n\t\t\t\n\t\t>\n<div class=\"sow-image-container\">\n\t\t\t<a href=\"https:\/\/www.aapresid.org.ar\/\"\n\t\t\t\t\t>\n\t\t\t<img \n\tdata-src=\"https:\/\/congresos.unlp.edu.ar\/camaya2021\/wp-content\/uploads\/sites\/31\/2021\/05\/Logo_original-Aapresid2.png\" width=\"459\" height=\"150\" data-srcset=\"https:\/\/congresos.unlp.edu.ar\/camaya2021\/wp-content\/uploads\/sites\/31\/2021\/05\/Logo_original-Aapresid2.png 459w, https:\/\/congresos.unlp.edu.ar\/camaya2021\/wp-content\/uploads\/sites\/31\/2021\/05\/Logo_original-Aapresid2-300x98.png 300w\" data-sizes=\"(max-width: 459px) 100vw, 459px\" title=\"Logo_original Aapresid2\" alt=\"\" \t\tclass=\"so-widget-image lazyload\" src=\"data:image\/svg+xml;base64,PHN2ZyB3aWR0aD0iMSIgaGVpZ2h0PSIxIiB4bWxucz0iaHR0cDovL3d3dy53My5vcmcvMjAwMC9zdmciPjwvc3ZnPg==\" style=\"--smush-placeholder-width: 459px; --smush-placeholder-aspect-ratio: 459\/150;\" \/>\n\t\t\t<\/a><\/div>\n\n<\/div><\/div><div id=\"panel-6-4-2-3\" class=\"so-panel widget widget_sow-image\" data-index=\"20\" ><div\n\t\t\t\n\t\t\tclass=\"so-widget-sow-image so-widget-sow-image-default-113ccd71f3e6-6\"\n\t\t\t\n\t\t>\n<div class=\"sow-image-container\">\n\t\t\t<a href=\"https:\/\/www.casafe.org\/\"\n\t\t\t\t\t>\n\t\t\t<img \n\tdata-src=\"https:\/\/congresos.unlp.edu.ar\/camaya2021\/wp-content\/uploads\/sites\/31\/2021\/05\/casafe.png\" width=\"450\" height=\"150\" data-srcset=\"https:\/\/congresos.unlp.edu.ar\/camaya2021\/wp-content\/uploads\/sites\/31\/2021\/05\/casafe.png 450w, https:\/\/congresos.unlp.edu.ar\/camaya2021\/wp-content\/uploads\/sites\/31\/2021\/05\/casafe-300x100.png 300w\" data-sizes=\"(max-width: 450px) 100vw, 450px\" alt=\"\" \t\tclass=\"so-widget-image lazyload\" src=\"data:image\/svg+xml;base64,PHN2ZyB3aWR0aD0iMSIgaGVpZ2h0PSIxIiB4bWxucz0iaHR0cDovL3d3dy53My5vcmcvMjAwMC9zdmciPjwvc3ZnPg==\" style=\"--smush-placeholder-width: 450px; --smush-placeholder-aspect-ratio: 450\/150;\" \/>\n\t\t\t<\/a><\/div>\n\n<\/div><\/div><div id=\"panel-6-4-2-4\" class=\"so-panel widget widget_sow-image panel-last-child\" data-index=\"21\" ><div\n\t\t\t\n\t\t\tclass=\"so-widget-sow-image so-widget-sow-image-default-c67d20f9f743-6\"\n\t\t\t\n\t\t>\n<div class=\"sow-image-container\">\n\t\t\t<a href=\"https:\/\/www.copime.org.ar\/\"\n\t\t\t\t\t>\n\t\t\t<img \n\tdata-src=\"https:\/\/congresos.unlp.edu.ar\/camaya2021\/wp-content\/uploads\/sites\/31\/2021\/07\/copime.png\" width=\"451\" height=\"150\" data-srcset=\"https:\/\/congresos.unlp.edu.ar\/camaya2021\/wp-content\/uploads\/sites\/31\/2021\/07\/copime.png 451w, https:\/\/congresos.unlp.edu.ar\/camaya2021\/wp-content\/uploads\/sites\/31\/2021\/07\/copime-300x100.png 300w\" data-sizes=\"(max-width: 451px) 100vw, 451px\" alt=\"\" \t\tclass=\"so-widget-image lazyload\" src=\"data:image\/svg+xml;base64,PHN2ZyB3aWR0aD0iMSIgaGVpZ2h0PSIxIiB4bWxucz0iaHR0cDovL3d3dy53My5vcmcvMjAwMC9zdmciPjwvc3ZnPg==\" style=\"--smush-placeholder-width: 451px; --smush-placeholder-aspect-ratio: 451\/150;\" \/>\n\t\t\t<\/a><\/div>\n\n<\/div><\/div><\/div><div id=\"pgc-6-4-3\"  class=\"panel-grid-cell panel-grid-cell-empty\" ><\/div><\/div><\/div>","protected":false},"excerpt":{"rendered":"<p>El V Congreso Argentino de Microbiolog\u00eda Agr\u00edcola y Ambiental se realizar\u00e1 del 15 al 17 septiembre de 2021 bajo la modalidad virtual. PATROCINADORES<\/p>\n","protected":false},"author":2,"featured_media":0,"parent":0,"menu_order":0,"comment_status":"closed","ping_status":"closed","template":"home-panels.php","meta":{"advgb_blocks_editor_width":"","advgb_blocks_columns_visual_guide":"","footnotes":""},"class_list":["post-6","page","type-page","status-publish","hentry","post"],"aioseo_notices":[],"coauthors":[],"author_meta":{"author_link":"https:\/\/congresos.unlp.edu.ar\/camaya2021\/author\/congresos\/","display_name":"congresos"},"relative_dates":{"created":"Publicado 5 a\u00f1os hace","modified":"Actualizado 5 a\u00f1os hace"},"absolute_dates":{"created":"Publicado el 28 diciembre, 2020","modified":"Actualizado el 13 septiembre, 2021"},"absolute_dates_time":{"created":"Publicado el 28 diciembre, 2020 12:19 pm","modified":"Actualizado el 13 septiembre, 2021 1:10 pm"},"featured_img_caption":"","featured_img":false,"series_order":"","_links":{"self":[{"href":"https:\/\/congresos.unlp.edu.ar\/camaya2021\/wp-json\/wp\/v2\/pages\/6","targetHints":{"allow":["GET"]}}],"collection":[{"href":"https:\/\/congresos.unlp.edu.ar\/camaya2021\/wp-json\/wp\/v2\/pages"}],"about":[{"href":"https:\/\/congresos.unlp.edu.ar\/camaya2021\/wp-json\/wp\/v2\/types\/page"}],"author":[{"embeddable":true,"href":"https:\/\/congresos.unlp.edu.ar\/camaya2021\/wp-json\/wp\/v2\/users\/2"}],"replies":[{"embeddable":true,"href":"https:\/\/congresos.unlp.edu.ar\/camaya2021\/wp-json\/wp\/v2\/comments?post=6"}],"version-history":[{"count":0,"href":"https:\/\/congresos.unlp.edu.ar\/camaya2021\/wp-json\/wp\/v2\/pages\/6\/revisions"}],"wp:attachment":[{"href":"https:\/\/congresos.unlp.edu.ar\/camaya2021\/wp-json\/wp\/v2\/media?parent=6"}],"curies":[{"name":"wp","href":"https:\/\/api.w.org\/{rel}","templated":true}]}}