{"id":7,"date":"2023-06-30T11:51:09","date_gmt":"2023-06-30T14:51:09","guid":{"rendered":"https:\/\/congresos.unlp.edu.ar\/cadi-aadi\/?page_id=7"},"modified":"2023-09-05T17:58:41","modified_gmt":"2023-09-05T20:58:41","slug":"inicio","status":"publish","type":"page","link":"https:\/\/congresos.unlp.edu.ar\/cadi-aadi\/","title":{"rendered":"Inicio"},"content":{"rendered":"<p>Se avecina el <strong>Congreso Argentino de Derecho Internacional<\/strong><\/p>\n<p>Los d\u00edas 7, 8 y 9 de septiembre de 2023 se celebrar\u00e1 el <strong>XXXIV Congreso Argentino de Derecho Internacional de la Asociaci\u00f3n Argentina de Derecho Internacional (A.A.D.I.)<\/strong> en la Facultad de Ciencias Jur\u00eddicas y Sociales de la Universidad Nacional de La Plata.<\/p>\n<p>El Congreso Argentino de Derecho Internacional, es organizado anualmente por la Asociaci\u00f3n Argentina de Derecho Internacional (A.A.D.I.), y constituye un evento no s\u00f3lo de alcance nacional sino internacional; que congrega a cientos de acad\u00e9micos\/as, profesores\/as y estudiantes\/as de nuestro pa\u00eds y del exterior. Su organizaci\u00f3n implica un gran desaf\u00edo para nuestra Casa de Estudios,<br \/>\ny creemos que es el momento oportuno para fortalecer relaciones con toda la comunidad acad\u00e9mica.<\/p>\n<p>Las tem\u00e1ticas que se abordar\u00e1n en esta oportunidad son de gran trascendencia, contando con la presencia de expositores extranjeros de prestigio internacional, en las secciones que forman parte de la Asociaci\u00f3n Argentina de Derecho Internacional, a saber: Derecho Internacional P\u00fablico, Derecho Internacional Privado, Derecho de la Integraci\u00f3n, Derechos Humanos, Relaciones Internacionales y Documentaci\u00f3n, Metodolog\u00eda y Ense\u00f1anza.<\/p>\n<p>Sedes de encuentro:<br \/>\nFacultad de Ciencias Jur\u00eddicas y Sociales (Sal\u00f3n de los Espejos)<br \/>\nColegio de Abogac\u00eda. Calle 13 n\u00b0821. La Plata, Bs. As.<\/p>\n","protected":false},"excerpt":{"rendered":"<p>Se avecina el Congreso Argentino de Derecho Internacional Los d\u00edas 7, 8 y 9 de septiembre de 2023 se celebrar\u00e1 el XXXIV Congreso Argentino de Derecho Internacional de la Asociaci\u00f3n Argentina de Derecho Internacional (A.A.D.I.) en la Facultad de Ciencias Jur\u00eddicas y Sociales de la Universidad Nacional de La Plata. El Congreso Argentino de Derecho [&hellip;]<\/p>\n","protected":false},"author":2,"featured_media":0,"parent":0,"menu_order":0,"comment_status":"closed","ping_status":"closed","template":"","meta":{"advgb_blocks_editor_width":"","advgb_blocks_columns_visual_guide":"","footnotes":""},"class_list":["post-7","page","type-page","status-publish","hentry","post"],"aioseo_notices":[],"coauthors":[],"author_meta":{"author_link":"https:\/\/congresos.unlp.edu.ar\/cadi-aadi\/author\/congresos\/","display_name":"congresos"},"relative_dates":{"created":"Posted 3 a\u00f1os ago","modified":"Updated 3 a\u00f1os ago"},"absolute_dates":{"created":"Posted on 30 junio, 2023","modified":"Updated on 5 septiembre, 2023"},"absolute_dates_time":{"created":"Posted on 30 junio, 2023 11:51 am","modified":"Updated on 5 septiembre, 2023 5:58 pm"},"featured_img_caption":"","featured_img":false,"series_order":"","_links":{"self":[{"href":"https:\/\/congresos.unlp.edu.ar\/cadi-aadi\/wp-json\/wp\/v2\/pages\/7","targetHints":{"allow":["GET"]}}],"collection":[{"href":"https:\/\/congresos.unlp.edu.ar\/cadi-aadi\/wp-json\/wp\/v2\/pages"}],"about":[{"href":"https:\/\/congresos.unlp.edu.ar\/cadi-aadi\/wp-json\/wp\/v2\/types\/page"}],"author":[{"embeddable":true,"href":"https:\/\/congresos.unlp.edu.ar\/cadi-aadi\/wp-json\/wp\/v2\/users\/2"}],"replies":[{"embeddable":true,"href":"https:\/\/congresos.unlp.edu.ar\/cadi-aadi\/wp-json\/wp\/v2\/comments?post=7"}],"version-history":[{"count":0,"href":"https:\/\/congresos.unlp.edu.ar\/cadi-aadi\/wp-json\/wp\/v2\/pages\/7\/revisions"}],"wp:attachment":[{"href":"https:\/\/congresos.unlp.edu.ar\/cadi-aadi\/wp-json\/wp\/v2\/media?parent=7"}],"curies":[{"name":"wp","href":"https:\/\/api.w.org\/{rel}","templated":true}]}}

<p>Se avecina el <strong>Congreso Argentino de Derecho Internacional</strong></p>
<p>Los días 7, 8 y 9 de septiembre de 2023 se celebrará el <strong>XXXIV Congreso Argentino de Derecho Internacional de la Asociación Argentina de Derecho Internacional (A.A.D.I.)</strong> en la Facultad de Ciencias Jurídicas y Sociales de la Universidad Nacional de La Plata.</p>
<p>El Congreso Argentino de Derecho Internacional, es organizado anualmente por la Asociación Argentina de Derecho Internacional (A.A.D.I.), y constituye un evento no sólo de alcance nacional sino internacional; que congrega a cientos de académicos/as, profesores/as y estudiantes/as de nuestro país y del exterior. Su organización implica un gran desafío para nuestra Casa de Estudios,<br />
y creemos que es el momento oportuno para fortalecer relaciones con toda la comunidad académica.</p>
<p>Las temáticas que se abordarán en esta oportunidad son de gran trascendencia, contando con la presencia de expositores extranjeros de prestigio internacional, en las secciones que forman parte de la Asociación Argentina de Derecho Internacional, a saber: Derecho Internacional Público, Derecho Internacional Privado, Derecho de la Integración, Derechos Humanos, Relaciones Internacionales y Documentación, Metodología y Enseñanza.</p>
<p>Sedes de encuentro:<br />
Facultad de Ciencias Jurídicas y Sociales (Salón de los Espejos)<br />
Colegio de Abogacía. Calle 13 n°821. La Plata, Bs. As.</p>

<p>Se avecina el Congreso Argentino de Derecho Internacional Los días 7, 8 y 9 de septiembre de 2023 se celebrará el XXXIV Congreso Argentino de Derecho Internacional de la Asociación Argentina de Derecho Internacional (A.A.D.I.) en la Facultad de Ciencias Jurídicas y Sociales de la Universidad Nacional de La Plata. El Congreso Argentino de Derecho [&hellip;]</p>

Posted 3 años ago

Updated 3 años ago
