{"id":192,"date":"2022-08-04T10:01:31","date_gmt":"2022-08-04T13:01:31","guid":{"rendered":"https:\/\/congresos.unlp.edu.ar\/cabtp2023\/?page_id=192"},"modified":"2023-07-13T11:53:51","modified_gmt":"2023-07-13T14:53:51","slug":"disertantes-2","status":"publish","type":"page","link":"https:\/\/congresos.unlp.edu.ar\/cabtp2023\/disertantes-2\/","title":{"rendered":"Disertantes"},"content":{"rendered":"<div id=\"pl-192\"  class=\"panel-layout\" ><div id=\"pg-192-0\"  class=\"panel-grid panel-no-style\" ><div id=\"pgc-192-0-0\"  class=\"panel-grid-cell\" ><div id=\"panel-192-0-0-0\" class=\"so-panel widget widget_media_image panel-first-child panel-last-child\" data-index=\"0\" ><div style=\"width: 160px\" class=\"wp-caption alignnone\"><a href=\"https:\/\/www.researchgate.net\/profile\/Daniel-Valero-2\" target=\"_blank\"><img loading=\"lazy\" decoding=\"async\" width=\"150\" height=\"150\" src=\"https:\/\/congresos.unlp.edu.ar\/cabtp2023\/wp-content\/uploads\/sites\/56\/2022\/08\/Daniel-Valero-150x150.jpg\" class=\"image wp-image-239  attachment-thumbnail size-thumbnail\" alt=\"\" style=\"max-width: 100%; height: auto;\" srcset=\"https:\/\/congresos.unlp.edu.ar\/cabtp2023\/wp-content\/uploads\/sites\/56\/2022\/08\/Daniel-Valero-150x150.jpg 150w, https:\/\/congresos.unlp.edu.ar\/cabtp2023\/wp-content\/uploads\/sites\/56\/2022\/08\/Daniel-Valero-e1659635608370.jpg 90w\" sizes=\"auto, (max-width: 150px) 100vw, 150px\" \/><\/a><p class=\"wp-caption-text\">Dr. Daniel Valero. Universidad Miguel Hern\u00e1ndez de Elche. Espa\u00f1a.<\/p><\/div><\/div><\/div><div id=\"pgc-192-0-1\"  class=\"panel-grid-cell\" ><div id=\"panel-192-0-1-0\" class=\"so-panel widget widget_media_image panel-first-child panel-last-child\" data-index=\"1\" ><div style=\"width: 160px\" class=\"wp-caption alignnone\"><a href=\"https:\/\/www.researchgate.net\/profile\/Lluis-Palou\" target=\"_blank\"><img loading=\"lazy\" decoding=\"async\" width=\"150\" height=\"150\" src=\"https:\/\/congresos.unlp.edu.ar\/cabtp2023\/wp-content\/uploads\/sites\/56\/2022\/09\/Dr.-Palou-150x150.jpg\" class=\"image wp-image-611  attachment-thumbnail size-thumbnail\" alt=\"\" style=\"max-width: 100%; height: auto;\" \/><\/a><p class=\"wp-caption-text\">Dr. Llu\u00eds Palou. Instituto Valenciano de Investigaciones Agrarias. Espa\u00f1a<\/p><\/div><\/div><\/div><div id=\"pgc-192-0-2\"  class=\"panel-grid-cell\" ><div id=\"panel-192-0-2-0\" class=\"so-panel widget widget_media_image panel-first-child panel-last-child\" data-index=\"2\" ><div style=\"width: 160px\" class=\"wp-caption alignnone\"><a href=\"https:\/\/www.researchgate.net\/profile\/Maria-Amodio\" target=\"_blank\"><img loading=\"lazy\" decoding=\"async\" width=\"150\" height=\"150\" src=\"https:\/\/congresos.unlp.edu.ar\/cabtp2023\/wp-content\/uploads\/sites\/56\/2022\/08\/Maria-Amodio-150x150.jpg\" class=\"image wp-image-237  attachment-thumbnail size-thumbnail\" alt=\"\" style=\"max-width: 100%; height: auto;\" srcset=\"https:\/\/congresos.unlp.edu.ar\/cabtp2023\/wp-content\/uploads\/sites\/56\/2022\/08\/Maria-Amodio-150x150.jpg 150w, https:\/\/congresos.unlp.edu.ar\/cabtp2023\/wp-content\/uploads\/sites\/56\/2022\/08\/Maria-Amodio-300x300.jpg 300w, https:\/\/congresos.unlp.edu.ar\/cabtp2023\/wp-content\/uploads\/sites\/56\/2022\/08\/Maria-Amodio-e1659635683786.jpg 90w\" sizes=\"auto, (max-width: 150px) 100vw, 150px\" \/><\/a><p class=\"wp-caption-text\">Dra. Mar\u00eda Luisa Amodio. Universidad de Foggia. Italia.<\/p><\/div><\/div><\/div><\/div><div id=\"pg-192-1\"  class=\"panel-grid panel-no-style\" ><div id=\"pgc-192-1-0\"  class=\"panel-grid-cell\" ><div id=\"panel-192-1-0-0\" class=\"so-panel widget widget_media_image panel-first-child panel-last-child\" data-index=\"3\" ><div style=\"width: 160px\" class=\"wp-caption alignnone\"><a href=\"https:\/\/www.researchgate.net\/profile\/Marie-Charles-9\" target=\"_blank\"><img loading=\"lazy\" decoding=\"async\" width=\"150\" height=\"150\" src=\"https:\/\/congresos.unlp.edu.ar\/cabtp2023\/wp-content\/uploads\/sites\/56\/2022\/08\/Marie-Charles-9-150x150.jpg\" class=\"image wp-image-236  attachment-thumbnail size-thumbnail\" alt=\"\" style=\"max-width: 100%; height: auto;\" srcset=\"https:\/\/congresos.unlp.edu.ar\/cabtp2023\/wp-content\/uploads\/sites\/56\/2022\/08\/Marie-Charles-9-150x150.jpg 150w, https:\/\/congresos.unlp.edu.ar\/cabtp2023\/wp-content\/uploads\/sites\/56\/2022\/08\/Marie-Charles-9-300x300.jpg 300w, https:\/\/congresos.unlp.edu.ar\/cabtp2023\/wp-content\/uploads\/sites\/56\/2022\/08\/Marie-Charles-9-e1659635702208.jpg 90w\" sizes=\"auto, (max-width: 150px) 100vw, 150px\" \/><\/a><p class=\"wp-caption-text\">Dra. Marie Th\u00e9r\u00e8se Charles. Agriculture and Agri-Food Canada.<\/p><\/div><\/div><\/div><div id=\"pgc-192-1-1\"  class=\"panel-grid-cell panel-grid-cell-mobile-last\" ><div id=\"panel-192-1-1-0\" class=\"so-panel widget widget_media_image panel-first-child panel-last-child\" data-index=\"4\" ><div style=\"width: 160px\" class=\"wp-caption alignnone\"><a href=\"https:\/\/www.researchgate.net\/profile\/Noelia-Castillejo-2\" target=\"_blank\"><img loading=\"lazy\" decoding=\"async\" width=\"150\" height=\"150\" src=\"https:\/\/congresos.unlp.edu.ar\/cabtp2023\/wp-content\/uploads\/sites\/56\/2022\/09\/Dra.-Castillejo-150x150.jpg\" class=\"image wp-image-624  attachment-thumbnail size-thumbnail\" alt=\"\" style=\"max-width: 100%; height: auto;\" \/><\/a><p class=\"wp-caption-text\">Dra. Noelia Castillejo. Universidad Polit\u00e9cnica de Cartagena. Espa\u00f1a.<\/p><\/div><\/div><\/div><div id=\"pgc-192-1-2\"  class=\"panel-grid-cell panel-grid-cell-empty\" ><\/div><\/div><\/div>","protected":false},"excerpt":{"rendered":"<p>Dr. Daniel Valero. Universidad Miguel Hern\u00e1ndez de Elche. Espa\u00f1a.Dr. Llu\u00eds Palou. Instituto Valenciano de Investigaciones Agrarias. Espa\u00f1aDra. Mar\u00eda Luisa Amodio. Universidad de Foggia. Italia.Dra. Marie Th\u00e9r\u00e8se Charles. Agriculture and Agri-Food Canada.Dra. Noelia Castillejo. Universidad Polit\u00e9cnica de Cartagena. Espa\u00f1a.<\/p>\n","protected":false},"author":152,"featured_media":0,"parent":0,"menu_order":0,"comment_status":"closed","ping_status":"closed","template":"","meta":{"advgb_blocks_editor_width":"","advgb_blocks_columns_visual_guide":"","footnotes":""},"class_list":["post-192","page","type-page","status-publish","hentry","post"],"aioseo_notices":[],"coauthors":[],"author_meta":{"author_link":"https:\/\/congresos.unlp.edu.ar\/cabtp2023\/author\/mariajosezaro\/","display_name":"mariajosezaro"},"relative_dates":{"created":"Posted 4 a\u00f1os ago","modified":"Updated 3 a\u00f1os ago"},"absolute_dates":{"created":"Posted on 4 agosto, 2022","modified":"Updated on 13 julio, 2023"},"absolute_dates_time":{"created":"Posted on 4 agosto, 2022 10:01 am","modified":"Updated on 13 julio, 2023 11:53 am"},"featured_img_caption":"","featured_img":false,"series_order":"","_links":{"self":[{"href":"https:\/\/congresos.unlp.edu.ar\/cabtp2023\/wp-json\/wp\/v2\/pages\/192","targetHints":{"allow":["GET"]}}],"collection":[{"href":"https:\/\/congresos.unlp.edu.ar\/cabtp2023\/wp-json\/wp\/v2\/pages"}],"about":[{"href":"https:\/\/congresos.unlp.edu.ar\/cabtp2023\/wp-json\/wp\/v2\/types\/page"}],"author":[{"embeddable":true,"href":"https:\/\/congresos.unlp.edu.ar\/cabtp2023\/wp-json\/wp\/v2\/users\/152"}],"replies":[{"embeddable":true,"href":"https:\/\/congresos.unlp.edu.ar\/cabtp2023\/wp-json\/wp\/v2\/comments?post=192"}],"version-history":[{"count":0,"href":"https:\/\/congresos.unlp.edu.ar\/cabtp2023\/wp-json\/wp\/v2\/pages\/192\/revisions"}],"wp:attachment":[{"href":"https:\/\/congresos.unlp.edu.ar\/cabtp2023\/wp-json\/wp\/v2\/media?parent=192"}],"curies":[{"name":"wp","href":"https:\/\/api.w.org\/{rel}","templated":true}]}}

<div id="pl-192"  class="panel-layout" ><div id="pg-192-0"  class="panel-grid panel-no-style" ><div id="pgc-192-0-0"  class="panel-grid-cell" ><div id="panel-192-0-0-0" class="so-panel widget widget_media_image panel-first-child panel-last-child" data-index="0" ><div style="width: 160px" class="wp-caption alignnone"><a href="https://www.researchgate.net/profile/Daniel-Valero-2" target="_blank"><img loading="lazy" decoding="async" width="150" height="150" src="https://congresos.unlp.edu.ar/cabtp2023/wp-content/uploads/sites/56/2022/08/Daniel-Valero-150x150.jpg" class="image wp-image-239  attachment-thumbnail size-thumbnail" alt="" style="max-width: 100%; height: auto;" srcset="https://congresos.unlp.edu.ar/cabtp2023/wp-content/uploads/sites/56/2022/08/Daniel-Valero-150x150.jpg 150w, https://congresos.unlp.edu.ar/cabtp2023/wp-content/uploads/sites/56/2022/08/Daniel-Valero-e1659635608370.jpg 90w" sizes="auto, (max-width: 150px) 100vw, 150px" /></a><p class="wp-caption-text">Dr. Daniel Valero. Universidad Miguel Hernández de Elche. España.</p></div></div></div><div id="pgc-192-0-1"  class="panel-grid-cell" ><div id="panel-192-0-1-0" class="so-panel widget widget_media_image panel-first-child panel-last-child" data-index="1" ><div style="width: 160px" class="wp-caption alignnone"><a href="https://www.researchgate.net/profile/Lluis-Palou" target="_blank"><img loading="lazy" decoding="async" width="150" height="150" src="https://congresos.unlp.edu.ar/cabtp2023/wp-content/uploads/sites/56/2022/09/Dr.-Palou-150x150.jpg" class="image wp-image-611  attachment-thumbnail size-thumbnail" alt="" style="max-width: 100%; height: auto;" /></a><p class="wp-caption-text">Dr. Lluís Palou. Instituto Valenciano de Investigaciones Agrarias. España</p></div></div></div><div id="pgc-192-0-2"  class="panel-grid-cell" ><div id="panel-192-0-2-0" class="so-panel widget widget_media_image panel-first-child panel-last-child" data-index="2" ><div style="width: 160px" class="wp-caption alignnone"><a href="https://www.researchgate.net/profile/Maria-Amodio" target="_blank"><img loading="lazy" decoding="async" width="150" height="150" src="https://congresos.unlp.edu.ar/cabtp2023/wp-content/uploads/sites/56/2022/08/Maria-Amodio-150x150.jpg" class="image wp-image-237  attachment-thumbnail size-thumbnail" alt="" style="max-width: 100%; height: auto;" srcset="https://congresos.unlp.edu.ar/cabtp2023/wp-content/uploads/sites/56/2022/08/Maria-Amodio-150x150.jpg 150w, https://congresos.unlp.edu.ar/cabtp2023/wp-content/uploads/sites/56/2022/08/Maria-Amodio-300x300.jpg 300w, https://congresos.unlp.edu.ar/cabtp2023/wp-content/uploads/sites/56/2022/08/Maria-Amodio-e1659635683786.jpg 90w" sizes="auto, (max-width: 150px) 100vw, 150px" /></a><p class="wp-caption-text">Dra. María Luisa Amodio. Universidad de Foggia. Italia.</p></div></div></div></div><div id="pg-192-1"  class="panel-grid panel-no-style" ><div id="pgc-192-1-0"  class="panel-grid-cell" ><div id="panel-192-1-0-0" class="so-panel widget widget_media_image panel-first-child panel-last-child" data-index="3" ><div style="width: 160px" class="wp-caption alignnone"><a href="https://www.researchgate.net/profile/Marie-Charles-9" target="_blank"><img loading="lazy" decoding="async" width="150" height="150" src="https://congresos.unlp.edu.ar/cabtp2023/wp-content/uploads/sites/56/2022/08/Marie-Charles-9-150x150.jpg" class="image wp-image-236  attachment-thumbnail size-thumbnail" alt="" style="max-width: 100%; height: auto;" srcset="https://congresos.unlp.edu.ar/cabtp2023/wp-content/uploads/sites/56/2022/08/Marie-Charles-9-150x150.jpg 150w, https://congresos.unlp.edu.ar/cabtp2023/wp-content/uploads/sites/56/2022/08/Marie-Charles-9-300x300.jpg 300w, https://congresos.unlp.edu.ar/cabtp2023/wp-content/uploads/sites/56/2022/08/Marie-Charles-9-e1659635702208.jpg 90w" sizes="auto, (max-width: 150px) 100vw, 150px" /></a><p class="wp-caption-text">Dra. Marie Thérèse Charles. Agriculture and Agri-Food Canada.</p></div></div></div><div id="pgc-192-1-1"  class="panel-grid-cell panel-grid-cell-mobile-last" ><div id="panel-192-1-1-0" class="so-panel widget widget_media_image panel-first-child panel-last-child" data-index="4" ><div style="width: 160px" class="wp-caption alignnone"><a href="https://www.researchgate.net/profile/Noelia-Castillejo-2" target="_blank"><img loading="lazy" decoding="async" width="150" height="150" src="https://congresos.unlp.edu.ar/cabtp2023/wp-content/uploads/sites/56/2022/09/Dra.-Castillejo-150x150.jpg" class="image wp-image-624  attachment-thumbnail size-thumbnail" alt="" style="max-width: 100%; height: auto;" /></a><p class="wp-caption-text">Dra. Noelia Castillejo. Universidad Politécnica de Cartagena. España.</p></div></div></div><div id="pgc-192-1-2"  class="panel-grid-cell panel-grid-cell-empty" ></div></div></div>

<p>Dr. Daniel Valero. Universidad Miguel Hernández de Elche. España.Dr. Lluís Palou. Instituto Valenciano de Investigaciones Agrarias. EspañaDra. María Luisa Amodio. Universidad de Foggia. Italia.Dra. Marie Thérèse Charles. Agriculture and Agri-Food Canada.Dra. Noelia Castillejo. Universidad Politécnica de Cartagena. España.</p>

Posted 4 años ago

Updated 3 años ago
