{"id":18,"date":"2024-03-22T11:29:47","date_gmt":"2024-03-22T14:29:47","guid":{"rendered":"https:\/\/congresos.unlp.edu.ar\/aacr2024\/?page_id=18"},"modified":"2024-11-01T16:07:32","modified_gmt":"2024-11-01T19:07:32","slug":"informacion-general","status":"publish","type":"page","link":"https:\/\/congresos.unlp.edu.ar\/aacr2024\/informacion-general\/","title":{"rendered":"Informaci\u00f3n general"},"content":{"rendered":"<div id=\"pl-18\"  class=\"panel-layout\" ><div id=\"pg-18-0\"  class=\"panel-grid panel-no-style\" ><div id=\"pgc-18-0-0\"  class=\"panel-grid-cell\" ><div id=\"panel-18-0-0-0\" class=\"so-panel widget widget_sow-editor panel-first-child panel-last-child\" data-index=\"0\" ><div\n\t\t\t\n\t\t\tclass=\"so-widget-sow-editor so-widget-sow-editor-base\"\n\t\t\t\n\t\t>\n<div class=\"siteorigin-widget-tinymce textwidget\">\n\t<p style=\"text-align: center\"><b><span data-contrast=\"auto\">XV ESCUELA DE LA AACr<\/span><\/b><\/p>\n<p style=\"text-align: center\"><strong><em>\u201cCristalograf\u00eda b\u00e1sica y t\u00e9cnicas basadas en rayos X <\/em><\/strong><\/p>\n<p style=\"text-align: center\"><strong><em>(difracci\u00f3n, dispersi\u00f3n y absorci\u00f3n)\u201d<\/em><\/strong><\/p>\n<p style=\"text-align: center\"><span data-contrast=\"auto\">11 al 15 d<\/span><span data-contrast=\"auto\">e noviembre de 2024 - La Plata, Argentina.<\/span><\/p>\n<p><span style=\"font-weight: 400\">La AACr invita a participar de su XV Escuela a profesionales de las \u00e1reas en Ciencias Exactas y Naturales, estudiantes de Posgrado y j\u00f3venes investigadores con conocimientos previos de cristalograf\u00eda y difracci\u00f3n.<\/span><\/p>\n<p><span style=\"font-weight: 400\">Se est\u00e1 tramitando la validaci\u00f3n de la Escuela como Curso de Posgrado de la Facultad de Ciencias Exactas de la UNLP. Los interesados en obtener certificado expedido por el Departamento de Posgrado, deber\u00e1n estar realizando una carrera de posgrado (en una instituci\u00f3n nacional o del extranjero) o, en su defecto, poseer t\u00edtulo de grado en Ciencias Exactas o Naturales (f\u00edsica, qu\u00edmica, geolog\u00eda, ingenier\u00edas, etc.).<\/span><\/p>\n<p><span style=\"font-weight: 400\">L<\/span><span style=\"font-weight: 400\">os interesados deber\u00e1n enviar un Curr\u00edculum Vitae, una carta de motivaci\u00f3n que demuestre su inter\u00e9s en realizar la Escuela y una carta de recomendaci\u00f3n de su director\/a o jefe de \u00e1rea, a trav\u00e9s del formulario de preinscripci\u00f3n.<\/span><\/p>\n<p><span style=\"font-weight: 400\">Lugar: Aula 2, Instituto de F\u00edsica La Plata (IFLP, CONICET-UNLP). Diagonal 113 entre 63 y 64, La Plata, Buenos Aires, Argentina<\/span><\/p>\n<p><span style=\"font-weight: 400\">Duraci\u00f3n: 40 horas<\/span><\/p>\n<p><span style=\"font-weight: 400\">Modalidad: Presencial<\/span><\/p>\n<p>&nbsp;<\/p>\n<p><span style=\"font-weight: 400\">DOCENTES:<\/span><\/p>\n<p><span style=\"font-weight: 400\">Dr. Gustavo Echeverria IFLP (CONICET-UNLP) (Docente responsable).<\/span><\/p>\n<p><span style=\"font-weight: 400\">Dra. Ana Bianchi FI (UNLP)<\/span><\/p>\n<p><span style=\"font-weight: 400\">Dr. Javier Ellena IFSC (USP, Brasil)<\/span><\/p>\n<p><span style=\"font-weight: 400\">Lic. Maria Susana Conconi FCEx- CETMIC (UNLP)<\/span><\/p>\n<p><span style=\"font-weight: 400\">Dr. Jos\u00e9 Mart\u00edn Ramallo-L\u00f3pez INIFTA\u00a0 (UNLP-CONICET)<\/span><\/p>\n<p>&nbsp;<\/p>\n<p>Contacto: eaacr2024@gmail.com<\/p>\n<div id=\"kpm-root\" class=\"kpm_LTR notranslate\"><\/div>\n<\/div>\n<\/div><\/div><\/div><\/div><\/div>","protected":false},"excerpt":{"rendered":"<p>XV ESCUELA DE LA AACr \u201cCristalograf\u00eda b\u00e1sica y t\u00e9cnicas basadas en rayos X (difracci\u00f3n, dispersi\u00f3n y absorci\u00f3n)\u201d 11 al 15 de noviembre de 2024 &#8211; La Plata, Argentina. La AACr invita a participar de su XV Escuela a profesionales de las \u00e1reas en Ciencias Exactas y Naturales, estudiantes de Posgrado y j\u00f3venes investigadores con conocimientos [&hellip;]<\/p>\n","protected":false},"author":202,"featured_media":0,"parent":0,"menu_order":0,"comment_status":"closed","ping_status":"closed","template":"","meta":{"advgb_blocks_editor_width":"","advgb_blocks_columns_visual_guide":"","footnotes":""},"class_list":["post-18","page","type-page","status-publish","hentry","post"],"aioseo_notices":[],"coauthors":[],"author_meta":{"author_link":"https:\/\/congresos.unlp.edu.ar\/aacr2024\/author\/ssoler\/","display_name":"ssoler"},"relative_dates":{"created":"Posted 2 a\u00f1os ago","modified":"Updated 1 a\u00f1o ago"},"absolute_dates":{"created":"Posted on 22 marzo, 2024","modified":"Updated on 1 noviembre, 2024"},"absolute_dates_time":{"created":"Posted on 22 marzo, 2024 11:29 am","modified":"Updated on 1 noviembre, 2024 4:07 pm"},"featured_img_caption":"","featured_img":false,"series_order":"","_links":{"self":[{"href":"https:\/\/congresos.unlp.edu.ar\/aacr2024\/wp-json\/wp\/v2\/pages\/18","targetHints":{"allow":["GET"]}}],"collection":[{"href":"https:\/\/congresos.unlp.edu.ar\/aacr2024\/wp-json\/wp\/v2\/pages"}],"about":[{"href":"https:\/\/congresos.unlp.edu.ar\/aacr2024\/wp-json\/wp\/v2\/types\/page"}],"author":[{"embeddable":true,"href":"https:\/\/congresos.unlp.edu.ar\/aacr2024\/wp-json\/wp\/v2\/users\/202"}],"replies":[{"embeddable":true,"href":"https:\/\/congresos.unlp.edu.ar\/aacr2024\/wp-json\/wp\/v2\/comments?post=18"}],"version-history":[{"count":0,"href":"https:\/\/congresos.unlp.edu.ar\/aacr2024\/wp-json\/wp\/v2\/pages\/18\/revisions"}],"wp:attachment":[{"href":"https:\/\/congresos.unlp.edu.ar\/aacr2024\/wp-json\/wp\/v2\/media?parent=18"}],"curies":[{"name":"wp","href":"https:\/\/api.w.org\/{rel}","templated":true}]}}