{"id":17,"date":"2024-03-22T11:29:47","date_gmt":"2024-03-22T14:29:47","guid":{"rendered":"https:\/\/congresos.unlp.edu.ar\/aacr2024\/?page_id=17"},"modified":"2024-06-14T13:29:50","modified_gmt":"2024-06-14T16:29:50","slug":"taller","status":"publish","type":"page","link":"https:\/\/congresos.unlp.edu.ar\/aacr2024\/taller\/","title":{"rendered":"TALLER"},"content":{"rendered":"<p style=\"text-align: center\"><strong>XII TALLER DE LA\u00a0 AACr<\/strong><\/p>\n<p style=\"text-align: center\"><strong><em>\u201cAvances en t\u00e9cnicas cristalogr\u00e1ficas para el<br \/>\nestudio de materiales para la energ\u00eda\u201d<\/em><\/strong><\/p>\n<p style=\"text-align: center\">Sesi\u00f3n especial 8 de noviembre de 2024, de 8.30 a 13.00 hs.<\/p>\n<p><span data-ccp-props=\"{&quot;201341983&quot;:0,&quot;335551550&quot;:6,&quot;335551620&quot;:6,&quot;335559739&quot;:160,&quot;335559740&quot;:259,&quot;469777462&quot;:[450],&quot;469777927&quot;:[0],&quot;469777928&quot;:[1]}\">\u00a0<\/span><\/p>\n<p><strong>COORDINADORES\u00a0 LOCALES<\/strong><\/p>\n<p>Karina Irvicelli (Y-TEC)<br \/>\nMariano Cippollone (Y-TEC)<br \/>\nSusana Conconi (CETMIC &#8211; UNLP)<\/p>\n<p>&nbsp;<\/p>\n<p><strong>OBJETIVOS<\/strong><\/p>\n<ul>\n<li>Generar la interrelaci\u00f3n entre investigadores que trabajan en distintas t\u00e9cnicas cristalogr\u00e1ficas aplicadas al estudio de materiales para dispositivos de generaci\u00f3n o almacenamiento de energ\u00eda.<\/li>\n<li>Fortalecer la formaci\u00f3n de recursos humanos en este campo a trav\u00e9s de la difusi\u00f3n de actividades de investigaci\u00f3n en Argentina y en el exterior.<\/li>\n<li>Promover la cooperaci\u00f3n entre los participantes del Taller, que redunde en un impulso para la investigaci\u00f3n en el \u00e1rea de Ciencia de Materiales para la energ\u00eda (y relacionadas) en nuestro pa\u00eds.<\/li>\n<\/ul>\n<p>&nbsp;<\/p>\n<p><strong>MODALIDAD<\/strong><\/p>\n<p>La modalidad del Taller consistir\u00e1 en conferencias, presentaciones de trabajos en forma oral.<\/p>\n<p>&nbsp;<\/p>\n<p><strong>PERSONAS DESTINATARIAS<\/strong><\/p>\n<p>Investigadores\/as, profesionales y estudiantes de diferentes disciplinas con inter\u00e9s en las posibilidades ofrecidas por las diversas t\u00e9cnicas cristalogr\u00e1ficas para el estudio de materiales utilizados en dispositivos de generaci\u00f3n o almacenamiento de energ\u00eda.<\/p>\n<p>&nbsp;<\/p>\n<p><strong>CONFERENCISTAS CONFIRMADOS<\/strong><\/p>\n<p>Mar\u00eda Jos\u00e9 Bentabol Manzanares (Facultad de Ciencias, Universidad de M\u00e1laga, Espa\u00f1a) (modalidad a distancia)<br \/>\nMarisa A. Frechero (INQUISUR, CCT CONICET BAHIA BLANCA, Argentina)<br \/>\nJos\u00e9 Mart\u00edn Ramallo L\u00f3pez (INIFTA, UNLP-CONICET, Argentina)<\/p>\n<div id=\"kpm-root\" class=\"kpm_LTR notranslate\"><\/div>\n","protected":false},"excerpt":{"rendered":"<p>XII TALLER DE LA\u00a0 AACr \u201cAvances en t\u00e9cnicas cristalogr\u00e1ficas para el estudio de materiales para la energ\u00eda\u201d Sesi\u00f3n especial 8 de noviembre de 2024, de 8.30 a 13.00 hs. \u00a0 COORDINADORES\u00a0 LOCALES Karina Irvicelli (Y-TEC) Mariano Cippollone (Y-TEC) Susana Conconi (CETMIC &#8211; UNLP) &nbsp; OBJETIVOS Generar la interrelaci\u00f3n entre investigadores que trabajan en distintas t\u00e9cnicas [&hellip;]<\/p>\n","protected":false},"author":202,"featured_media":0,"parent":0,"menu_order":0,"comment_status":"closed","ping_status":"closed","template":"","meta":{"advgb_blocks_editor_width":"","advgb_blocks_columns_visual_guide":"","footnotes":""},"class_list":["post-17","page","type-page","status-publish","hentry","post"],"aioseo_notices":[],"coauthors":[],"author_meta":{"author_link":"https:\/\/congresos.unlp.edu.ar\/aacr2024\/author\/ssoler\/","display_name":"ssoler"},"relative_dates":{"created":"Posted 2 a\u00f1os ago","modified":"Updated 2 a\u00f1os ago"},"absolute_dates":{"created":"Posted on 22 marzo, 2024","modified":"Updated on 14 junio, 2024"},"absolute_dates_time":{"created":"Posted on 22 marzo, 2024 11:29 am","modified":"Updated on 14 junio, 2024 1:29 pm"},"featured_img_caption":"","featured_img":false,"series_order":"","_links":{"self":[{"href":"https:\/\/congresos.unlp.edu.ar\/aacr2024\/wp-json\/wp\/v2\/pages\/17","targetHints":{"allow":["GET"]}}],"collection":[{"href":"https:\/\/congresos.unlp.edu.ar\/aacr2024\/wp-json\/wp\/v2\/pages"}],"about":[{"href":"https:\/\/congresos.unlp.edu.ar\/aacr2024\/wp-json\/wp\/v2\/types\/page"}],"author":[{"embeddable":true,"href":"https:\/\/congresos.unlp.edu.ar\/aacr2024\/wp-json\/wp\/v2\/users\/202"}],"replies":[{"embeddable":true,"href":"https:\/\/congresos.unlp.edu.ar\/aacr2024\/wp-json\/wp\/v2\/comments?post=17"}],"version-history":[{"count":0,"href":"https:\/\/congresos.unlp.edu.ar\/aacr2024\/wp-json\/wp\/v2\/pages\/17\/revisions"}],"wp:attachment":[{"href":"https:\/\/congresos.unlp.edu.ar\/aacr2024\/wp-json\/wp\/v2\/media?parent=17"}],"curies":[{"name":"wp","href":"https:\/\/api.w.org\/{rel}","templated":true}]}}