{"id":145,"date":"2024-04-04T08:30:15","date_gmt":"2024-04-04T11:30:15","guid":{"rendered":"https:\/\/congresos.unlp.edu.ar\/aacr2024\/?page_id=145"},"modified":"2024-08-16T14:36:58","modified_gmt":"2024-08-16T17:36:58","slug":"envio-de-resumenes","status":"publish","type":"page","link":"https:\/\/congresos.unlp.edu.ar\/aacr2024\/envio-de-resumenes\/","title":{"rendered":"Trabajos"},"content":{"rendered":"<div id=\"pl-145\"  class=\"panel-layout\" ><div id=\"pg-145-0\"  class=\"panel-grid panel-no-style\" ><div id=\"pgc-145-0-0\"  class=\"panel-grid-cell\" ><div id=\"panel-145-0-0-0\" class=\"so-panel widget widget_sow-editor panel-first-child panel-last-child\" data-index=\"0\" ><div\n\t\t\t\n\t\t\tclass=\"so-widget-sow-editor so-widget-sow-editor-base\"\n\t\t\t\n\t\t>\n<div class=\"siteorigin-widget-tinymce textwidget\">\n\t<p><span style=\"font-weight: 400\">Los res\u00famenes de trabajos para presentar en la XIX Reuni\u00f3n Anual de la Asociaci\u00f3n Argentina de Cristalograf\u00eda deber\u00e1n enviarse a trav\u00e9s del sistema OJS (Open Journal Systems adaptado), al <\/span>cual se puede acceder a trav\u00e9s del siguiente enlace:<\/p>\n<p style=\"text-align: center\"><a href=\"https:\/\/backend.congresos.unlp.edu.ar\/index.php\/aacr2024\" target=\"_blank\" rel=\"noopener\">https:\/\/backend.congresos.unlp.edu.ar\/index.php\/aacr2024<\/a><\/p>\n<p><span style=\"font-weight: 400\">El\/la autor\/a deber\u00e1 registrarse en el sistema creando una cuenta de usuario para poder cargar su resumen. Durante la carga le ser\u00e1n solicitados los nombres de los\/las coautores\/ras, si hubiera. S\u00f3lo se aceptar\u00e1n dos (2) res\u00famenes por autor\/a, sea en forma individual o en coautor\u00eda.\u00a0<\/span><\/p>\n<p><span style=\"font-weight: 400\">Se adjunta la plantilla para la escritura del trabajo y un instructivo como gu\u00eda para su env\u00edo.<\/span><\/p>\n<p><strong>Fecha l\u00edmite presentaci\u00f3n de res\u00famenes 31 de julio de 2024 (\u00faltima pr\u00f3rroga: 23 de agosto)<\/strong><\/p>\n<\/div>\n<\/div><\/div><\/div><\/div><div id=\"pg-145-1\"  class=\"panel-grid panel-no-style\" ><div id=\"pgc-145-1-0\"  class=\"panel-grid-cell\" ><div id=\"panel-145-1-0-0\" class=\"so-panel widget widget_circleicon-widget panel-first-child panel-last-child\" data-index=\"1\" >\t\t<div class=\"circle-icon-box circle-icon-position-top circle-icon-hide-box circle-icon-size-small \">\n\t\t\t\t\t\t\t<div class=\"circle-icon-wrapper\">\n\t\t\t\t\t\t\t\t\t\t<a href=\"https:\/\/docs.google.com\/document\/d\/16WyEW5_LQF6BvqQLkh1dIRv-qX5-RBIW\/edit#heading=h.gjdgxs\" class=\"link-icon\" target=\"_blank\">\t\t\t\t\t<div class=\"circle-icon icon-style-set\" style=\"background-color: #64add2\">\n\t\t\t\t\t\t\t\t\t\t\t\t\t<div\n\t\t\t\t\t\t\t\tclass=\"fa fa-file-pdf-o  icon-style-set\"\n\t\t\t\t\t\t\t\tstyle=\"color: #ffffff\"\t\t\t\t\t\t\t><\/div>\n\t\t\t\t\t\t\t\t\t\t\t<\/div>\n\t\t\t\t\t<\/a>\t\t\t\t<\/div>\n\t\t\t\n\t\t\t\t\t\t\t<a\n\t\t\t\t\thref=\"https:\/\/docs.google.com\/document\/d\/16WyEW5_LQF6BvqQLkh1dIRv-qX5-RBIW\/edit#heading=h.gjdgxs\"\n\t\t\t\t\tclass=\"link-title\" target=&quot;_blank&quot;\t\t\t\t>\n\t\t\t\t\t\t\t\t\t\t\t\t\t<\/a>\n\t\t\t\n\t\t\t\t\t\t\t\t\t\t<a\n\t\t\t\t\thref=\"https:\/\/docs.google.com\/document\/d\/16WyEW5_LQF6BvqQLkh1dIRv-qX5-RBIW\/edit#heading=h.gjdgxs\"\n\t\t\t\t\tclass=\"more-button\"\n\t\t\t\t\ttarget=&quot;_blank&quot;\t\t\t\t>\n\t\t\t\t\tPlantilla resumen\t\t\t\t\t<i><\/i>\n\t\t\t\t<\/a>\n\t\t\t\t\t<\/div>\n\t\t<\/div><\/div><div id=\"pgc-145-1-1\"  class=\"panel-grid-cell\" ><div id=\"panel-145-1-1-0\" class=\"so-panel widget widget_circleicon-widget panel-first-child panel-last-child\" data-index=\"2\" >\t\t<div class=\"circle-icon-box circle-icon-position-top circle-icon-hide-box circle-icon-size-small \">\n\t\t\t\t\t\t\t<div class=\"circle-icon-wrapper\">\n\t\t\t\t\t\t\t\t\t\t<a href=\"http:\/\/congresos.unlp.edu.ar\/aacr2024\/wp-content\/uploads\/sites\/85\/2024\/05\/Instrucctivo-para-el-envio-de-resumenes-AACr-2024.pdf\" class=\"link-icon\" target=\"_blank\">\t\t\t\t\t<div class=\"circle-icon icon-style-set\" style=\"background-color: #64add2\">\n\t\t\t\t\t\t\t\t\t\t\t\t\t<div\n\t\t\t\t\t\t\t\tclass=\"fa fa-file-pdf-o  icon-style-set\"\n\t\t\t\t\t\t\t\tstyle=\"color: #ffffff\"\t\t\t\t\t\t\t><\/div>\n\t\t\t\t\t\t\t\t\t\t\t<\/div>\n\t\t\t\t\t<\/a>\t\t\t\t<\/div>\n\t\t\t\n\t\t\t\t\t\t\t<a\n\t\t\t\t\thref=\"http:\/\/congresos.unlp.edu.ar\/aacr2024\/wp-content\/uploads\/sites\/85\/2024\/05\/Instrucctivo-para-el-envio-de-resumenes-AACr-2024.pdf\"\n\t\t\t\t\tclass=\"link-title\" target=&quot;_blank&quot;\t\t\t\t>\n\t\t\t\t\t\t\t\t\t\t\t\t\t<\/a>\n\t\t\t\n\t\t\t\t\t\t\t\t\t\t<a\n\t\t\t\t\thref=\"http:\/\/congresos.unlp.edu.ar\/aacr2024\/wp-content\/uploads\/sites\/85\/2024\/05\/Instrucctivo-para-el-envio-de-resumenes-AACr-2024.pdf\"\n\t\t\t\t\tclass=\"more-button\"\n\t\t\t\t\ttarget=&quot;_blank&quot;\t\t\t\t>\n\t\t\t\t\tInstructivo para el env\u00edo del resumen\t\t\t\t\t<i><\/i>\n\t\t\t\t<\/a>\n\t\t\t\t\t<\/div>\n\t\t<\/div><\/div><\/div><\/div>","protected":false},"excerpt":{"rendered":"<p>Los res\u00famenes de trabajos para presentar en la XIX Reuni\u00f3n Anual de la Asociaci\u00f3n Argentina de Cristalograf\u00eda deber\u00e1n enviarse a trav\u00e9s del sistema OJS (Open Journal Systems adaptado), al cual se puede acceder a trav\u00e9s del siguiente enlace: https:\/\/backend.congresos.unlp.edu.ar\/index.php\/aacr2024 El\/la autor\/a deber\u00e1 registrarse en el sistema creando una cuenta de usuario para poder cargar su [&hellip;]<\/p>\n","protected":false},"author":69,"featured_media":0,"parent":0,"menu_order":0,"comment_status":"closed","ping_status":"closed","template":"","meta":{"advgb_blocks_editor_width":"","advgb_blocks_columns_visual_guide":"","footnotes":""},"class_list":["post-145","page","type-page","status-publish","hentry","post"],"aioseo_notices":[],"coauthors":[],"author_meta":{"author_link":"https:\/\/congresos.unlp.edu.ar\/aacr2024\/author\/mslegnoverde\/","display_name":"mslegnoverde"},"relative_dates":{"created":"Posted 2 a\u00f1os ago","modified":"Updated 2 a\u00f1os ago"},"absolute_dates":{"created":"Posted on 4 abril, 2024","modified":"Updated on 16 agosto, 2024"},"absolute_dates_time":{"created":"Posted on 4 abril, 2024 8:30 am","modified":"Updated on 16 agosto, 2024 2:36 pm"},"featured_img_caption":"","featured_img":false,"series_order":"","_links":{"self":[{"href":"https:\/\/congresos.unlp.edu.ar\/aacr2024\/wp-json\/wp\/v2\/pages\/145","targetHints":{"allow":["GET"]}}],"collection":[{"href":"https:\/\/congresos.unlp.edu.ar\/aacr2024\/wp-json\/wp\/v2\/pages"}],"about":[{"href":"https:\/\/congresos.unlp.edu.ar\/aacr2024\/wp-json\/wp\/v2\/types\/page"}],"author":[{"embeddable":true,"href":"https:\/\/congresos.unlp.edu.ar\/aacr2024\/wp-json\/wp\/v2\/users\/69"}],"replies":[{"embeddable":true,"href":"https:\/\/congresos.unlp.edu.ar\/aacr2024\/wp-json\/wp\/v2\/comments?post=145"}],"version-history":[{"count":0,"href":"https:\/\/congresos.unlp.edu.ar\/aacr2024\/wp-json\/wp\/v2\/pages\/145\/revisions"}],"wp:attachment":[{"href":"https:\/\/congresos.unlp.edu.ar\/aacr2024\/wp-json\/wp\/v2\/media?parent=145"}],"curies":[{"name":"wp","href":"https:\/\/api.w.org\/{rel}","templated":true}]}}