{"id":13,"date":"2024-03-22T11:29:47","date_gmt":"2024-03-22T14:29:47","guid":{"rendered":"https:\/\/congresos.unlp.edu.ar\/aacr2024\/?page_id=13"},"modified":"2024-09-25T10:24:03","modified_gmt":"2024-09-25T13:24:03","slug":"fechas-importantes","status":"publish","type":"page","link":"https:\/\/congresos.unlp.edu.ar\/aacr2024\/fechas-importantes\/","title":{"rendered":"Fechas importantes"},"content":{"rendered":"<div id=\"pl-13\"  class=\"panel-layout\" ><div id=\"pg-13-0\"  class=\"panel-grid panel-no-style\" ><div id=\"pgc-13-0-0\"  class=\"panel-grid-cell panel-grid-cell-mobile-last\" ><div id=\"panel-13-0-0-0\" class=\"so-panel widget widget_sow-editor panel-first-child panel-last-child\" data-index=\"0\" ><div class=\"panel-widget-style panel-widget-style-for-13-0-0-0\" ><div\n\t\t\t\n\t\t\tclass=\"so-widget-sow-editor so-widget-sow-editor-base\"\n\t\t\t\n\t\t>\n<div class=\"siteorigin-widget-tinymce textwidget\">\n\t<table style=\"border: 1px solid black;border-collapse: collapse;height: 212px\" width=\"650\">\n<tbody>\n<tr>\n<td style=\"border: 1px solid black;padding: 10px\" width=\"100\"><span style=\"color: #000000\">Fecha l\u00edmite para la presentaci\u00f3n de trabajos<\/span><\/td>\n<td style=\"border: 1px solid black;text-align: center\" width=\"350\"><strong><em><span style=\"color: #993300\">23 de agosto de 2024 (\u00faltima pr\u00f3rroga)<\/span><\/em><\/strong><\/td>\n<\/tr>\n<tr>\n<td style=\"border: 1px solid black;padding: 10px\" width=\"300\"><span style=\"color: #000000\">Fecha l\u00edmite para pago anticipado<\/span><\/td>\n<td style=\"border: 1px solid black;text-align: center\" width=\"350\"><span style=\"color: #000000\">31 de agosto de 2024<\/span><\/td>\n<\/tr>\n<tr>\n<td style=\"border: 1px solid black;padding: 10px\" width=\"300\"><span style=\"color: #000000\">Fecha de la XIX Reuni\u00f3n Anual de la AACr<\/span><\/td>\n<td style=\"border: 1px solid black;text-align: center\" width=\"350\"><span style=\"color: #000000\">6 al 8 de noviembre 2024<\/span><\/td>\n<\/tr>\n<tr>\n<td style=\"border: 1px solid black;padding: 10px\" width=\"300\"><span style=\"color: #000000\">XII Taller de la AACr<\/span><\/td>\n<td style=\"border: 1px solid black;text-align: center\" width=\"350\"><span style=\"color: #000000\">8 de noviembre 2024<\/span><\/td>\n<\/tr>\n<tr>\n<td style=\"border: 1px solid black;padding: 10px\" width=\"300\"><span style=\"color: #000000\">Fecha de la XV Escuela de la AACr<\/span><\/td>\n<td style=\"border: 1px solid black;text-align: center\" width=\"350\"><span style=\"color: #000000\">11 al 15 de noviembre de 2024<\/span><\/td>\n<\/tr>\n<\/tbody>\n<\/table>\n<div id=\"kpm-root\" class=\"kpm_LTR notranslate\"><\/div>\n<\/div>\n<\/div><\/div><\/div><\/div><div id=\"pgc-13-0-1\"  class=\"panel-grid-cell panel-grid-cell-empty\" ><\/div><\/div><\/div>","protected":false},"excerpt":{"rendered":"<p>Fecha l\u00edmite para la presentaci\u00f3n de trabajos 23 de agosto de 2024 (\u00faltima pr\u00f3rroga) Fecha l\u00edmite para pago anticipado 31 de agosto de 2024 Fecha de la XIX Reuni\u00f3n Anual de la AACr 6 al 8 de noviembre 2024 XII Taller de la AACr 8 de noviembre 2024 Fecha de la XV Escuela de la [&hellip;]<\/p>\n","protected":false},"author":202,"featured_media":0,"parent":0,"menu_order":0,"comment_status":"closed","ping_status":"closed","template":"","meta":{"advgb_blocks_editor_width":"","advgb_blocks_columns_visual_guide":"","footnotes":""},"class_list":["post-13","page","type-page","status-publish","hentry","post"],"aioseo_notices":[],"coauthors":[],"author_meta":{"author_link":"https:\/\/congresos.unlp.edu.ar\/aacr2024\/author\/ssoler\/","display_name":"ssoler"},"relative_dates":{"created":"Posted 2 a\u00f1os ago","modified":"Updated 2 a\u00f1os ago"},"absolute_dates":{"created":"Posted on 22 marzo, 2024","modified":"Updated on 25 septiembre, 2024"},"absolute_dates_time":{"created":"Posted on 22 marzo, 2024 11:29 am","modified":"Updated on 25 septiembre, 2024 10:24 am"},"featured_img_caption":"","featured_img":false,"series_order":"","_links":{"self":[{"href":"https:\/\/congresos.unlp.edu.ar\/aacr2024\/wp-json\/wp\/v2\/pages\/13","targetHints":{"allow":["GET"]}}],"collection":[{"href":"https:\/\/congresos.unlp.edu.ar\/aacr2024\/wp-json\/wp\/v2\/pages"}],"about":[{"href":"https:\/\/congresos.unlp.edu.ar\/aacr2024\/wp-json\/wp\/v2\/types\/page"}],"author":[{"embeddable":true,"href":"https:\/\/congresos.unlp.edu.ar\/aacr2024\/wp-json\/wp\/v2\/users\/202"}],"replies":[{"embeddable":true,"href":"https:\/\/congresos.unlp.edu.ar\/aacr2024\/wp-json\/wp\/v2\/comments?post=13"}],"version-history":[{"count":0,"href":"https:\/\/congresos.unlp.edu.ar\/aacr2024\/wp-json\/wp\/v2\/pages\/13\/revisions"}],"wp:attachment":[{"href":"https:\/\/congresos.unlp.edu.ar\/aacr2024\/wp-json\/wp\/v2\/media?parent=13"}],"curies":[{"name":"wp","href":"https:\/\/api.w.org\/{rel}","templated":true}]}}